
CREATE DATABASE IF NOT EXISTS `vintage_batch` /*!40100 DEFAULT CHARACTER SET utf8mb4 COLLATE utf8mb4_unicode_ci */ /*!80016 DEFAULT ENCRYPTION='N' */;
USE `vintage_batch`;

CREATE TABLE IF NOT EXISTS `activity_log` (
  `id` bigint unsigned NOT NULL AUTO_INCREMENT,
  `log_name` varchar(255) CHARACTER SET utf8mb4 COLLATE utf8mb4_unicode_ci DEFAULT NULL,
  `description` text CHARACTER SET utf8mb4 COLLATE utf8mb4_unicode_ci NOT NULL,
  `subject_id` bigint unsigned DEFAULT NULL,
  `subject_type` varchar(255) CHARACTER SET utf8mb4 COLLATE utf8mb4_unicode_ci DEFAULT NULL,
  `causer_id` bigint unsigned DEFAULT NULL,
  `causer_type` varchar(255) CHARACTER SET utf8mb4 COLLATE utf8mb4_unicode_ci DEFAULT NULL,
  `properties` json DEFAULT NULL,
  `created_at` timestamp NULL DEFAULT NULL,
  `updated_at` timestamp NULL DEFAULT NULL,
  PRIMARY KEY (`id`),
  KEY `activity_log_log_name_index` (`log_name`),
  KEY `subject` (`subject_id`,`subject_type`),
  KEY `causer` (`causer_id`,`causer_type`)
) ENGINE=InnoDB AUTO_INCREMENT=12 DEFAULT CHARSET=utf8mb4 COLLATE=utf8mb4_unicode_ci;

DELETE FROM `activity_log`;
INSERT INTO `activity_log` (`id`, `log_name`, `description`, `subject_id`, `subject_type`, `causer_id`, `causer_type`, `properties`, `created_at`, `updated_at`) VALUES
	(1, 'default', 'created', 1, 'App\\Domains\\Announcement\\Models\\Announcement', NULL, NULL, '{"attributes": {"area": null, "type": "info", "enabled": true, "ends_at": null, "message": "This is a <strong>Global</strong> announcement that will show on both the frontend and backend. <em>See <strong>AnnouncementSeeder</strong> for more usage examples.</em>", "starts_at": null}}', '2022-01-20 04:18:05', '2022-01-20 04:18:05'),
	(2, 'user', 'Super Admin created user Executive with roles: None and permissions: ', 3, 'App\\Domains\\Auth\\Models\\User', 1, 'App\\Domains\\Auth\\Models\\User', '{"user": {"name": "Executive", "type": "admin", "email": "executive@admin.com", "active": true, "email_verified_at": null}, "roles": "None", "permissions": ""}', '2022-02-07 15:44:11', '2022-02-07 15:44:11'),
	(3, 'role', 'Super Admin created role Executive with permissions: None', 2, 'App\\Domains\\Auth\\Models\\Role', 1, 'App\\Domains\\Auth\\Models\\User', '{"role": {"name": "Executive", "type": "admin"}, "permissions": "None"}', '2022-02-07 15:47:03', '2022-02-07 15:47:03'),
	(4, 'user', 'Super Admin updated user Executive with roles: Executive and permissions: ', 3, 'App\\Domains\\Auth\\Models\\User', 1, 'App\\Domains\\Auth\\Models\\User', '{"user": {"name": "Executive", "type": "admin", "email": "executive@admin.com"}, "roles": "Executive", "permissions": ""}', '2022-02-07 15:47:19', '2022-02-07 15:47:19'),
	(5, 'user', 'Super Admin created user admin2 with roles: None and permissions: ', 9, 'App\\Domains\\Auth\\Models\\User', 1, 'App\\Domains\\Auth\\Models\\User', '{"user": {"name": "admin2", "type": "user", "email": "admin2@admin2.com", "active": true, "email_verified_at": null}, "roles": "None", "permissions": ""}', '2022-06-06 15:43:51', '2022-06-06 15:43:51'),
	(6, 'user', 'Super Admin created user Test with roles: None and permissions: ', 10, 'App\\Domains\\Auth\\Models\\User', 1, 'App\\Domains\\Auth\\Models\\User', '{"user": {"name": "Test", "type": "admin", "email": "Test@Test.Test", "active": true, "email_verified_at": null}, "roles": "None", "permissions": ""}', '2022-06-06 15:45:27', '2022-06-06 15:45:27'),
	(7, 'user', 'Super Admin created user SwagKicks1 with roles: None and permissions: ', 11, 'App\\Domains\\Auth\\Models\\User', 1, 'App\\Domains\\Auth\\Models\\User', '{"user": {"name": "SwagKicks1", "type": "user", "email": "SwagKicks1@swagkick1.com", "active": true, "email_verified_at": "2022-06-16T17:22:50.000000Z"}, "roles": "None", "permissions": ""}', '2022-06-16 17:22:50', '2022-06-16 17:22:50'),
	(8, 'user', 'Super Admin created user SwagKicks2 with roles: None and permissions: ', 12, 'App\\Domains\\Auth\\Models\\User', 1, 'App\\Domains\\Auth\\Models\\User', '{"user": {"name": "SwagKicks2", "type": "user", "email": "SwagKicks2@swagkick2.com", "active": true, "email_verified_at": "2022-06-16T17:23:33.000000Z"}, "roles": "None", "permissions": ""}', '2022-06-16 17:23:33', '2022-06-16 17:23:33'),
	(9, 'user', 'Super Admin created user SwagKicks3 with roles: None and permissions: ', 13, 'App\\Domains\\Auth\\Models\\User', 1, 'App\\Domains\\Auth\\Models\\User', '{"user": {"name": "SwagKicks3", "type": "user", "email": "SwagKicks3@swagkick3.com", "active": true, "email_verified_at": "2022-06-16T17:24:07.000000Z"}, "roles": "None", "permissions": ""}', '2022-06-16 17:24:07', '2022-06-16 17:24:07'),
	(10, 'user', 'Super Admin created user SwagKicks4 with roles: None and permissions: ', 14, 'App\\Domains\\Auth\\Models\\User', 1, 'App\\Domains\\Auth\\Models\\User', '{"user": {"name": "SwagKicks4", "type": "user", "email": "SwagKicks4@swagkick4.com", "active": true, "email_verified_at": "2022-06-16T17:24:41.000000Z"}, "roles": "None", "permissions": ""}', '2022-06-16 17:24:41', '2022-06-16 17:24:41'),
	(11, 'user', 'Super Admin created user SwagKicks5@swagkick5.com with roles: None and permissions: ', 15, 'App\\Domains\\Auth\\Models\\User', 1, 'App\\Domains\\Auth\\Models\\User', '{"user": {"name": "SwagKicks5@swagkick5.com", "type": "user", "email": "SwagKicks5@swagkick5.com", "active": true, "email_verified_at": null}, "roles": "None", "permissions": ""}', '2022-07-16 08:31:03', '2022-07-16 08:31:03');

CREATE TABLE IF NOT EXISTS `announcements` (
  `id` bigint unsigned NOT NULL AUTO_INCREMENT,
  `area` enum('frontend','backend') CHARACTER SET utf8mb4 COLLATE utf8mb4_unicode_ci DEFAULT NULL,
  `type` enum('info','danger','warning','success') CHARACTER SET utf8mb4 COLLATE utf8mb4_unicode_ci NOT NULL DEFAULT 'info',
  `message` text CHARACTER SET utf8mb4 COLLATE utf8mb4_unicode_ci NOT NULL,
  `enabled` tinyint(1) NOT NULL DEFAULT '1',
  `starts_at` timestamp NULL DEFAULT NULL,
  `ends_at` timestamp NULL DEFAULT NULL,
  `created_at` timestamp NULL DEFAULT NULL,
  `updated_at` timestamp NULL DEFAULT NULL,
  PRIMARY KEY (`id`)
) ENGINE=InnoDB DEFAULT CHARSET=utf8mb4 COLLATE=utf8mb4_unicode_ci;

DELETE FROM `announcements`;

CREATE TABLE IF NOT EXISTS `batches` (
  `id` bigint unsigned NOT NULL AUTO_INCREMENT,
  `name` varchar(255) CHARACTER SET utf8mb4 COLLATE utf8mb4_unicode_ci NOT NULL,
  `status` int DEFAULT '0',
  `stage` int DEFAULT '1',
  `created_at` timestamp NULL DEFAULT NULL,
  `updated_at` timestamp NULL DEFAULT NULL,
  PRIMARY KEY (`id`)
) ENGINE=InnoDB AUTO_INCREMENT=56 DEFAULT CHARSET=utf8mb4 COLLATE=utf8mb4_unicode_ci;

DELETE FROM `batches`;
INSERT INTO `batches` (`id`, `name`, `status`, `stage`, `created_at`, `updated_at`) VALUES
	(53, 'batch1', 1, 1, '2023-12-29 06:13:22', '2023-12-29 06:24:02'),
	(54, 'batch2', 1, 1, '2023-12-30 02:22:19', '2023-12-30 02:44:46'),
	(55, 'batch3', 1, 1, '2023-12-30 05:07:36', '2023-12-30 06:00:24');

CREATE TABLE IF NOT EXISTS `brands` (
  `id` bigint unsigned NOT NULL AUTO_INCREMENT,
  `name` varchar(255) CHARACTER SET utf8mb4 COLLATE utf8mb4_unicode_ci NOT NULL,
  `created_at` timestamp NULL DEFAULT NULL,
  `updated_at` timestamp NULL DEFAULT NULL,
  `deleted_at` timestamp NULL DEFAULT NULL,
  `shopify_value` varchar(255) CHARACTER SET utf8mb4 COLLATE utf8mb4_unicode_ci DEFAULT NULL,
  PRIMARY KEY (`id`)
) ENGINE=InnoDB AUTO_INCREMENT=734 DEFAULT CHARSET=utf8mb4 COLLATE=utf8mb4_unicode_ci;

DELETE FROM `brands`;
INSERT INTO `brands` (`id`, `name`, `created_at`, `updated_at`, `deleted_at`, `shopify_value`) VALUES
	(1, 'Ralph Rucci', '2022-01-24 19:00:00', '2022-01-24 19:00:00', NULL, 'Ralph Rucci'),
	(2, 'Polo Ralph Lauren', '2022-01-24 19:00:00', '2022-02-17 11:18:28', '2022-02-17 11:18:28', 'Ralph Lauren'),
	(3, 'Ralph Lauren', '2022-01-24 19:00:00', '2022-02-16 14:02:34', '2022-02-16 14:02:34', 'Ralph Lauren'),
	(4, 'Adidas', '2022-02-10 09:15:51', '2022-02-10 09:15:51', NULL, 'Adidas'),
	(5, 'Champion', '2022-02-10 09:15:56', '2022-02-10 09:15:56', NULL, 'Champion'),
	(6, 'Carhartt', '2022-02-10 09:16:02', '2022-02-10 09:16:02', NULL, 'Carhartt'),
	(7, 'Chaps Ralph Lauren', '2022-02-10 09:16:07', '2022-02-14 12:49:55', NULL, 'Ralph Lauren'),
	(8, 'Columbia', '2022-02-10 09:16:11', '2022-02-10 09:16:11', NULL, 'Columbia'),
	(9, 'Disney', '2022-02-10 09:16:15', '2022-02-10 09:16:15', NULL, 'Disney'),
	(10, 'Dickies', '2022-02-10 09:16:20', '2022-02-10 09:16:20', NULL, 'Dickies'),
	(11, 'Fila', '2022-02-10 09:16:23', '2022-02-10 09:16:23', NULL, 'Fila'),
	(12, 'Harley Davidson', '2022-02-10 09:16:28', '2022-02-10 09:16:28', NULL, 'Harley Davidson'),
	(13, 'MLB', '2022-02-10 09:16:32', '2022-02-10 09:16:32', NULL, 'MLB'),
	(14, 'Nike', '2022-02-10 09:16:35', '2022-02-10 09:16:35', NULL, 'Nike'),
	(15, 'Nautica', '2022-02-10 09:16:39', '2022-02-10 09:16:39', NULL, 'Nautica'),
	(16, 'Hanes', '2022-02-10 09:16:43', '2022-02-10 09:16:43', NULL, 'Hanes'),
	(17, 'Lacoste', '2022-02-10 09:16:48', '2022-02-10 09:16:48', NULL, 'Lacoste'),
	(18, 'Izod', '2022-02-10 09:16:51', '2022-02-10 09:16:51', NULL, 'Izod'),
	(19, 'Levi\'s', '2022-02-10 09:16:58', '2022-02-10 09:16:58', NULL, 'Levi\'s'),
	(20, 'Lee', '2022-02-10 09:17:01', '2022-02-10 09:17:01', NULL, 'Lee'),
	(21, 'Ralph Lauren', '2022-02-10 09:17:05', '2022-02-10 09:17:05', NULL, 'Ralph Lauren'),
	(22, 'The North Face', '2022-02-10 09:17:25', '2022-02-10 09:17:25', NULL, 'The North Face'),
	(23, 'Tommy Hilfiger', '2022-02-10 09:17:40', '2022-02-10 09:17:40', NULL, 'Tommy Hilfiger'),
	(24, 'Unknown', '2022-02-10 09:17:51', '2022-02-10 09:17:51', NULL, 'Unknown'),
	(25, 'NFL', '2022-02-10 09:17:57', '2022-02-10 09:17:57', NULL, 'NFL'),
	(26, 'NBA', '2022-02-10 09:18:04', '2022-02-10 09:18:04', NULL, 'NBA'),
	(27, 'Puma', '2022-02-10 09:18:10', '2022-02-10 09:18:10', NULL, 'Puma'),
	(28, 'Patagonia', '2022-02-10 09:18:15', '2022-02-10 09:18:15', NULL, 'Patagonia'),
	(29, 'Timberland', '2022-02-10 09:18:23', '2022-02-10 09:18:23', NULL, 'Timberland'),
	(30, 'Jerzees', '2022-02-10 09:18:32', '2022-02-10 09:18:32', NULL, 'Jerzees'),
	(31, 'Wrangler', '2022-02-10 09:18:37', '2022-02-10 09:18:37', NULL, 'Wrangler'),
	(32, 'Pendleton', '2022-02-10 09:18:41', '2022-02-10 09:18:41', NULL, 'Pendleton'),
	(33, 'Woolrich', '2022-02-10 09:18:50', '2022-02-10 09:18:50', NULL, 'Woolrich'),
	(34, 'Russell Athletic', '2022-02-10 09:18:53', '2022-02-10 09:18:53', NULL, 'Russell Athletic'),
	(35, 'Fruit of the Loom', '2022-02-10 09:18:59', '2022-02-10 09:18:59', NULL, 'Fruit of the Loom'),
	(36, 'Eddie Bauer', '2022-02-10 09:19:02', '2022-02-10 09:19:02', NULL, 'Eddie Bauer'),
	(37, 'Quicksilver', '2022-02-10 09:19:06', '2022-02-14 19:17:54', NULL, 'Quicksilver'),
	(38, 'Gildan', '2022-02-10 09:19:10', '2022-02-10 09:19:10', NULL, 'Gildan'),
	(39, 'L.L.Bean', '2022-02-10 09:19:13', '2022-02-10 09:19:13', NULL, 'L.L.Bean'),
	(40, 'Guess', '2022-02-10 09:19:19', '2022-02-10 09:19:19', NULL, 'Guess'),
	(41, 'Air Jordan', '2022-02-10 09:19:23', '2022-02-10 09:19:23', NULL, 'Air Jordan'),
	(42, 'Calvin Klein', '2022-02-10 09:20:07', '2022-02-10 09:20:07', NULL, 'Calvin Klein'),
	(43, 'Starter', '2022-02-10 09:20:11', '2022-02-10 09:20:11', NULL, 'Starter'),
	(44, 'Reebok', '2022-02-10 09:20:16', '2022-02-10 09:20:16', NULL, 'Reebok'),
	(45, 'Gap', '2022-02-10 09:20:21', '2022-02-10 09:20:21', NULL, 'Gap'),
	(46, 'Nascar', '2022-02-10 09:20:25', '2022-02-10 09:20:25', NULL, 'Nascar'),
	(47, 'Hard Rock Cafe', '2022-02-10 09:20:30', '2022-02-10 09:20:30', NULL, 'Hard Rock Cafe'),
	(48, 'r', '2022-02-12 10:22:59', '2022-02-14 12:52:52', '2022-02-14 12:52:52', 'r'),
	(49, 'asd', '2022-02-12 10:40:35', '2022-02-14 19:15:57', '2022-02-14 19:15:57', 'asd'),
	(50, 'New Test Brand', '2022-02-12 14:11:23', '2022-02-14 19:16:59', '2022-02-14 19:16:59', 'New Test Brand'),
	(51, 'asd', '2022-02-14 17:25:14', '2022-02-14 19:15:52', '2022-02-14 19:15:52', 'asd'),
	(52, 'Alfred Dunner', '2022-02-17 12:26:41', '2022-02-17 16:06:48', NULL, 'Alfred Dunner'),
	(54, 'Lakeshirts', '2022-02-17 14:27:28', '2022-02-17 14:27:28', NULL, 'Lakeshirts'),
	(55, 'London Fog', '2022-02-21 15:56:54', '2022-02-21 15:56:54', NULL, 'London Fog'),
	(56, 'Helly Hansen', '2022-02-22 12:24:24', '2022-02-22 12:24:24', NULL, 'Helly Hansen'),
	(57, 'Tultex', '2022-02-22 12:36:12', '2022-02-22 12:36:12', NULL, 'Tultex'),
	(58, 'True Religion', '2022-02-22 13:56:06', '2022-02-22 13:56:06', NULL, 'True Religion'),
	(59, 'Lane Seven', '2022-02-22 14:47:02', '2022-02-22 14:47:02', NULL, 'Lane Seven'),
	(60, 'Meca', '2022-02-23 14:00:47', '2022-02-23 14:00:47', NULL, 'Meca'),
	(61, 'Pro Player', '2022-02-23 14:10:14', '2022-02-23 14:10:14', NULL, 'Pro Player'),
	(62, 'College Lane', '2022-02-23 14:13:50', '2022-02-23 14:13:50', NULL, 'College Lane'),
	(63, 'Riddell', '2022-02-23 15:22:40', '2022-02-23 15:22:40', NULL, 'Riddell'),
	(64, 'MV Sport', '2022-02-23 15:26:00', '2022-02-23 15:26:00', NULL, 'MV Sport'),
	(65, 'Pro Company', '2022-02-23 15:29:07', '2022-02-23 15:29:07', NULL, 'Pro Company'),
	(66, 'Kappa', '2022-07-07 03:32:46', '2022-07-07 03:32:46', NULL, 'Kappa'),
	(67, 'Lonsdale London', '2022-07-07 04:51:54', '2022-07-07 04:51:54', NULL, 'Lonsdale London'),
	(68, 'Chalk Line', '2022-07-07 06:36:19', '2022-07-07 06:36:19', NULL, 'Chalk Line'),
	(69, 'Barbour', '2022-07-08 02:48:06', '2022-07-08 02:48:06', NULL, 'Barbour'),
	(70, 'Denim Riders', '2022-07-08 03:28:43', '2022-07-08 03:28:43', NULL, 'Denim Riders'),
	(71, 'Burberrys', '2022-07-08 05:56:42', '2022-07-08 05:56:42', NULL, 'Burberrys'),
	(72, 'Umbro', '2022-07-08 06:58:07', '2022-07-08 06:58:07', NULL, 'Umbro'),
	(73, 'Berghaus', '2022-07-08 13:04:12', '2022-07-08 13:04:12', NULL, 'Berghaus'),
	(74, 'ellesse', '2022-07-12 02:34:34', '2022-07-12 02:34:34', NULL, 'ellesse'),
	(75, 'JMS', '2022-07-12 02:42:07', '2022-07-12 02:42:07', NULL, 'JMS'),
	(76, 'Ralph Lauren polo', '2022-07-12 03:21:39', '2022-07-12 03:21:39', NULL, 'Ralph Lauren polo'),
	(77, 'MOUNTAIN', '2022-07-12 03:44:41', '2022-07-12 03:44:41', NULL, 'MOUNTAIN'),
	(78, 'Acdc', '2022-07-12 06:06:49', '2022-07-12 06:06:49', NULL, 'Acdc'),
	(79, 'Edhardy', '2022-07-12 07:08:59', '2022-07-12 07:08:59', NULL, 'Edhardy'),
	(80, 'Navy', '2022-07-12 08:32:21', '2022-07-12 08:32:21', NULL, 'Navy'),
	(81, 'Colombia', '2022-07-12 09:44:29', '2022-07-12 09:44:29', NULL, 'Colombia'),
	(82, 'Aasics', '2022-07-12 12:54:50', '2022-07-12 12:54:50', NULL, 'Aasics'),
	(83, 'jinglers', '2022-07-12 14:42:13', '2022-07-12 14:42:13', NULL, 'jinglers'),
	(84, 'ATHCO', '2022-07-12 15:35:07', '2022-07-12 15:35:07', NULL, 'ATHCO'),
	(85, 'Minuolan', '2022-07-12 16:08:07', '2022-07-12 16:08:07', NULL, 'Minuolan'),
	(86, 'Majestic', '2022-07-13 05:39:18', '2022-07-13 05:39:18', NULL, 'Majestic'),
	(87, 'FRED PERRY', '2022-07-13 06:49:23', '2022-07-13 06:49:23', NULL, 'FRED PERRY'),
	(88, 'Braado', '2022-07-13 11:03:52', '2022-07-13 11:03:52', NULL, 'Braado'),
	(89, 'ARDENE', '2022-07-13 11:21:44', '2022-07-13 11:21:44', NULL, 'ARDENE'),
	(90, 'Authentic', '2022-07-13 12:16:50', '2022-07-13 12:16:50', NULL, 'Authentic'),
	(91, '58 sports', '2022-07-13 16:00:37', '2022-07-13 16:00:37', NULL, '58 sports'),
	(92, 'Karrimor', '2022-07-13 16:11:27', '2022-07-13 16:11:27', NULL, 'Karrimor'),
	(93, 'F.llicampagnolo', '2022-07-14 04:21:11', '2022-07-14 04:21:11', NULL, 'F.llicampagnolo'),
	(94, 'Logo athletic', '2022-07-14 04:42:42', '2022-07-14 04:42:42', NULL, 'Logo athletic'),
	(95, 'Holloway', '2022-07-14 05:33:04', '2022-07-14 05:33:04', NULL, 'Holloway'),
	(96, 'Guess Marciano', '2022-07-14 07:52:52', '2022-07-14 07:52:52', NULL, 'Guess Marciano'),
	(97, 'LOGO7', '2022-07-15 03:59:15', '2022-07-15 03:59:15', NULL, 'LOGO7'),
	(98, 'Engalbert Strauss', '2022-07-15 04:08:42', '2022-07-15 04:08:42', NULL, 'Engalbert Strauss'),
	(99, 'TEAM RYDALE', '2022-07-15 10:17:10', '2022-07-15 10:17:10', NULL, 'TEAM RYDALE'),
	(100, 'Mirage', '2022-07-15 10:24:37', '2022-07-15 10:24:37', NULL, 'Mirage'),
	(101, 'napapijri', '2022-07-15 13:24:25', '2022-07-15 13:24:25', NULL, 'napapijri'),
	(102, 'Bench', '2022-07-16 04:54:30', '2022-07-16 04:54:30', NULL, 'Bench'),
	(103, 'NHL', '2022-07-16 05:20:09', '2022-07-16 05:20:09', NULL, 'NHL'),
	(104, 'Under Armour', '2022-07-16 05:23:32', '2022-07-16 05:23:32', NULL, 'Under Armour'),
	(105, 'BEVERLY HILLS', '2022-07-16 06:27:09', '2022-07-16 06:27:09', NULL, 'BEVERLY HILLS'),
	(106, 'CHICAGO Bulls', '2022-07-16 06:30:26', '2022-07-16 06:30:26', NULL, 'CHICAGO Bulls'),
	(107, 'FRONTIER SERIES', '2022-07-16 07:04:53', '2022-07-16 07:04:53', NULL, 'FRONTIER SERIES'),
	(108, 'telly ho', '2022-07-16 07:32:17', '2022-07-16 07:32:17', NULL, 'telly ho'),
	(109, 'HASE AUTNLNTICS', '2022-07-16 08:06:54', '2022-07-16 08:06:54', NULL, 'HASE AUTNLNTICS'),
	(110, 'Boohoo', '2022-07-16 08:32:42', '2022-07-16 08:32:42', NULL, 'Boohoo'),
	(111, 'HardRock', '2022-07-18 04:38:23', '2022-07-18 04:38:23', NULL, 'HardRock'),
	(112, 'First Classic', '2022-07-18 06:12:24', '2022-07-18 06:12:24', NULL, 'First Classic'),
	(113, 'Team', '2022-07-18 06:56:09', '2022-07-18 06:56:09', NULL, 'Team'),
	(114, 'TREME FANZ', '2022-07-18 06:57:55', '2022-07-18 06:57:55', NULL, 'TREME FANZ'),
	(115, 'Diesel', '2022-07-19 07:22:55', '2022-07-19 07:22:55', NULL, 'Diesel'),
	(116, 'KANGOL', '2022-07-19 07:25:01', '2022-07-19 07:25:01', NULL, 'KANGOL'),
	(117, 'Mountain Equipment', '2022-07-19 07:50:45', '2022-07-19 07:50:45', NULL, 'Mountain Equipment'),
	(118, 'Nick Taylor', '2022-07-19 09:00:07', '2022-07-19 09:00:07', NULL, 'Nick Taylor'),
	(119, 'Swinsgster', '2022-07-19 09:46:55', '2022-07-19 09:46:55', NULL, 'Swinsgster'),
	(120, 'nik', '2022-07-19 11:09:11', '2022-07-19 11:09:11', NULL, 'nik'),
	(121, 'ProPlayer', '2022-07-19 13:44:32', '2022-07-19 13:44:32', NULL, 'ProPlayer'),
	(122, 'Marlboro', '2022-07-20 03:18:43', '2022-07-20 03:18:43', NULL, 'Marlboro'),
	(123, 'Westark', '2022-07-20 09:35:52', '2022-07-20 09:35:52', NULL, 'Westark'),
	(124, 'tonix', '2022-07-20 09:53:16', '2022-07-20 09:53:16', NULL, 'tonix'),
	(125, 'north icc', '2022-07-20 10:42:33', '2022-07-20 10:42:33', NULL, 'north icc'),
	(126, 'MICKEY', '2022-07-20 13:47:46', '2022-07-20 13:47:46', NULL, 'MICKEY'),
	(127, 'Nike`', '2022-07-20 13:58:12', '2022-07-20 13:58:12', NULL, 'Nike`'),
	(128, 'Jersey Expess', '2022-07-21 05:39:12', '2022-07-21 05:39:12', NULL, 'Jersey Expess'),
	(129, 'pum', '2022-07-21 07:07:06', '2022-07-21 07:07:06', NULL, 'pum'),
	(130, 'russel', '2022-07-21 07:26:57', '2022-07-21 07:26:57', NULL, 'russel'),
	(131, 'Tommy  Jeans', '2022-07-21 09:41:50', '2022-07-21 09:41:50', NULL, 'Tommy  Jeans'),
	(132, 'GANT', '2022-07-22 04:11:08', '2022-07-22 04:11:08', NULL, 'GANT'),
	(133, 'IPAI 96', '2022-07-22 05:50:56', '2022-07-22 05:50:56', NULL, 'IPAI 96'),
	(134, 'ZONE ONE', '2022-07-22 10:34:41', '2022-07-22 10:34:41', NULL, 'ZONE ONE'),
	(135, 'Paul and Shark', '2022-07-22 10:53:28', '2022-07-22 10:53:28', NULL, 'Paul and Shark'),
	(136, 'regatta', '2022-07-22 13:41:46', '2022-07-22 13:41:46', NULL, 'regatta'),
	(137, 'Honda Racing', '2022-07-23 04:32:00', '2022-07-23 04:32:00', NULL, 'Honda Racing'),
	(138, 'CINCINNATI', '2022-07-23 08:16:37', '2022-07-23 08:16:37', NULL, 'CINCINNATI'),
	(139, 'Coneill', '2022-07-23 11:26:36', '2022-07-23 11:26:36', NULL, 'Coneill'),
	(140, 'Gapkids', '2022-07-23 11:34:54', '2022-07-23 11:34:54', NULL, 'Gapkids'),
	(141, 'RED KAP', '2022-07-23 12:14:04', '2022-07-23 12:14:04', NULL, 'RED KAP'),
	(142, 'Breed', '2022-07-24 05:44:19', '2022-07-24 05:44:19', NULL, 'Breed'),
	(143, 'Geographical Norway', '2022-07-24 06:58:34', '2022-07-24 06:58:34', NULL, 'Geographical Norway'),
	(144, 'Lexington', '2022-07-24 11:48:50', '2022-07-24 11:48:50', NULL, 'Lexington'),
	(145, 'VANS', '2022-07-24 12:06:06', '2022-07-24 12:06:06', NULL, 'VANS'),
	(146, 'Lincron', '2022-07-24 12:18:55', '2022-07-24 12:18:55', NULL, 'Lincron'),
	(147, 'Disnep', '2022-07-25 02:42:32', '2022-07-25 02:42:32', NULL, 'Disnep'),
	(148, 'Fashion', '2022-07-25 08:21:06', '2022-07-25 08:21:06', NULL, 'Fashion'),
	(149, 'Coca Cola', '2022-07-25 11:05:58', '2022-07-25 11:05:58', NULL, 'Coca Cola'),
	(150, 'NAF', '2022-07-25 13:20:15', '2022-07-25 13:20:15', NULL, 'NAF'),
	(151, 'Le cop sportif', '2022-07-26 05:32:28', '2022-07-26 05:32:28', NULL, 'Le cop sportif'),
	(152, 'Rustler', '2022-07-26 05:36:10', '2022-07-26 05:36:10', NULL, 'Rustler'),
	(153, 'Sergio Tacchini', '2022-07-26 05:48:08', '2022-07-26 05:48:08', NULL, 'Sergio Tacchini'),
	(154, 'KUEHNE NAGEL', '2022-07-26 08:18:09', '2022-07-26 08:18:09', NULL, 'KUEHNE NAGEL'),
	(155, 'Easy Wear', '2022-07-26 11:24:31', '2022-07-26 11:24:31', NULL, 'Easy Wear'),
	(156, 'WF SPORET', '2022-07-26 12:41:06', '2022-07-26 12:41:06', NULL, 'WF SPORET'),
	(157, 'CANTERBURY', '2022-07-26 12:53:58', '2022-07-26 12:53:58', NULL, 'CANTERBURY'),
	(158, 'Synergy', '2022-07-27 02:55:29', '2022-07-27 02:55:29', NULL, 'Synergy'),
	(159, 'errea', '2022-07-27 07:19:13', '2022-07-27 07:19:13', NULL, 'errea'),
	(160, 'Kooga', '2022-07-27 11:36:14', '2022-07-27 11:36:14', NULL, 'Kooga'),
	(161, 'kickers', '2022-07-30 04:02:47', '2022-07-30 04:02:47', NULL, 'kickers'),
	(162, 'HUGO BOSS', '2022-07-30 05:41:22', '2022-07-30 05:41:22', NULL, 'HUGO BOSS'),
	(163, 'WestArt', '2022-07-30 06:45:32', '2022-07-30 06:45:32', NULL, 'WestArt'),
	(164, 'U.S.A', '2022-07-30 09:38:06', '2022-07-30 09:38:06', NULL, 'U.S.A'),
	(165, 'TIMES', '2022-07-30 10:14:49', '2022-07-30 10:14:49', NULL, 'TIMES'),
	(166, 'Crazy Shirt', '2022-07-30 10:17:05', '2022-07-30 10:17:05', NULL, 'Crazy Shirt'),
	(167, 'DELUXE', '2022-07-30 10:46:26', '2022-07-30 10:46:26', NULL, 'DELUXE'),
	(168, 'DELONG', '2022-08-01 05:40:22', '2022-08-01 05:40:22', NULL, 'DELONG'),
	(169, 'Ping', '2022-08-01 09:00:01', '2022-08-01 09:00:01', NULL, 'Ping'),
	(170, 'Hollister', '2022-08-01 12:03:58', '2022-08-01 12:03:58', NULL, 'Hollister'),
	(171, 'LOOSE', '2022-08-01 13:33:34', '2022-08-01 13:33:34', NULL, 'LOOSE'),
	(172, 'STJON,NSBAY.', '2022-08-01 13:36:23', '2022-08-01 13:36:23', NULL, 'STJON,NSBAY.'),
	(173, 'Jako', '2022-08-02 05:51:27', '2022-08-02 05:51:27', NULL, 'Jako'),
	(174, 'DOUBLE', '2022-08-02 07:05:23', '2022-08-02 07:05:23', NULL, 'DOUBLE'),
	(175, 'Hummel', '2022-08-02 11:50:47', '2022-08-02 11:50:47', NULL, 'Hummel'),
	(176, 'Tommy Jeans', '2022-08-02 11:57:04', '2022-08-02 11:57:04', NULL, 'Tommy Jeans'),
	(177, 'Ricky Williams', '2022-08-03 07:06:19', '2022-08-03 07:06:19', NULL, 'Ricky Williams'),
	(178, 'SPORYSWEAR', '2022-08-03 10:04:43', '2022-08-03 10:04:43', NULL, 'SPORYSWEAR'),
	(179, 'Lacostes', '2022-08-03 10:49:36', '2022-08-03 10:49:36', NULL, 'Lacostes'),
	(180, 'CHAMPS', '2022-08-03 12:24:44', '2022-08-03 12:24:44', NULL, 'CHAMPS'),
	(181, 'UP NORTH MATE', '2022-08-03 12:35:21', '2022-08-03 12:35:21', NULL, 'UP NORTH MATE'),
	(182, 'Pepsi', '2022-08-03 12:57:46', '2022-08-03 12:57:46', NULL, 'Pepsi'),
	(183, 'csa', '2022-08-04 07:12:16', '2022-08-04 07:12:16', NULL, 'csa'),
	(184, 'THE SPORT', '2022-08-04 08:39:19', '2022-08-04 08:39:19', NULL, 'THE SPORT'),
	(185, 'Genuine', '2022-08-04 09:48:43', '2022-08-04 09:48:43', NULL, 'Genuine'),
	(186, 'SPRIT', '2022-08-05 05:33:32', '2022-08-05 05:33:32', NULL, 'SPRIT'),
	(187, 'THE BEATLES', '2022-08-05 11:07:43', '2022-08-05 11:07:43', NULL, 'THE BEATLES'),
	(188, 'bic', '2022-08-05 12:42:55', '2022-08-05 12:42:55', NULL, 'bic'),
	(189, 'Legea', '2022-08-06 07:16:50', '2022-08-06 07:16:50', NULL, 'Legea'),
	(190, 'XEIEMENT', '2022-08-06 07:24:58', '2022-08-06 07:24:58', NULL, 'XEIEMENT'),
	(191, 'PHASE 2', '2022-08-06 07:34:31', '2022-08-06 07:34:31', NULL, 'PHASE 2'),
	(192, 'DIVIDCD', '2022-08-06 08:09:37', '2022-08-06 08:09:37', NULL, 'DIVIDCD'),
	(193, 'Jordan', '2022-08-06 08:15:52', '2022-08-06 08:15:52', NULL, 'Jordan'),
	(194, 'RAB', '2022-08-06 08:49:43', '2022-08-06 08:49:43', NULL, 'RAB'),
	(195, 'Millers', '2022-08-06 09:54:52', '2022-08-06 09:54:52', NULL, 'Millers'),
	(196, 'TIMES SPORT', '2022-08-06 11:34:40', '2022-08-06 11:34:40', NULL, 'TIMES SPORT'),
	(197, 'Adidas`', '2022-08-06 11:42:41', '2022-08-06 11:42:41', NULL, 'Adidas`'),
	(198, 'le', '2022-08-06 12:08:39', '2022-08-06 12:08:39', NULL, 'le'),
	(199, 'Smallgang', '2022-08-08 05:55:08', '2022-08-08 05:55:08', NULL, 'Smallgang'),
	(200, 'LOTTO', '2022-08-08 08:31:20', '2022-08-08 08:31:20', NULL, 'LOTTO'),
	(201, 'CUPS', '2022-08-08 10:27:53', '2022-08-08 10:27:53', NULL, 'CUPS'),
	(202, 'Pionier', '2022-08-09 07:37:49', '2022-08-09 07:37:49', NULL, 'Pionier'),
	(203, 'ILIONIS', '2022-08-09 07:53:04', '2022-08-09 07:53:04', NULL, 'ILIONIS'),
	(204, 'UNBREAND', '2022-08-09 08:16:55', '2022-08-09 08:16:55', NULL, 'UNBREAND'),
	(205, 'COMPITITION', '2022-08-10 10:48:25', '2022-08-10 10:48:25', NULL, 'COMPITITION'),
	(206, 'Lot', '2022-08-10 11:20:23', '2022-08-10 11:20:23', NULL, 'Lot'),
	(207, 'Giorgio Athaleticgear', '2022-08-10 11:30:16', '2022-08-10 11:30:16', NULL, 'Giorgio Athaleticgear'),
	(208, 'Jorsan', '2022-08-10 11:37:51', '2022-08-10 11:37:51', NULL, 'Jorsan'),
	(209, 'NEW LOOK', '2022-08-11 03:04:05', '2022-08-11 03:04:05', NULL, 'NEW LOOK'),
	(210, 'THERMR FIT', '2022-08-11 08:53:59', '2022-08-11 08:53:59', NULL, 'THERMR FIT'),
	(211, 'PLANETHOLLYWOOD', '2022-08-11 10:48:58', '2022-08-11 10:48:58', NULL, 'PLANETHOLLYWOOD'),
	(212, 'BIKE', '2022-08-11 10:52:57', '2022-08-11 10:52:57', NULL, 'BIKE'),
	(213, 'Polaetec', '2022-08-11 11:36:18', '2022-08-11 11:36:18', NULL, 'Polaetec'),
	(214, 'sportswear', '2022-08-11 11:58:31', '2022-08-11 11:58:31', NULL, 'sportswear'),
	(215, 'POLO CULB', '2022-08-11 12:03:06', '2022-08-11 12:03:06', NULL, 'POLO CULB'),
	(216, 'OCEAN PACIFIC', '2022-08-12 05:30:26', '2022-08-12 05:30:26', NULL, 'OCEAN PACIFIC'),
	(217, 'chase Authetics', '2022-08-12 06:35:55', '2022-08-12 06:35:55', NULL, 'chase Authetics'),
	(218, 'Land Rover', '2022-08-12 07:12:07', '2022-08-12 07:12:07', NULL, 'Land Rover'),
	(219, 'GILBERT', '2022-08-12 10:21:50', '2022-08-12 10:21:50', NULL, 'GILBERT'),
	(220, 'Lacatoni', '2022-08-12 10:56:09', '2022-08-12 10:56:09', NULL, 'Lacatoni'),
	(221, 'Disneland', '2022-08-12 11:02:45', '2022-08-12 11:02:45', NULL, 'Disneland'),
	(222, 'UCB', '2022-08-12 11:30:14', '2022-08-12 11:30:14', NULL, 'UCB'),
	(223, 'BECOOL SPORT', '2022-08-12 11:51:09', '2022-08-12 11:51:09', NULL, 'BECOOL SPORT'),
	(224, 'FEITRO CLUB', '2022-08-12 12:47:15', '2022-08-12 12:47:15', NULL, 'FEITRO CLUB'),
	(225, 'STONE GATE', '2022-08-12 13:31:56', '2022-08-12 13:31:56', NULL, 'STONE GATE'),
	(226, 'friut of the loom', '2022-08-13 05:51:34', '2022-08-13 05:51:34', NULL, 'friut of the loom'),
	(227, 'Arena', '2022-08-13 07:35:09', '2022-08-13 07:35:09', NULL, 'Arena'),
	(228, 'Joma', '2022-08-13 11:35:39', '2022-08-13 11:35:39', NULL, 'Joma'),
	(229, 'REPUBLIES', '2022-08-13 12:27:10', '2022-08-13 12:27:10', NULL, 'REPUBLIES'),
	(230, 'Alex', '2022-08-15 04:33:37', '2022-08-15 04:33:37', NULL, 'Alex'),
	(231, 'HsM', '2022-08-15 10:25:08', '2022-08-15 10:25:08', NULL, 'HsM'),
	(232, 'UNBREND', '2022-08-16 02:22:03', '2022-08-16 02:22:03', NULL, 'UNBREND'),
	(233, 'ad', '2022-08-16 02:45:24', '2022-08-16 02:45:24', NULL, 'ad'),
	(234, 'Sunt ut a sit volup', '2023-10-30 23:39:03', '2023-10-30 23:39:03', NULL, 'Sunt ut a sit volup'),
	(235, 'hello', '2023-11-03 00:26:18', '2023-11-03 00:26:18', NULL, 'hello'),
	(236, 'new', '2023-11-03 00:40:41', '2023-11-03 00:40:41', NULL, 'new'),
	(237, 'Natus fugiat velit', '2023-11-03 00:46:18', '2023-11-03 00:46:18', NULL, 'Natus fugiat velit'),
	(238, 'Delectus est odio e', '2023-11-03 01:06:31', '2023-11-03 01:06:31', NULL, 'Delectus est odio e'),
	(239, 'Eaque quae occaecat', '2023-11-03 01:38:41', '2023-11-03 01:38:41', NULL, 'Eaque quae occaecat'),
	(240, 'Laboriosam laudanti', '2023-11-03 01:39:40', '2023-11-03 01:39:40', NULL, 'Laboriosam laudanti'),
	(241, 'Aut veniam numquam', '2023-11-03 01:44:45', '2023-11-03 01:44:45', NULL, 'Aut veniam numquam'),
	(242, 'Sunt dolor architect', '2023-11-03 02:16:44', '2023-11-03 02:16:44', NULL, 'Sunt dolor architect'),
	(243, 'Fugit sapiente dign', '2023-11-03 02:17:49', '2023-11-03 02:17:49', NULL, 'Fugit sapiente dign'),
	(244, 'Vitae quis lorem qui', '2023-11-03 02:34:12', '2023-11-03 02:34:12', NULL, 'Vitae quis lorem qui'),
	(245, 'Non est sit in in a', '2023-11-03 02:36:37', '2023-11-03 02:36:37', NULL, 'Non est sit in in a'),
	(246, 'rubab', '2023-11-03 06:32:44', '2023-11-03 06:32:44', NULL, 'rubab'),
	(247, 'Laboriosam officia', '2023-11-07 06:51:36', '2023-11-07 06:51:36', NULL, 'Laboriosam officia'),
	(248, 'Sunt voluptas sit i', '2023-11-07 11:03:35', '2023-11-07 11:03:35', NULL, 'Sunt voluptas sit i'),
	(249, 'Temporibus omnis con', '2023-11-07 23:24:33', '2023-11-07 23:24:33', NULL, 'Temporibus omnis con'),
	(250, 'Aliquid ab voluptate', '2023-11-07 23:26:51', '2023-11-07 23:26:51', NULL, 'Aliquid ab voluptate'),
	(251, 'Non sunt amet cum r', '2023-11-07 23:29:01', '2023-11-07 23:29:01', NULL, 'Non sunt amet cum r'),
	(252, 'Accusamus eveniet d', '2023-11-07 23:36:18', '2023-11-07 23:36:18', NULL, 'Accusamus eveniet d'),
	(253, 'Quaerat id ipsum dol', '2023-11-10 06:00:31', '2023-11-10 06:00:31', NULL, 'Quaerat id ipsum dol'),
	(254, 'Nemo velit lorem ut', '2023-11-10 06:04:42', '2023-11-10 06:04:42', NULL, 'Nemo velit lorem ut'),
	(255, 'Deserunt id modi au', '2023-11-10 06:19:18', '2023-11-10 06:19:18', NULL, 'Deserunt id modi au'),
	(256, 'Neque dolore consequ', '2023-11-10 06:20:34', '2023-11-10 06:20:34', NULL, 'Neque dolore consequ'),
	(257, 'Aut consequat Nihil', '2023-11-10 06:22:36', '2023-11-10 06:22:36', NULL, 'Aut consequat Nihil'),
	(258, 'Ea ut vel labore qua', '2023-11-10 06:23:33', '2023-11-10 06:23:33', NULL, 'Ea ut vel labore qua'),
	(259, 'Voluptatibus volupta', '2023-11-10 06:29:36', '2023-11-10 06:29:36', NULL, 'Voluptatibus volupta'),
	(260, 'Aperiam ea sed est n', '2023-11-10 06:32:34', '2023-11-10 06:32:34', NULL, 'Aperiam ea sed est n'),
	(261, 'Eos eos alias vel', '2023-11-10 06:38:52', '2023-11-10 06:38:52', NULL, 'Eos eos alias vel'),
	(262, 'Quo aliquid nostrud', '2023-11-10 06:40:46', '2023-11-10 06:40:46', NULL, 'Quo aliquid nostrud'),
	(263, 'Odit voluptatibus co', '2023-11-10 06:42:02', '2023-11-10 06:42:02', NULL, 'Odit voluptatibus co'),
	(264, 'Sint enim nihil labo', '2023-11-10 06:44:53', '2023-11-10 06:44:53', NULL, 'Sint enim nihil labo'),
	(265, 'Totam ut officiis ne', '2023-11-10 06:45:47', '2023-11-10 06:45:47', NULL, 'Totam ut officiis ne'),
	(266, 'Aut nisi qui aliqua', '2023-11-10 06:46:54', '2023-11-10 06:46:54', NULL, 'Aut nisi qui aliqua'),
	(267, 'Earum voluptatem fug', '2023-11-10 06:48:36', '2023-11-10 06:48:36', NULL, 'Earum voluptatem fug'),
	(268, 'Et ullam deserunt ad', '2023-11-13 06:18:10', '2023-11-13 06:18:10', NULL, 'Et ullam deserunt ad'),
	(269, 'Voluptate ratione do', '2023-11-13 06:19:23', '2023-11-13 06:19:23', NULL, 'Voluptate ratione do'),
	(270, 'Quo consequat Magna', '2023-11-13 06:24:10', '2023-11-13 06:24:10', NULL, 'Quo consequat Magna'),
	(271, 'Nihil pariatur Qui', '2023-11-13 06:25:19', '2023-11-13 06:25:19', NULL, 'Nihil pariatur Qui'),
	(272, 'Quos ea sint ipsa', '2023-11-13 06:28:17', '2023-11-13 06:28:17', NULL, 'Quos ea sint ipsa'),
	(273, 'Voluptate proident', '2023-11-13 06:28:56', '2023-11-13 06:28:56', NULL, 'Voluptate proident'),
	(274, 'Nihil quam cum simil', '2023-11-13 06:30:49', '2023-11-13 06:30:49', NULL, 'Nihil quam cum simil'),
	(275, 'Est odio mollit maxi', '2023-11-13 06:32:46', '2023-11-13 06:32:46', NULL, 'Est odio mollit maxi'),
	(276, 'Qui cumque aut labor', '2023-11-13 06:33:17', '2023-11-13 06:33:17', NULL, 'Qui cumque aut labor'),
	(277, 'Rerum officia sapien', '2023-11-13 06:37:17', '2023-11-13 06:37:17', NULL, 'Rerum officia sapien'),
	(278, 'Ut et cupidatat dolo', '2023-11-13 06:39:38', '2023-11-13 06:39:38', NULL, 'Ut et cupidatat dolo'),
	(279, 'Sed ipsum provident', '2023-11-13 06:41:25', '2023-11-13 06:41:25', NULL, 'Sed ipsum provident'),
	(280, 'Provident sapiente', '2023-11-13 06:42:19', '2023-11-13 06:42:19', NULL, 'Provident sapiente'),
	(281, 'Non sint in hic comm', '2023-11-13 06:46:55', '2023-11-13 06:46:55', NULL, 'Non sint in hic comm'),
	(282, 'Minus assumenda iure', '2023-11-13 06:47:24', '2023-11-13 06:47:24', NULL, 'Minus assumenda iure'),
	(283, 'Ullam lorem consequu', '2023-11-13 06:53:34', '2023-11-13 06:53:34', NULL, 'Ullam lorem consequu'),
	(284, 'Aut ut totam volupta', '2023-11-13 06:54:23', '2023-11-13 06:54:23', NULL, 'Aut ut totam volupta'),
	(285, 'Quas corporis sit s', '2023-11-13 06:55:57', '2023-11-13 06:55:57', NULL, 'Quas corporis sit s'),
	(286, 'Aspernatur illo temp', '2023-11-13 06:58:29', '2023-11-13 06:58:29', NULL, 'Aspernatur illo temp'),
	(287, 'Nostrum enim ea opti', '2023-11-13 06:59:02', '2023-11-13 06:59:02', NULL, 'Nostrum enim ea opti'),
	(288, 'Eaque ex qui blandit', '2023-11-13 07:00:44', '2023-11-13 07:00:44', NULL, 'Eaque ex qui blandit'),
	(289, 'Itaque sunt dolores', '2023-11-13 07:02:47', '2023-11-13 07:02:47', NULL, 'Itaque sunt dolores'),
	(290, 'Proident incidunt', '2023-11-13 07:03:55', '2023-11-13 07:03:55', NULL, 'Proident incidunt'),
	(291, 'Reiciendis id et es', '2023-11-13 07:09:04', '2023-11-13 07:09:04', NULL, 'Reiciendis id et es'),
	(292, 'Elit sequi beatae v', '2023-11-13 22:26:40', '2023-11-13 22:26:40', NULL, 'Elit sequi beatae v'),
	(293, 'Quidem ea facilis at', '2023-11-13 22:27:32', '2023-11-13 22:27:32', NULL, 'Quidem ea facilis at'),
	(294, 'Repudiandae esse do', '2023-11-13 22:28:50', '2023-11-13 22:28:50', NULL, 'Repudiandae esse do'),
	(295, 'Quibusdam voluptatum', '2023-11-13 22:29:57', '2023-11-13 22:29:57', NULL, 'Quibusdam voluptatum'),
	(296, 'Culpa maxime placea', '2023-11-13 22:30:46', '2023-11-13 22:30:46', NULL, 'Culpa maxime placea'),
	(297, 'Voluptatem aliqua', '2023-11-13 22:42:02', '2023-11-13 22:42:02', NULL, 'Voluptatem aliqua'),
	(298, 'Quas rerum quis cill', '2023-11-13 22:48:39', '2023-11-13 22:48:39', NULL, 'Quas rerum quis cill'),
	(299, 'Tempora eum sed ut e', '2023-11-13 23:08:38', '2023-11-13 23:08:38', NULL, 'Tempora eum sed ut e'),
	(300, 'Blanditiis aliquid v', '2023-11-14 06:27:04', '2023-11-14 06:27:04', NULL, 'Blanditiis aliquid v'),
	(301, 'Quod cillum tenetur', '2023-11-17 00:24:46', '2023-11-17 00:24:46', NULL, 'Quod cillum tenetur'),
	(302, 'Cumque itaque aut si', '2023-11-17 01:08:16', '2023-11-17 01:08:16', NULL, 'Cumque itaque aut si'),
	(303, 'Incidunt do quaerat', '2023-11-17 01:38:39', '2023-11-17 01:38:39', NULL, 'Incidunt do quaerat'),
	(304, 'Animi expedita perf', '2023-11-17 02:37:03', '2023-11-17 02:37:03', NULL, 'Animi expedita perf'),
	(305, 'Est autem dolor rec', '2023-11-17 02:38:30', '2023-11-17 02:38:30', NULL, 'Est autem dolor rec'),
	(306, 'Sunt enim quibusdam', '2023-11-17 02:51:02', '2023-11-17 02:51:02', NULL, 'Sunt enim quibusdam'),
	(307, 'Numquam aute aut vol', '2023-11-17 05:42:58', '2023-11-17 05:42:58', NULL, 'Numquam aute aut vol'),
	(308, 'Ducimus est expedit', '2023-11-18 05:46:37', '2023-11-18 05:46:37', NULL, 'Ducimus est expedit'),
	(309, 'Accusamus ea eius un', '2023-11-18 05:51:35', '2023-11-18 05:51:35', NULL, 'Accusamus ea eius un'),
	(310, 'Sint ut voluptate co', '2023-11-19 01:03:28', '2023-11-19 01:03:28', NULL, 'Sint ut voluptate co'),
	(311, 'Tempora magnam sunt', '2023-11-20 05:51:07', '2023-11-20 05:51:07', NULL, 'Tempora magnam sunt'),
	(312, 'Dolore voluptatem vo', '2023-11-20 06:28:12', '2023-11-20 06:28:12', NULL, 'Dolore voluptatem vo'),
	(313, 'Sit quas aut volupt', '2023-11-20 06:41:42', '2023-11-20 06:41:42', NULL, 'Sit quas aut volupt'),
	(314, 'Reprehenderit eos v', '2023-11-20 06:58:09', '2023-11-20 06:58:09', NULL, 'Reprehenderit eos v'),
	(315, 'In consectetur pari', '2023-11-20 07:06:05', '2023-11-20 07:06:05', NULL, 'In consectetur pari'),
	(316, 'Temporibus maiores t', '2023-11-21 00:43:29', '2023-11-21 00:43:29', NULL, 'Temporibus maiores t'),
	(317, 'Ut rerum qui in elit', '2023-11-21 02:12:08', '2023-11-21 02:12:08', NULL, 'Ut rerum qui in elit'),
	(318, 'Occaecat placeat qu', '2023-11-22 00:45:12', '2023-11-22 00:45:12', NULL, 'Occaecat placeat qu'),
	(319, 'Molestias fugiat qui', '2023-11-22 01:42:03', '2023-11-22 01:42:03', NULL, 'Molestias fugiat qui'),
	(320, 'Ipsum aperiam sit q', '2023-11-22 02:02:27', '2023-11-22 02:02:27', NULL, 'Ipsum aperiam sit q'),
	(321, 'Quia eum voluptas ea', '2023-11-22 03:04:09', '2023-11-22 03:04:09', NULL, 'Quia eum voluptas ea'),
	(322, 'Est distinctio Non', '2023-11-22 04:10:56', '2023-11-22 04:10:56', NULL, 'Est distinctio Non'),
	(323, 'Adipisicing anim aut', '2023-11-22 04:11:44', '2023-11-22 04:11:44', NULL, 'Adipisicing anim aut'),
	(324, 'Fuga Voluptatem co', '2023-11-22 23:57:10', '2023-11-22 23:57:10', NULL, 'Fuga Voluptatem co'),
	(325, 'new coll', '2023-11-22 23:59:50', '2023-11-22 23:59:50', NULL, 'new coll'),
	(326, 'Rerum commodo ut ut', '2023-11-23 00:04:03', '2023-11-23 00:04:03', NULL, 'Rerum commodo ut ut'),
	(327, 'Obcaecati ea aliquip', '2023-11-23 00:04:55', '2023-11-23 00:04:55', NULL, 'Obcaecati ea aliquip'),
	(328, 'Esse cum inventore r', '2023-11-23 00:06:28', '2023-11-23 00:06:28', NULL, 'Esse cum inventore r'),
	(329, 'Qui ea enim enim cum', '2023-11-23 00:10:10', '2023-11-23 00:10:10', NULL, 'Qui ea enim enim cum'),
	(330, 'Ullamco aut autem nu', '2023-11-23 00:12:44', '2023-11-23 00:12:44', NULL, 'Ullamco aut autem nu'),
	(331, 'Eaque nisi ea ducimu', '2023-11-23 00:19:47', '2023-11-23 00:19:47', NULL, 'Eaque nisi ea ducimu'),
	(332, 'Esse ut qui elit do', '2023-11-23 00:21:00', '2023-11-23 00:21:00', NULL, 'Esse ut qui elit do'),
	(333, 'Et voluptatem susci', '2023-11-23 00:23:36', '2023-11-23 00:23:36', NULL, 'Et voluptatem susci'),
	(334, 'Similique incidunt', '2023-11-23 00:25:38', '2023-11-23 00:25:38', NULL, 'Similique incidunt'),
	(335, 'Sapiente blanditiis', '2023-11-23 00:26:53', '2023-11-23 00:26:53', NULL, 'Sapiente blanditiis'),
	(336, 'Recusandae Unde ull', '2023-11-23 00:28:32', '2023-11-23 00:28:32', NULL, 'Recusandae Unde ull'),
	(337, 'Labore sint nihil f', '2023-11-23 00:30:05', '2023-11-23 00:30:05', NULL, 'Labore sint nihil f'),
	(338, 'Velit aspernatur re', '2023-11-23 00:31:16', '2023-11-23 00:31:16', NULL, 'Velit aspernatur re'),
	(339, 'Magnam amet enim si', '2023-11-23 00:34:06', '2023-11-23 00:34:06', NULL, 'Magnam amet enim si'),
	(340, 'new collection', '2023-11-23 00:44:41', '2023-11-23 00:44:41', NULL, 'new collection'),
	(341, 'panda', '2023-11-23 01:04:58', '2023-11-23 01:04:58', NULL, 'panda'),
	(342, 'Officia rem exceptur', '2023-11-23 01:22:16', '2023-11-23 01:22:16', NULL, 'Officia rem exceptur'),
	(343, 'Incidunt aspernatur', '2023-11-23 01:23:32', '2023-11-23 01:23:32', NULL, 'Incidunt aspernatur'),
	(344, 'Ad cum velit atque', '2023-11-23 01:25:27', '2023-11-23 01:25:27', NULL, 'Ad cum velit atque'),
	(345, 'Laborum Quae nostru', '2023-11-23 01:31:22', '2023-11-23 01:31:22', NULL, 'Laborum Quae nostru'),
	(346, 'new appear', '2023-11-23 01:32:33', '2023-11-23 01:32:33', NULL, 'new appear'),
	(347, 'alright', '2023-11-23 01:35:42', '2023-11-23 01:35:42', NULL, 'alright'),
	(348, 'Ab itaque minim ut t', '2023-11-23 01:41:10', '2023-11-23 01:41:10', NULL, 'Ab itaque minim ut t'),
	(349, 'Tempora temporibus q', '2023-11-23 01:45:26', '2023-11-23 01:45:26', NULL, 'Tempora temporibus q'),
	(350, 'Numquam exercitation', '2023-11-23 04:26:37', '2023-11-23 04:26:37', NULL, 'Numquam exercitation'),
	(351, 'Sed nulla dolorem ul', '2023-11-23 04:31:34', '2023-11-23 04:31:34', NULL, 'Sed nulla dolorem ul'),
	(352, 'Vel laudantium est', '2023-11-23 04:34:38', '2023-11-23 04:34:38', NULL, 'Vel laudantium est'),
	(353, 'rubaab', '2023-11-23 05:24:03', '2023-11-23 05:24:03', NULL, 'rubaab'),
	(354, 'NEW ONE AGAIN', '2023-11-23 05:28:46', '2023-11-23 05:28:46', NULL, 'NEW ONE AGAIN'),
	(355, 'Id minima beatae qua', '2023-11-23 05:32:11', '2023-11-23 05:32:11', NULL, 'Id minima beatae qua'),
	(356, 'real brand', '2023-11-23 05:37:11', '2023-11-23 05:37:11', NULL, 'real brand'),
	(357, 'Exercitationem quis', '2023-11-23 05:42:50', '2023-11-23 05:42:50', NULL, 'Exercitationem quis'),
	(358, 'helloo', '2023-11-23 05:43:29', '2023-11-23 05:43:29', NULL, 'helloo'),
	(359, 'realistic', '2023-11-23 05:54:20', '2023-11-23 05:54:20', NULL, 'realistic'),
	(360, 'roooolllll', '2023-11-23 05:59:32', '2023-11-23 05:59:32', NULL, 'roooolllll'),
	(361, 'hy 1', '2023-11-23 06:21:58', '2023-11-23 06:21:58', NULL, 'hy 1'),
	(362, 'product new', '2023-11-23 06:23:16', '2023-11-23 06:23:16', NULL, 'product new'),
	(363, 'aqua green', '2023-11-23 06:25:39', '2023-11-23 06:25:39', NULL, 'aqua green'),
	(364, 'dolphen', '2023-11-23 06:28:17', '2023-11-23 06:28:17', NULL, 'dolphen'),
	(365, 'Repudiandae quasi so', '2023-11-23 06:30:43', '2023-11-23 06:30:43', NULL, 'Repudiandae quasi so'),
	(366, 'monday', '2023-11-23 06:33:16', '2023-11-23 06:33:16', NULL, 'monday'),
	(367, 'Aspernatur facere ve', '2023-11-23 06:36:36', '2023-11-23 06:36:36', NULL, 'Aspernatur facere ve'),
	(368, 'real time', '2023-11-23 06:37:18', '2023-11-23 06:37:18', NULL, 'real time'),
	(369, 'At ducimus accusant', '2023-11-23 06:37:50', '2023-11-23 06:37:50', NULL, 'At ducimus accusant'),
	(370, 'jumper', '2023-11-23 06:55:18', '2023-11-23 06:55:18', NULL, 'jumper'),
	(371, 'roleex', '2023-11-23 06:58:13', '2023-11-23 06:58:13', NULL, 'roleex'),
	(372, 'branded shirt', '2023-11-23 07:00:53', '2023-11-23 07:00:53', NULL, 'branded shirt'),
	(373, 'shirt new', '2023-11-23 09:10:27', '2023-11-23 09:10:27', NULL, 'shirt new'),
	(374, 'vince', '2023-11-23 09:23:33', '2023-11-23 09:23:33', NULL, 'vince'),
	(375, 'Molestiae expedita s', '2023-11-23 09:40:01', '2023-11-23 09:40:01', NULL, 'Molestiae expedita s'),
	(376, 'newest', '2023-11-23 09:43:25', '2023-11-23 09:43:25', NULL, 'newest'),
	(377, 'Alias new', '2023-11-23 10:02:52', '2023-11-23 10:02:52', NULL, 'Alias new'),
	(378, 'redddd', '2023-11-23 10:40:58', '2023-11-23 10:40:58', NULL, 'redddd'),
	(379, 'blue shirt', '2023-11-23 10:49:10', '2023-11-23 10:49:10', NULL, 'blue shirt'),
	(380, 'JAKCET2', '2023-11-23 12:07:20', '2023-11-23 12:07:20', NULL, 'JAKCET2'),
	(381, 'rubab brand', '2023-11-24 01:39:21', '2023-11-24 01:39:21', NULL, 'rubab brand'),
	(382, 'nov prod', '2023-11-24 06:11:49', '2023-11-24 06:11:49', NULL, 'nov prod'),
	(383, 'real one', '2023-11-26 23:15:18', '2023-11-26 23:15:18', NULL, 'real one'),
	(384, 'Cupidatat nostrud de', '2023-11-27 00:18:11', '2023-11-27 00:18:11', NULL, 'Cupidatat nostrud de'),
	(385, 'Eum ut irure consequ', '2023-11-27 23:07:42', '2023-11-27 23:07:42', NULL, 'Eum ut irure consequ'),
	(386, 'Eaque ipsam pariatur', '2023-11-27 23:18:16', '2023-11-27 23:18:16', NULL, 'Eaque ipsam pariatur'),
	(387, 'Est amet sint tene', '2023-11-28 00:33:48', '2023-11-28 00:33:48', NULL, 'Est amet sint tene'),
	(388, 'Id sunt nemo molesti', '2023-11-28 00:34:24', '2023-11-28 00:34:24', NULL, 'Id sunt nemo molesti'),
	(389, 'Qui optio nostrud e', '2023-11-28 01:25:45', '2023-11-28 01:25:45', NULL, 'Qui optio nostrud e'),
	(390, 'Eiusmod mollit eveni', '2023-11-28 01:26:49', '2023-11-28 01:26:49', NULL, 'Eiusmod mollit eveni'),
	(391, 'Nisi dolore nulla su', '2023-11-28 01:29:53', '2023-11-28 01:29:53', NULL, 'Nisi dolore nulla su'),
	(392, 'Aute asperiores anim', '2023-11-28 01:44:28', '2023-11-28 01:44:28', NULL, 'Aute asperiores anim'),
	(393, 'Voluptatibus vel a a', '2023-11-28 01:51:20', '2023-11-28 01:51:20', NULL, 'Voluptatibus vel a a'),
	(394, 'Vitae dolore autem d', '2023-11-28 01:51:37', '2023-11-28 01:51:37', NULL, 'Vitae dolore autem d'),
	(395, 'Expedita provident', '2023-11-28 01:51:54', '2023-11-28 01:51:54', NULL, 'Expedita provident'),
	(396, 'Aut aut eaque deseru', '2023-11-28 01:52:26', '2023-11-28 01:52:26', NULL, 'Aut aut eaque deseru'),
	(397, 'Et exercitation qui', '2023-11-28 01:52:44', '2023-11-28 01:52:44', NULL, 'Et exercitation qui'),
	(398, 'Perferendis exercita', '2023-11-28 01:53:01', '2023-11-28 01:53:01', NULL, 'Perferendis exercita'),
	(399, 'Commodi ullam quas p', '2023-11-28 01:53:19', '2023-11-28 01:53:19', NULL, 'Commodi ullam quas p'),
	(400, 'Consequat Laborum d', '2023-11-28 01:53:36', '2023-11-28 01:53:36', NULL, 'Consequat Laborum d'),
	(401, 'Maiores animi id mo', '2023-11-28 01:53:54', '2023-11-28 01:53:54', NULL, 'Maiores animi id mo'),
	(402, 'Reprehenderit aut is', '2023-11-28 02:13:01', '2023-11-28 02:13:01', NULL, 'Reprehenderit aut is'),
	(403, 'Quidem quibusdam sin', '2023-11-28 02:37:29', '2023-11-28 02:37:29', NULL, 'Quidem quibusdam sin'),
	(404, 'Quidem commodi harum', '2023-11-28 02:52:04', '2023-11-28 02:52:04', NULL, 'Quidem commodi harum'),
	(405, 'Incididunt voluptas', '2023-11-28 02:52:48', '2023-11-28 02:52:48', NULL, 'Incididunt voluptas'),
	(406, 'Sit ducimus magnam', '2023-11-28 02:58:02', '2023-11-28 02:58:02', NULL, 'Sit ducimus magnam'),
	(407, 'Ea labore non mollit', '2023-11-28 03:00:10', '2023-11-28 03:00:10', NULL, 'Ea labore non mollit'),
	(408, 'Sit fugiat blanditi', '2023-11-28 04:12:37', '2023-11-28 04:12:37', NULL, 'Sit fugiat blanditi'),
	(409, 'Rerum ad sunt maxime', '2023-11-28 04:16:20', '2023-11-28 04:16:20', NULL, 'Rerum ad sunt maxime'),
	(410, 'Id laborum Quae lor', '2023-11-28 04:19:08', '2023-11-28 04:19:08', NULL, 'Id laborum Quae lor'),
	(411, 'Proident esse lauda', '2023-11-28 04:24:44', '2023-11-28 04:24:44', NULL, 'Proident esse lauda'),
	(412, 'Et reiciendis optio', '2023-11-28 04:26:26', '2023-11-28 04:26:26', NULL, 'Et reiciendis optio'),
	(413, 'Harum fuga Qui repr', '2023-11-28 04:28:02', '2023-11-28 04:28:02', NULL, 'Harum fuga Qui repr'),
	(414, 'In placeat nihil ea', '2023-11-28 04:34:20', '2023-11-28 04:34:20', NULL, 'In placeat nihil ea'),
	(415, 'Fugiat fugiat aliqu', '2023-11-28 04:41:19', '2023-11-28 04:41:19', NULL, 'Fugiat fugiat aliqu'),
	(416, 'Iure tempora veniam', '2023-11-28 05:03:07', '2023-11-28 05:03:07', NULL, 'Iure tempora veniam'),
	(417, 'Consequatur Vero lo', '2023-11-28 05:04:49', '2023-11-28 05:04:49', NULL, 'Consequatur Vero lo'),
	(418, 'Consectetur consect', '2023-11-28 05:05:06', '2023-11-28 05:05:06', NULL, 'Consectetur consect'),
	(419, 'Voluptas qui illo co', '2023-11-28 05:05:59', '2023-11-28 05:05:59', NULL, 'Voluptas qui illo co'),
	(420, 'Ut sit fugiat corpor', '2023-11-28 05:07:59', '2023-11-28 05:07:59', NULL, 'Ut sit fugiat corpor'),
	(421, 'Tempor autem sint ve', '2023-11-28 05:08:28', '2023-11-28 05:08:28', NULL, 'Tempor autem sint ve'),
	(422, 'Ad esse sunt nostrud', '2023-11-28 05:08:48', '2023-11-28 05:08:48', NULL, 'Ad esse sunt nostrud'),
	(423, 'Saepe ut nesciunt e', '2023-11-28 05:10:07', '2023-11-28 05:10:07', NULL, 'Saepe ut nesciunt e'),
	(424, 'Tenetur aut nostrum', '2023-11-28 05:12:42', '2023-11-28 05:12:42', NULL, 'Tenetur aut nostrum'),
	(425, 'Et quaerat veritatis', '2023-11-28 05:12:59', '2023-11-28 05:12:59', NULL, 'Et quaerat veritatis'),
	(426, 'Qui hic cupidatat ei', '2023-11-28 05:13:35', '2023-11-28 05:13:35', NULL, 'Qui hic cupidatat ei'),
	(427, 'Amet nulla qui sapi', '2023-11-28 05:13:52', '2023-11-28 05:13:52', NULL, 'Amet nulla qui sapi'),
	(428, 'Qui laudantium pari', '2023-11-28 05:18:05', '2023-11-28 05:18:05', NULL, 'Qui laudantium pari'),
	(429, 'Veniam et adipisci', '2023-11-28 05:21:44', '2023-11-28 05:21:44', NULL, 'Veniam et adipisci'),
	(430, 'Fugiat molestiae du', '2023-11-28 05:23:45', '2023-11-28 05:23:45', NULL, 'Fugiat molestiae du'),
	(431, 'Non qui dolor cupidi', '2023-11-28 05:29:52', '2023-11-28 05:29:52', NULL, 'Non qui dolor cupidi'),
	(432, 'Ut velit sunt velit', '2023-11-28 05:35:13', '2023-11-28 05:35:13', NULL, 'Ut velit sunt velit'),
	(433, 'Neque repudiandae ne', '2023-11-28 05:37:19', '2023-11-28 05:37:19', NULL, 'Neque repudiandae ne'),
	(434, 'Esse animi pariatu', '2023-11-28 05:39:37', '2023-11-28 05:39:37', NULL, 'Esse animi pariatu'),
	(435, 'Elit veritatis temp', '2023-11-28 05:41:30', '2023-11-28 05:41:30', NULL, 'Elit veritatis temp'),
	(436, 'Incididunt qui adipi', '2023-11-28 05:50:46', '2023-11-28 05:50:46', NULL, 'Incididunt qui adipi'),
	(437, 'Consequatur sunt au', '2023-11-28 05:54:08', '2023-11-28 05:54:08', NULL, 'Consequatur sunt au'),
	(438, 'Velit et deserunt ma', '2023-11-28 05:54:59', '2023-11-28 05:54:59', NULL, 'Velit et deserunt ma'),
	(439, 'Aliqua Iusto facili', '2023-11-28 05:58:14', '2023-11-28 05:58:14', NULL, 'Aliqua Iusto facili'),
	(440, 'Rerum tenetur quibus', '2023-11-28 05:59:28', '2023-11-28 05:59:28', NULL, 'Rerum tenetur quibus'),
	(441, 'Irure eu deserunt cu', '2023-11-28 06:00:53', '2023-11-28 06:00:53', NULL, 'Irure eu deserunt cu'),
	(442, 'Ea magni ut ab quam', '2023-11-28 06:01:39', '2023-11-28 06:01:39', NULL, 'Ea magni ut ab quam'),
	(443, 'Possimus dolore nih', '2023-11-28 06:03:07', '2023-11-28 06:03:07', NULL, 'Possimus dolore nih'),
	(444, 'Tenetur atque deseru', '2023-11-28 06:19:51', '2023-11-28 06:19:51', NULL, 'Tenetur atque deseru'),
	(445, 'Esse natus cumque e', '2023-11-28 06:20:35', '2023-11-28 06:20:35', NULL, 'Esse natus cumque e'),
	(446, 'Magni est reiciendi', '2023-11-28 06:24:01', '2023-11-28 06:24:01', NULL, 'Magni est reiciendi'),
	(447, 'Corporis ipsum offic', '2023-11-28 06:32:16', '2023-11-28 06:32:16', NULL, 'Corporis ipsum offic'),
	(448, 'Obcaecati non sit n', '2023-11-28 06:35:10', '2023-11-28 06:35:10', NULL, 'Obcaecati non sit n'),
	(449, 'Repellendus Molesti', '2023-11-28 06:38:43', '2023-11-28 06:38:43', NULL, 'Repellendus Molesti'),
	(450, 'Consequatur in blan', '2023-11-28 06:40:14', '2023-11-28 06:40:14', NULL, 'Consequatur in blan'),
	(451, 'Optio enim irure qu', '2023-11-28 06:43:05', '2023-11-28 06:43:05', NULL, 'Optio enim irure qu'),
	(452, 'Perspiciatis ex lab', '2023-11-28 06:49:12', '2023-11-28 06:49:12', NULL, 'Perspiciatis ex lab'),
	(453, 'Dolor harum dolor la', '2023-11-28 06:49:32', '2023-11-28 06:49:32', NULL, 'Dolor harum dolor la'),
	(454, 'Nihil quia consequat', '2023-11-29 00:08:26', '2023-11-29 00:08:26', NULL, 'Nihil quia consequat'),
	(455, 'Provident molestiae', '2023-11-29 00:09:03', '2023-11-29 00:09:03', NULL, 'Provident molestiae'),
	(456, 'Quo laborum harum no', '2023-11-29 00:09:22', '2023-11-29 00:09:22', NULL, 'Quo laborum harum no'),
	(457, 'Nostrum consequatur', '2023-11-29 00:09:40', '2023-11-29 00:09:40', NULL, 'Nostrum consequatur'),
	(458, 'Ad dolor est fugiat', '2023-11-29 00:09:58', '2023-11-29 00:09:58', NULL, 'Ad dolor est fugiat'),
	(459, 'Culpa reiciendis des', '2023-11-29 00:10:15', '2023-11-29 00:10:15', NULL, 'Culpa reiciendis des'),
	(460, 'Porro voluptate magn', '2023-11-29 00:10:33', '2023-11-29 00:10:33', NULL, 'Porro voluptate magn'),
	(461, 'Consequuntur magni h', '2023-11-29 00:10:51', '2023-11-29 00:10:51', NULL, 'Consequuntur magni h'),
	(462, 'Repudiandae omnis et', '2023-11-29 00:11:12', '2023-11-29 00:11:12', NULL, 'Repudiandae omnis et'),
	(463, 'Est et eiusmod inve', '2023-11-29 00:51:15', '2023-11-29 00:51:15', NULL, 'Est et eiusmod inve'),
	(464, 'Sunt quo repellendus', '2023-11-29 00:51:41', '2023-11-29 00:51:41', NULL, 'Sunt quo repellendus'),
	(465, 'Est mollitia commodo', '2023-11-29 00:51:59', '2023-11-29 00:51:59', NULL, 'Est mollitia commodo'),
	(466, 'Commodo numquam enim', '2023-11-29 00:52:19', '2023-11-29 00:52:19', NULL, 'Commodo numquam enim'),
	(467, 'Pariatur Amet debi', '2023-11-29 00:52:37', '2023-11-29 00:52:37', NULL, 'Pariatur Amet debi'),
	(468, 'Officia alias omnis', '2023-11-29 00:54:19', '2023-11-29 00:54:19', NULL, 'Officia alias omnis'),
	(469, 'Assumenda rerum sed', '2023-11-29 00:58:46', '2023-11-29 00:58:46', NULL, 'Assumenda rerum sed'),
	(470, 'Nam accusamus verita', '2023-11-29 01:20:11', '2023-11-29 01:20:11', NULL, 'Nam accusamus verita'),
	(471, 'Expedita et eaque fa', '2023-11-29 01:22:08', '2023-11-29 01:22:08', NULL, 'Expedita et eaque fa'),
	(472, 'Facere voluptas quo', '2023-11-29 01:23:27', '2023-11-29 01:23:27', NULL, 'Facere voluptas quo'),
	(473, 'Qui ut consectetur q', '2023-11-29 01:43:14', '2023-11-29 01:43:14', NULL, 'Qui ut consectetur q'),
	(474, 'Anim rerum ea at neq', '2023-11-29 01:43:38', '2023-11-29 01:43:38', NULL, 'Anim rerum ea at neq'),
	(475, 'Asperiores omnis aut', '2023-11-29 01:43:59', '2023-11-29 01:43:59', NULL, 'Asperiores omnis aut'),
	(476, 'Aut nulla et a aut l', '2023-11-29 01:44:21', '2023-11-29 01:44:21', NULL, 'Aut nulla et a aut l'),
	(477, 'Non et nemo quas sol', '2023-11-29 01:44:41', '2023-11-29 01:44:41', NULL, 'Non et nemo quas sol'),
	(478, 'Est vero sequi accu', '2023-11-29 01:48:14', '2023-11-29 01:48:14', NULL, 'Est vero sequi accu'),
	(479, 'Quos odit dignissimo', '2023-11-29 01:51:28', '2023-11-29 01:51:28', NULL, 'Quos odit dignissimo'),
	(480, 'Ut qui cupiditate ea', '2023-11-29 01:53:36', '2023-11-29 01:53:36', NULL, 'Ut qui cupiditate ea'),
	(481, 'Ullam corrupti sapi', '2023-11-29 01:55:28', '2023-11-29 01:55:28', NULL, 'Ullam corrupti sapi'),
	(482, 'Quis ipsum iste veli', '2023-11-29 01:57:10', '2023-11-29 01:57:10', NULL, 'Quis ipsum iste veli'),
	(483, 'Doloribus laboriosam', '2023-11-29 01:57:32', '2023-11-29 01:57:32', NULL, 'Doloribus laboriosam'),
	(484, 'Eaque nostrum saepe', '2023-11-29 01:58:10', '2023-11-29 01:58:10', NULL, 'Eaque nostrum saepe'),
	(485, 'Voluptate eum molest', '2023-11-29 02:20:51', '2023-11-29 02:20:51', NULL, 'Voluptate eum molest'),
	(486, 'Quos numquam reicien', '2023-11-29 02:21:31', '2023-11-29 02:21:31', NULL, 'Quos numquam reicien'),
	(487, 'Sint duis unde adipi', '2023-11-29 02:21:52', '2023-11-29 02:21:52', NULL, 'Sint duis unde adipi'),
	(488, 'Necessitatibus quibu', '2023-11-29 02:24:25', '2023-11-29 02:24:25', NULL, 'Necessitatibus quibu'),
	(489, 'Rerum id praesentium', '2023-11-29 04:56:00', '2023-11-29 04:56:00', NULL, 'Rerum id praesentium'),
	(490, 'Tempore tempor qui', '2023-11-29 04:57:14', '2023-11-29 04:57:14', NULL, 'Tempore tempor qui'),
	(491, 'Aut magna et elit o', '2023-11-29 04:59:04', '2023-11-29 04:59:04', NULL, 'Aut magna et elit o'),
	(492, 'Qui recusandae Quia', '2023-11-29 05:01:07', '2023-11-29 05:01:07', NULL, 'Qui recusandae Quia'),
	(493, 'Facere excepteur qui', '2023-11-29 05:01:59', '2023-11-29 05:01:59', NULL, 'Facere excepteur qui'),
	(494, 'Ut aut omnis unde ad', '2023-11-29 05:02:31', '2023-11-29 05:02:31', NULL, 'Ut aut omnis unde ad'),
	(495, 'Quis qui et itaque m', '2023-11-29 05:08:25', '2023-11-29 05:08:25', NULL, 'Quis qui et itaque m'),
	(496, 'Voluptatum laudantiu', '2023-11-29 05:08:46', '2023-11-29 05:08:46', NULL, 'Voluptatum laudantiu'),
	(497, 'Incididunt consequat', '2023-11-29 05:09:13', '2023-11-29 05:09:13', NULL, 'Incididunt consequat'),
	(498, 'Sint perspiciatis', '2023-11-29 05:09:34', '2023-11-29 05:09:34', NULL, 'Sint perspiciatis'),
	(499, 'Optio hic dolorem n', '2023-11-29 05:11:56', '2023-11-29 05:11:56', NULL, 'Optio hic dolorem n'),
	(500, 'Aliqua Nulla sed es', '2023-11-29 05:12:32', '2023-11-29 05:12:32', NULL, 'Aliqua Nulla sed es'),
	(501, 'Proident obcaecati', '2023-11-29 05:13:07', '2023-11-29 05:13:07', NULL, 'Proident obcaecati'),
	(502, 'Et adipisicing et li', '2023-11-29 05:13:27', '2023-11-29 05:13:27', NULL, 'Et adipisicing et li'),
	(503, 'Corrupti voluptate', '2023-11-29 05:15:37', '2023-11-29 05:15:37', NULL, 'Corrupti voluptate'),
	(504, 'Placeat eligendi no', '2023-11-29 05:17:20', '2023-11-29 05:17:20', NULL, 'Placeat eligendi no'),
	(505, 'Incidunt sequi inci', '2023-11-29 05:21:08', '2023-11-29 05:21:08', NULL, 'Incidunt sequi inci'),
	(506, 'Dolore dolorem ut es', '2023-11-29 05:23:30', '2023-11-29 05:23:30', NULL, 'Dolore dolorem ut es'),
	(507, 'Eos sunt vel mollit', '2023-11-29 05:25:54', '2023-11-29 05:25:54', NULL, 'Eos sunt vel mollit'),
	(508, 'Delectus ad aut acc', '2023-11-29 05:26:56', '2023-11-29 05:26:56', NULL, 'Delectus ad aut acc'),
	(509, 'Quibusdam quia quia', '2023-11-29 05:28:14', '2023-11-29 05:28:14', NULL, 'Quibusdam quia quia'),
	(510, 'Veritatis eu beatae', '2023-11-29 05:29:34', '2023-11-29 05:29:34', NULL, 'Veritatis eu beatae'),
	(511, 'Consectetur et qui e', '2023-11-29 05:31:04', '2023-11-29 05:31:04', NULL, 'Consectetur et qui e'),
	(512, 'Blanditiis veniam a', '2023-11-29 05:34:26', '2023-11-29 05:34:26', NULL, 'Blanditiis veniam a'),
	(513, 'Accusamus quia cillu', '2023-11-29 05:34:59', '2023-11-29 05:34:59', NULL, 'Accusamus quia cillu'),
	(514, 'Voluptatem qui velit', '2023-11-29 05:36:00', '2023-11-29 05:36:00', NULL, 'Voluptatem qui velit'),
	(515, 'Nisi tenetur recusan', '2023-11-29 05:39:35', '2023-11-29 05:39:35', NULL, 'Nisi tenetur recusan'),
	(516, 'Veniam incididunt p', '2023-11-29 05:47:59', '2023-11-29 05:47:59', NULL, 'Veniam incididunt p'),
	(517, 'Amet voluptatem Qu', '2023-11-29 05:51:28', '2023-11-29 05:51:28', NULL, 'Amet voluptatem Qu'),
	(518, 'Ab dolore itaque tem', '2023-11-29 05:53:18', '2023-11-29 05:53:18', NULL, 'Ab dolore itaque tem'),
	(519, 'rubab new', '2023-11-30 00:43:06', '2023-11-30 00:43:06', NULL, 'rubab new'),
	(520, 'remooooo', '2023-11-30 00:50:47', '2023-11-30 00:50:47', NULL, 'remooooo'),
	(521, 'Accusamus voluptas o', '2023-11-30 00:55:11', '2023-11-30 00:55:11', NULL, 'Accusamus voluptas o'),
	(522, 'Assumenda nostrud en', '2023-11-30 00:56:07', '2023-11-30 00:56:07', NULL, 'Assumenda nostrud en'),
	(523, 'Qui quaerat officia', '2023-11-30 00:56:40', '2023-11-30 00:56:40', NULL, 'Qui quaerat officia'),
	(524, 'reniew', '2023-11-30 01:14:02', '2023-11-30 01:14:02', NULL, 'reniew'),
	(525, 'renoo', '2023-11-30 01:19:08', '2023-11-30 01:19:08', NULL, 'renoo'),
	(526, 'rubab todays brand', '2023-11-30 01:32:14', '2023-11-30 01:32:14', NULL, 'rubab todays brand'),
	(527, 'lime light', '2023-11-30 06:19:23', '2023-11-30 06:19:23', NULL, 'lime light'),
	(528, 'Lorem', '2023-11-30 23:47:03', '2023-11-30 23:47:03', NULL, 'Lorem'),
	(529, 'Omnis', '2023-12-05 05:07:41', '2023-12-05 05:07:41', NULL, 'Omnis'),
	(530, 'Null', '2023-12-05 05:17:46', '2023-12-05 05:17:46', NULL, 'Null'),
	(531, 'Dolor', '2023-12-05 23:28:12', '2023-12-05 23:28:12', NULL, 'Dolor'),
	(532, '6 nov product', '2023-12-06 01:15:28', '2023-12-06 01:15:28', NULL, '6 nov product'),
	(533, 'Error accusantium fa', '2023-12-07 23:40:43', '2023-12-07 23:40:43', NULL, 'Error accusantium fa'),
	(534, 'Illum excepteur in', '2023-12-07 23:42:05', '2023-12-07 23:42:05', NULL, 'Illum excepteur in'),
	(535, 'Voluptatem molestiae', '2023-12-11 04:05:14', '2023-12-11 04:05:14', NULL, 'Voluptatem molestiae'),
	(536, 'Commodo dolore magni', '2023-12-12 02:25:53', '2023-12-12 02:25:53', NULL, 'Commodo dolore magni'),
	(537, 'Et temporibus praese', '2023-12-18 00:10:47', '2023-12-18 00:10:47', NULL, 'Et temporibus praese'),
	(538, 'Libero ea molestiae', '2023-12-18 00:17:17', '2023-12-18 00:17:17', NULL, 'Libero ea molestiae'),
	(539, 'Quis at aliquid omni', '2023-12-18 00:17:49', '2023-12-18 00:17:49', NULL, 'Quis at aliquid omni'),
	(540, 'Itaque culpa labori', '2023-12-18 00:18:14', '2023-12-18 00:18:14', NULL, 'Itaque culpa labori'),
	(541, 'Alias eaque ea omnis', '2023-12-18 00:19:40', '2023-12-18 00:19:40', NULL, 'Alias eaque ea omnis'),
	(542, 'Culpa commodi dolor', '2023-12-18 00:25:38', '2023-12-18 00:25:38', NULL, 'Culpa commodi dolor'),
	(543, 'Ex sunt dolore facil', '2023-12-18 01:29:22', '2023-12-18 01:29:22', NULL, 'Ex sunt dolore facil'),
	(544, 'Qui sit ex minima e', '2023-12-18 02:23:22', '2023-12-18 02:23:22', NULL, 'Qui sit ex minima e'),
	(545, 'Dolore consectetur', '2023-12-18 02:24:46', '2023-12-18 02:24:46', NULL, 'Dolore consectetur'),
	(546, 'Nam vitae distinctio', '2023-12-18 02:26:59', '2023-12-18 02:26:59', NULL, 'Nam vitae distinctio'),
	(547, 'Ea veritatis volupta', '2023-12-18 02:27:49', '2023-12-18 02:27:49', NULL, 'Ea veritatis volupta'),
	(548, 'Eligendi sunt minim', '2023-12-18 02:28:52', '2023-12-18 02:28:52', NULL, 'Eligendi sunt minim'),
	(549, 'Ut sit aut voluptat', '2023-12-18 03:12:31', '2023-12-18 03:12:31', NULL, 'Ut sit aut voluptat'),
	(550, 'Quas ea eos id qui', '2023-12-18 03:16:31', '2023-12-18 03:16:31', NULL, 'Quas ea eos id qui'),
	(551, 'Quidem lorem laborio', '2023-12-18 03:17:24', '2023-12-18 03:17:24', NULL, 'Quidem lorem laborio'),
	(552, 'Numquam quo quia est', '2023-12-18 03:18:46', '2023-12-18 03:18:46', NULL, 'Numquam quo quia est'),
	(553, 'Necessitatibus ratio', '2023-12-18 03:57:11', '2023-12-18 03:57:11', NULL, 'Necessitatibus ratio'),
	(554, 'Minima eos sed temp', '2023-12-18 04:01:38', '2023-12-18 04:01:38', NULL, 'Minima eos sed temp'),
	(555, 'Consectetur possimu', '2023-12-18 04:14:14', '2023-12-18 04:14:14', NULL, 'Consectetur possimu'),
	(556, 'Accusamus consectetu', '2023-12-18 04:15:24', '2023-12-18 04:15:24', NULL, 'Accusamus consectetu'),
	(557, 'Numquam in labore cu', '2023-12-18 04:16:36', '2023-12-18 04:16:36', NULL, 'Numquam in labore cu'),
	(558, 'Non maxime adipisci', '2023-12-18 04:19:45', '2023-12-18 04:19:45', NULL, 'Non maxime adipisci'),
	(559, 'Quia qui velit enim', '2023-12-18 04:22:58', '2023-12-18 04:22:58', NULL, 'Quia qui velit enim'),
	(560, 'Est duis fugit sint', '2023-12-18 04:24:02', '2023-12-18 04:24:02', NULL, 'Est duis fugit sint'),
	(561, 'Sit dolor modi plac', '2023-12-18 04:31:18', '2023-12-18 04:31:18', NULL, 'Sit dolor modi plac'),
	(562, 'Qui irure sint possi', '2023-12-18 04:37:53', '2023-12-18 04:37:53', NULL, 'Qui irure sint possi'),
	(563, 'Ad tempore voluptas', '2023-12-18 04:40:53', '2023-12-18 04:40:53', NULL, 'Ad tempore voluptas'),
	(564, 'Pariatur Saepe cupi', '2023-12-18 04:43:45', '2023-12-18 04:43:45', NULL, 'Pariatur Saepe cupi'),
	(565, 'Delectus voluptate', '2023-12-18 04:49:19', '2023-12-18 04:49:19', NULL, 'Delectus voluptate'),
	(566, 'Praesentium officiis', '2023-12-18 04:50:39', '2023-12-18 04:50:39', NULL, 'Praesentium officiis'),
	(567, 'Sint deserunt exerci', '2023-12-18 04:51:51', '2023-12-18 04:51:51', NULL, 'Sint deserunt exerci'),
	(568, 'Sunt natus magnam ut', '2023-12-18 04:52:46', '2023-12-18 04:52:46', NULL, 'Sunt natus magnam ut'),
	(569, 'Sint iure rerum aliq', '2023-12-18 05:13:26', '2023-12-18 05:13:26', NULL, 'Sint iure rerum aliq'),
	(570, 'Nulla veniam incidi', '2023-12-18 05:15:35', '2023-12-18 05:15:35', NULL, 'Nulla veniam incidi'),
	(571, 'Anim reprehenderit', '2023-12-18 06:59:47', '2023-12-18 06:59:47', NULL, 'Anim reprehenderit'),
	(572, 'Beatae dolores labor', '2023-12-18 07:15:59', '2023-12-18 07:15:59', NULL, 'Beatae dolores labor'),
	(573, 'Animi quia dolor et', '2023-12-19 05:07:46', '2023-12-19 05:07:46', NULL, 'Animi quia dolor et'),
	(574, 'Aliquid nobis evenie', '2023-12-19 05:19:30', '2023-12-19 05:19:30', NULL, 'Aliquid nobis evenie'),
	(575, 'Est et eius natus v', '2023-12-19 05:33:53', '2023-12-19 05:33:53', NULL, 'Est et eius natus v'),
	(576, 'Minima aut molestiae', '2023-12-19 05:45:57', '2023-12-19 05:45:57', NULL, 'Minima aut molestiae'),
	(577, 'Natus illo delectus', '2023-12-19 05:46:23', '2023-12-19 05:46:23', NULL, 'Natus illo delectus'),
	(578, 'Mollit in et nostrud', '2023-12-19 05:47:41', '2023-12-19 05:47:41', NULL, 'Mollit in et nostrud'),
	(579, 'Aliquip dolorem eum', '2023-12-19 06:12:58', '2023-12-19 06:12:58', NULL, 'Aliquip dolorem eum'),
	(580, 'Ratione incidunt ra', '2023-12-19 06:15:05', '2023-12-19 06:15:05', NULL, 'Ratione incidunt ra'),
	(581, 'Deserunt velit do ul', '2023-12-19 06:30:59', '2023-12-19 06:30:59', NULL, 'Deserunt velit do ul'),
	(582, 'Id accusamus veritat', '2023-12-19 06:32:47', '2023-12-19 06:32:47', NULL, 'Id accusamus veritat'),
	(583, 'Minima dolores in at', '2023-12-19 06:50:46', '2023-12-19 06:50:46', NULL, 'Minima dolores in at'),
	(584, 'Quos dolores non ven', '2023-12-19 06:52:05', '2023-12-19 06:52:05', NULL, 'Quos dolores non ven'),
	(585, 'Reprehenderit nobis', '2023-12-19 06:55:47', '2023-12-19 06:55:47', NULL, 'Reprehenderit nobis'),
	(586, 'Est expedita eos vo', '2023-12-19 06:57:09', '2023-12-19 06:57:09', NULL, 'Est expedita eos vo'),
	(587, 'Sunt vel aliquid cil', '2023-12-19 07:09:30', '2023-12-19 07:09:30', NULL, 'Sunt vel aliquid cil'),
	(588, 'Veniam voluptatibus', '2023-12-19 07:12:10', '2023-12-19 07:12:10', NULL, 'Veniam voluptatibus'),
	(589, 'Eu illo aliquam labo', '2023-12-19 07:16:55', '2023-12-19 07:16:55', NULL, 'Eu illo aliquam labo'),
	(590, 'In accusantium ullam', '2023-12-19 07:18:40', '2023-12-19 07:18:40', NULL, 'In accusantium ullam'),
	(591, 'Error velit aut dolo', '2023-12-19 07:19:53', '2023-12-19 07:19:53', NULL, 'Error velit aut dolo'),
	(592, 'Repellendus Est pe', '2023-12-19 07:21:46', '2023-12-19 07:21:46', NULL, 'Repellendus Est pe'),
	(593, 'Mollitia ipsa nostr', '2023-12-19 07:25:25', '2023-12-19 07:25:25', NULL, 'Mollitia ipsa nostr'),
	(594, 'Sed sunt voluptatem', '2023-12-19 07:27:04', '2023-12-19 07:27:04', NULL, 'Sed sunt voluptatem'),
	(595, 'Aspernatur saepe adi', '2023-12-19 07:27:38', '2023-12-19 07:27:38', NULL, 'Aspernatur saepe adi'),
	(596, 'Earum facilis commod', '2023-12-19 07:28:07', '2023-12-19 07:28:07', NULL, 'Earum facilis commod'),
	(597, 'Veniam placeat omn', '2023-12-19 23:25:30', '2023-12-19 23:25:30', NULL, 'Veniam placeat omn'),
	(598, 'Non enim saepe inven', '2023-12-19 23:48:43', '2023-12-19 23:48:43', NULL, 'Non enim saepe inven'),
	(599, 'Quis numquam saepe d', '2023-12-19 23:50:08', '2023-12-19 23:50:08', NULL, 'Quis numquam saepe d'),
	(600, 'Architecto numquam e', '2023-12-20 00:01:35', '2023-12-20 00:01:35', NULL, 'Architecto numquam e'),
	(601, 'Et commodo rem excep', '2023-12-20 00:07:12', '2023-12-20 00:07:12', NULL, 'Et commodo rem excep'),
	(602, 'Voluptatem Incididu', '2023-12-20 00:09:06', '2023-12-20 00:09:06', NULL, 'Voluptatem Incididu'),
	(603, 'Natus quia qui est', '2023-12-20 00:12:37', '2023-12-20 00:12:37', NULL, 'Natus quia qui est'),
	(604, 'Incidunt labore com', '2023-12-20 00:17:20', '2023-12-20 00:17:20', NULL, 'Incidunt labore com'),
	(605, 'Voluptatibus consequ', '2023-12-20 00:18:34', '2023-12-20 00:18:34', NULL, 'Voluptatibus consequ'),
	(606, 'Consequatur Sit do', '2023-12-20 00:21:21', '2023-12-20 00:21:21', NULL, 'Consequatur Sit do'),
	(607, 'Quisquam rerum est q', '2023-12-20 00:24:42', '2023-12-20 00:24:42', NULL, 'Quisquam rerum est q'),
	(608, 'Ad nesciunt perfere', '2023-12-20 00:26:00', '2023-12-20 00:26:00', NULL, 'Ad nesciunt perfere'),
	(609, 'Ad ratione cupidatat', '2023-12-20 00:28:24', '2023-12-20 00:28:24', NULL, 'Ad ratione cupidatat'),
	(610, 'Quidem praesentium c', '2023-12-20 00:29:37', '2023-12-20 00:29:37', NULL, 'Quidem praesentium c'),
	(611, 'Totam autem praesent', '2023-12-20 00:31:00', '2023-12-20 00:31:00', NULL, 'Totam autem praesent'),
	(612, 'Rerum elit deleniti', '2023-12-20 00:32:07', '2023-12-20 00:32:07', NULL, 'Rerum elit deleniti'),
	(613, 'Et at quis numquam p', '2023-12-20 01:04:18', '2023-12-20 01:04:18', NULL, 'Et at quis numquam p'),
	(614, 'Ut asperiores amet', '2023-12-20 01:05:10', '2023-12-20 01:05:10', NULL, 'Ut asperiores amet'),
	(615, 'Id ea omnis ut eaque', '2023-12-20 01:27:42', '2023-12-20 01:27:42', NULL, 'Id ea omnis ut eaque'),
	(616, 'Est accusantium tota', '2023-12-20 01:33:29', '2023-12-20 01:33:29', NULL, 'Est accusantium tota'),
	(617, 'Minima minim est eaq', '2023-12-20 01:41:43', '2023-12-20 01:41:43', NULL, 'Minima minim est eaq'),
	(618, 'Dolores dolore dicta', '2023-12-20 01:48:39', '2023-12-20 01:48:39', NULL, 'Dolores dolore dicta'),
	(619, 'Exercitation laboris', '2023-12-20 01:50:44', '2023-12-20 01:50:44', NULL, 'Exercitation laboris'),
	(620, 'Velit est occaecat f', '2023-12-20 01:56:01', '2023-12-20 01:56:01', NULL, 'Velit est occaecat f'),
	(621, 'Facere impedit iust', '2023-12-20 01:59:23', '2023-12-20 01:59:23', NULL, 'Facere impedit iust'),
	(622, 'Quidem cillum ducimu', '2023-12-20 01:59:57', '2023-12-20 01:59:57', NULL, 'Quidem cillum ducimu'),
	(623, 'Modi sit incidunt e', '2023-12-20 02:01:11', '2023-12-20 02:01:11', NULL, 'Modi sit incidunt e'),
	(624, 'Commodi est culpa e', '2023-12-20 02:03:47', '2023-12-20 02:03:47', NULL, 'Commodi est culpa e'),
	(625, 'Qui similique vitae', '2023-12-20 02:17:00', '2023-12-20 02:17:00', NULL, 'Qui similique vitae'),
	(626, 'Qui doloribus sunt e', '2023-12-20 02:57:30', '2023-12-20 02:57:30', NULL, 'Qui doloribus sunt e'),
	(627, 'Ut quam delectus al', '2023-12-20 04:45:36', '2023-12-20 04:45:36', NULL, 'Ut quam delectus al'),
	(628, 'Architecto aut praes', '2023-12-20 04:52:45', '2023-12-20 04:52:45', NULL, 'Architecto aut praes'),
	(629, 'Ullamco quia at mole', '2023-12-20 04:55:43', '2023-12-20 04:55:43', NULL, 'Ullamco quia at mole'),
	(630, 'Tempor voluptatem m', '2023-12-20 05:19:51', '2023-12-20 05:19:51', NULL, 'Tempor voluptatem m'),
	(631, 'Ipsa placeat ratio', '2023-12-20 06:12:04', '2023-12-20 06:12:04', NULL, 'Ipsa placeat ratio'),
	(632, 'Et aut enim officia', '2023-12-21 00:22:20', '2023-12-21 00:22:20', NULL, 'Et aut enim officia'),
	(633, 'Ut alias qui commodi', '2023-12-21 00:30:06', '2023-12-21 00:30:06', NULL, 'Ut alias qui commodi'),
	(634, 'Eius laboriosam qui', '2023-12-21 00:36:20', '2023-12-21 00:36:20', NULL, 'Eius laboriosam qui'),
	(635, 'Enim error accusamus', '2023-12-21 00:38:47', '2023-12-21 00:38:47', NULL, 'Enim error accusamus'),
	(636, 'Maxime minus sit lor', '2023-12-21 00:40:49', '2023-12-21 00:40:49', NULL, 'Maxime minus sit lor'),
	(637, 'Harum nobis rerum do', '2023-12-21 00:45:55', '2023-12-21 00:45:55', NULL, 'Harum nobis rerum do'),
	(638, 'Tenetur dignissimos', '2023-12-21 00:51:25', '2023-12-21 00:51:25', NULL, 'Tenetur dignissimos'),
	(639, 'Officia rerum magnam', '2023-12-21 00:52:06', '2023-12-21 00:52:06', NULL, 'Officia rerum magnam'),
	(640, 'Et incididunt sint r', '2023-12-21 00:53:30', '2023-12-21 00:53:30', NULL, 'Et incididunt sint r'),
	(641, 'Omnis aut ipsum ull', '2023-12-21 00:54:14', '2023-12-21 00:54:14', NULL, 'Omnis aut ipsum ull'),
	(642, 'Non non aliquip quo', '2023-12-21 00:55:40', '2023-12-21 00:55:40', NULL, 'Non non aliquip quo'),
	(643, 'Ut tempora est imped', '2023-12-21 00:59:36', '2023-12-21 00:59:36', NULL, 'Ut tempora est imped'),
	(644, 'Placeat veniam pra', '2023-12-21 01:09:41', '2023-12-21 01:09:41', NULL, 'Placeat veniam pra'),
	(645, 'Hic mollit qui ullam', '2023-12-21 01:14:32', '2023-12-21 01:14:32', NULL, 'Hic mollit qui ullam'),
	(646, 'Ea velit dolor delec', '2023-12-21 01:18:33', '2023-12-21 01:18:33', NULL, 'Ea velit dolor delec'),
	(647, 'Et veniam culpa vo', '2023-12-21 01:22:03', '2023-12-21 01:22:03', NULL, 'Et veniam culpa vo'),
	(648, 'Cupiditate eos comm', '2023-12-21 01:23:58', '2023-12-21 01:23:58', NULL, 'Cupiditate eos comm'),
	(649, 'Adipisicing ipsam ex', '2023-12-21 01:24:51', '2023-12-21 01:24:51', NULL, 'Adipisicing ipsam ex'),
	(650, 'Velit possimus dist', '2023-12-21 01:26:01', '2023-12-21 01:26:01', NULL, 'Velit possimus dist'),
	(651, 'Error voluptate iure', '2023-12-21 01:26:47', '2023-12-21 01:26:47', NULL, 'Error voluptate iure'),
	(652, 'Voluptates mollit as', '2023-12-21 01:36:35', '2023-12-21 01:36:35', NULL, 'Voluptates mollit as'),
	(653, 'Quaerat dolor nostru', '2023-12-21 01:41:29', '2023-12-21 01:41:29', NULL, 'Quaerat dolor nostru'),
	(654, 'Iure ab enim maxime', '2023-12-21 01:44:46', '2023-12-21 01:44:46', NULL, 'Iure ab enim maxime'),
	(655, 'Est quo magna volupt', '2023-12-21 01:45:52', '2023-12-21 01:45:52', NULL, 'Est quo magna volupt'),
	(656, 'Et inventore esse m', '2023-12-21 01:48:23', '2023-12-21 01:48:23', NULL, 'Et inventore esse m'),
	(657, 'Ullam occaecat dolor', '2023-12-21 01:51:51', '2023-12-21 01:51:51', NULL, 'Ullam occaecat dolor'),
	(658, 'Et quisquam fugiat c', '2023-12-21 01:52:26', '2023-12-21 01:52:26', NULL, 'Et quisquam fugiat c'),
	(659, 'Consectetur cum do a', '2023-12-21 01:55:45', '2023-12-21 01:55:45', NULL, 'Consectetur cum do a'),
	(660, 'Qui elit cupidatat', '2023-12-21 01:56:42', '2023-12-21 01:56:42', NULL, 'Qui elit cupidatat'),
	(661, 'Doloremque et harum', '2023-12-21 01:57:17', '2023-12-21 01:57:17', NULL, 'Doloremque et harum'),
	(662, 'Culpa eligendi veri', '2023-12-21 02:01:49', '2023-12-21 02:01:49', NULL, 'Culpa eligendi veri'),
	(663, 'Doloremque quia aspe', '2023-12-21 02:05:44', '2023-12-21 02:05:44', NULL, 'Doloremque quia aspe'),
	(664, 'Temporibus et repreh', '2023-12-21 02:24:36', '2023-12-21 02:24:36', NULL, 'Temporibus et repreh'),
	(665, 'Ad dolorum tempore', '2023-12-21 02:42:26', '2023-12-21 02:42:26', NULL, 'Ad dolorum tempore'),
	(666, 'Et perspiciatis iru', '2023-12-21 02:45:58', '2023-12-21 02:45:58', NULL, 'Et perspiciatis iru'),
	(667, 'Eos ut quam non eos', '2023-12-21 02:48:22', '2023-12-21 02:48:22', NULL, 'Eos ut quam non eos'),
	(668, 'Eum laboriosam aper', '2023-12-21 04:11:51', '2023-12-21 04:11:51', NULL, 'Eum laboriosam aper'),
	(669, 'Consequat Qui repre', '2023-12-21 06:02:20', '2023-12-21 06:02:20', NULL, 'Consequat Qui repre'),
	(670, 'Quibusdam dolore ut', '2023-12-25 00:46:56', '2023-12-25 00:46:56', NULL, 'Quibusdam dolore ut'),
	(671, 'Non ipsum nihil aut', '2023-12-25 00:48:15', '2023-12-25 00:48:15', NULL, 'Non ipsum nihil aut'),
	(672, 'Dolorum qui sed dele', '2023-12-25 00:50:16', '2023-12-25 00:50:16', NULL, 'Dolorum qui sed dele'),
	(673, 'Minim et aut ipsum', '2023-12-25 03:12:26', '2023-12-25 03:12:26', NULL, 'Minim et aut ipsum'),
	(674, 'Esse reiciendis ver', '2023-12-25 03:13:12', '2023-12-25 03:13:12', NULL, 'Esse reiciendis ver'),
	(675, 'Consequuntur quas au', '2023-12-25 04:17:18', '2023-12-25 04:17:18', NULL, 'Consequuntur quas au'),
	(676, 'Hic et officia delen', '2023-12-25 04:23:34', '2023-12-25 04:23:34', NULL, 'Hic et officia delen'),
	(677, 'Qui cupiditate nostr', '2023-12-25 04:30:41', '2023-12-25 04:30:41', NULL, 'Qui cupiditate nostr'),
	(678, 'Error ad iusto moles', '2023-12-25 04:33:36', '2023-12-25 04:33:36', NULL, 'Error ad iusto moles'),
	(679, 'Ad nisi dolorem aut', '2023-12-25 04:36:03', '2023-12-25 04:36:03', NULL, 'Ad nisi dolorem aut'),
	(680, 'In vero dolor evenie', '2023-12-25 04:37:47', '2023-12-25 04:37:47', NULL, 'In vero dolor evenie'),
	(681, 'Minim sit numquam co', '2023-12-25 04:52:55', '2023-12-25 04:52:55', NULL, 'Minim sit numquam co'),
	(682, 'Tempora exercitation', '2023-12-25 04:53:59', '2023-12-25 04:53:59', NULL, 'Tempora exercitation'),
	(683, 'Aperiam ut in id rep', '2023-12-25 04:54:59', '2023-12-25 04:54:59', NULL, 'Aperiam ut in id rep'),
	(684, 'Qui in animi aliqui', '2023-12-25 04:55:30', '2023-12-25 04:55:30', NULL, 'Qui in animi aliqui'),
	(685, 'Magna placeat quae', '2023-12-25 04:55:48', '2023-12-25 04:55:48', NULL, 'Magna placeat quae'),
	(686, 'Ut et et maxime in m', '2023-12-25 04:56:20', '2023-12-25 04:56:20', NULL, 'Ut et et maxime in m'),
	(687, 'Iure perspiciatis e', '2023-12-25 05:51:22', '2023-12-25 05:51:22', NULL, 'Iure perspiciatis e'),
	(688, 'Odio temporibus repr', '2023-12-25 05:52:35', '2023-12-25 05:52:35', NULL, 'Odio temporibus repr'),
	(689, 'Recusandae Dicta od', '2023-12-25 05:55:24', '2023-12-25 05:55:24', NULL, 'Recusandae Dicta od'),
	(690, 'Nulla exercitation n', '2023-12-25 06:56:50', '2023-12-25 06:56:50', NULL, 'Nulla exercitation n'),
	(691, 'helllo new product', '2023-12-26 05:28:55', '2023-12-26 05:28:55', NULL, 'helllo new product'),
	(692, 'Enim aut aut amet m', '2023-12-26 05:30:49', '2023-12-26 05:30:49', NULL, 'Enim aut aut amet m'),
	(693, 'Sequi expedita aut q', '2023-12-26 05:39:01', '2023-12-26 05:39:01', NULL, 'Sequi expedita aut q'),
	(694, 'Voluptas in est qui', '2023-12-26 05:39:29', '2023-12-26 05:39:29', NULL, 'Voluptas in est qui'),
	(695, 'Ut quae natus sint d', '2023-12-26 05:41:03', '2023-12-26 05:41:03', NULL, 'Ut quae natus sint d'),
	(696, 'Veniam do hic dolor', '2023-12-26 05:42:27', '2023-12-26 05:42:27', NULL, 'Veniam do hic dolor'),
	(697, 'hy new product', '2023-12-26 05:50:26', '2023-12-26 05:50:26', NULL, 'hy new product'),
	(698, 'Beatae velit quos po', '2023-12-27 04:45:40', '2023-12-27 04:45:40', NULL, 'Beatae velit quos po'),
	(699, 'Hic voluptatibus fug', '2023-12-27 04:51:32', '2023-12-27 04:51:32', NULL, 'Hic voluptatibus fug'),
	(700, 'Tempore ex numquam', '2023-12-27 05:05:32', '2023-12-27 05:05:32', NULL, 'Tempore ex numquam'),
	(701, 'Quaerat quis maxime', '2023-12-27 05:07:08', '2023-12-27 05:07:08', NULL, 'Quaerat quis maxime'),
	(702, 'Nihil cupidatat et d', '2023-12-27 06:09:00', '2023-12-27 06:09:00', NULL, 'Nihil cupidatat et d'),
	(703, 'Amet optio corrupt', '2023-12-27 06:09:35', '2023-12-27 06:09:35', NULL, 'Amet optio corrupt'),
	(704, 'Dolores ad tenetur a', '2023-12-27 06:17:12', '2023-12-27 06:17:12', NULL, 'Dolores ad tenetur a'),
	(705, 'Omnis error mollitia', '2023-12-27 06:22:06', '2023-12-27 06:22:06', NULL, 'Omnis error mollitia'),
	(706, 'Dolores maiores non', '2023-12-28 01:59:30', '2023-12-28 01:59:30', NULL, 'Dolores maiores non'),
	(707, 'Mollitia laudantium', '2023-12-28 02:31:39', '2023-12-28 02:31:39', NULL, 'Mollitia laudantium'),
	(708, 'Voluptatem blanditi', '2023-12-28 07:46:06', '2023-12-28 07:46:06', NULL, 'Voluptatem blanditi'),
	(709, 'Similique perspiciat', '2023-12-28 07:46:29', '2023-12-28 07:46:29', NULL, 'Similique perspiciat'),
	(710, 'Ex enim est id magna', '2023-12-28 08:59:03', '2023-12-28 08:59:03', NULL, 'Ex enim est id magna'),
	(711, 'Eu impedit laboris', '2023-12-28 23:43:51', '2023-12-28 23:43:51', NULL, 'Eu impedit laboris'),
	(712, 'Numquam odit enim qu', '2023-12-28 23:45:27', '2023-12-28 23:45:27', NULL, 'Numquam odit enim qu'),
	(713, 'Dignissimos nobis mo', '2023-12-29 00:00:25', '2023-12-29 00:00:25', NULL, 'Dignissimos nobis mo'),
	(714, 'Suscipit tenetur aut', '2023-12-29 00:01:36', '2023-12-29 00:01:36', NULL, 'Suscipit tenetur aut'),
	(715, 'Dolor eveniet volup', '2023-12-29 00:07:08', '2023-12-29 00:07:08', NULL, 'Dolor eveniet volup'),
	(716, 'Ut molestiae volupta', '2023-12-29 00:08:41', '2023-12-29 00:08:41', NULL, 'Ut molestiae volupta'),
	(717, 'Dolore voluptatem in', '2023-12-29 00:10:57', '2023-12-29 00:10:57', NULL, 'Dolore voluptatem in'),
	(718, 'Dolore ut perferendi', '2023-12-29 00:12:36', '2023-12-29 00:12:36', NULL, 'Dolore ut perferendi'),
	(719, 'Adipisci est ut vel', '2023-12-29 00:14:50', '2023-12-29 00:14:50', NULL, 'Adipisci est ut vel'),
	(720, 'Voluptas quasi tenet', '2023-12-29 00:18:33', '2023-12-29 00:18:33', NULL, 'Voluptas quasi tenet'),
	(721, 'Voluptas quasi tenet1', '2023-12-29 00:29:05', '2023-12-29 00:29:05', NULL, 'Voluptas quasi tenet1'),
	(722, 'In dolore nulla dolo', '2023-12-29 00:32:14', '2023-12-29 00:32:14', NULL, 'In dolore nulla dolo'),
	(723, 'Nemo aut nihil delen', '2023-12-29 00:34:31', '2023-12-29 00:34:31', NULL, 'Nemo aut nihil delen'),
	(724, 'Eum sed adipisicing', '2023-12-29 00:36:55', '2023-12-29 00:36:55', NULL, 'Eum sed adipisicing'),
	(725, 'Cillum', '2023-12-29 02:07:14', '2023-12-29 02:07:14', NULL, 'Cillum'),
	(726, 'Aute eu unde molesti', '2023-12-29 03:57:32', '2023-12-29 03:57:32', NULL, 'Aute eu unde molesti'),
	(727, 'Eum est eos eos eni', '2023-12-29 03:57:48', '2023-12-29 03:57:48', NULL, 'Eum est eos eos eni'),
	(728, 'Ducimus commodo qui', '2023-12-29 03:58:40', '2023-12-29 03:58:40', NULL, 'Ducimus commodo qui'),
	(729, 'Illo omnis ipsam sun', '2023-12-29 04:21:43', '2023-12-29 04:21:43', NULL, 'Illo omnis ipsam sun'),
	(730, 'Adipisci dolores mol', '2023-12-29 04:56:17', '2023-12-29 04:56:17', NULL, 'Adipisci dolores mol'),
	(731, 'Lorem sunt a enim ad', '2023-12-29 06:14:26', '2023-12-29 06:14:26', NULL, 'Lorem sunt a enim ad'),
	(732, 'Culpa voluptatem u', '2023-12-30 02:32:46', '2023-12-30 02:32:46', NULL, 'Culpa voluptatem u'),
	(733, 'Qui adipisicing temp', '2023-12-30 05:58:32', '2023-12-30 05:58:32', NULL, 'Qui adipisicing temp');

CREATE TABLE IF NOT EXISTS `bundle_deals` (
  `id` bigint unsigned NOT NULL AUTO_INCREMENT,
  `value` varchar(255) CHARACTER SET utf8mb4 COLLATE utf8mb4_unicode_ci DEFAULT NULL,
  `type_id` bigint unsigned NOT NULL,
  `created_at` timestamp NULL DEFAULT NULL,
  `updated_at` timestamp NULL DEFAULT NULL,
  PRIMARY KEY (`id`),
  KEY `bundle_deals_type_id_foreign` (`type_id`),
  CONSTRAINT `bundle_deals_type_id_foreign` FOREIGN KEY (`type_id`) REFERENCES `types` (`id`)
) ENGINE=InnoDB AUTO_INCREMENT=26 DEFAULT CHARSET=utf8mb4 COLLATE=utf8mb4_unicode_ci;

DELETE FROM `bundle_deals`;
INSERT INTO `bundle_deals` (`id`, `value`, `type_id`, `created_at`, `updated_at`) VALUES
	(1, 'ðŸâ€¥ ðŸâ€¥ BUNDLE DEAL ðŸâ€¥ ðŸâ€¥\r\nBuy 2 Get FREE NEXT DAY SHIPPING!!\r\nâ€â€â€â€â€â€â€â€â€â€â€â€â€â€â€â€â€â€â€â€â€â€â€â€â€â€â€â€â€â€â€â€', 10, '2022-02-10 09:49:26', '2022-02-10 09:49:26'),
	(2, 'ðŸâ€¥ ðŸâ€¥ BUNDLE DEAL ðŸâ€¥ ðŸâ€¥\r\nBuy 2 Get FREE NEXT DAY SHIPPING!!\r\nâ€â€â€â€â€â€â€â€â€â€â€â€â€â€â€â€â€â€â€â€â€â€â€â€â€â€â€â€â€â€â€â€', 9, '2022-02-10 09:49:42', '2022-02-10 09:49:42'),
	(3, 'ðŸâ€¥ ðŸâ€¥ BUNDLE DEAL ðŸâ€¥ ðŸâ€¥\r\nBuy 2 Get FREE NEXT DAY SHIPPING!!\r\nâ€â€â€â€â€â€â€â€â€â€â€â€â€â€â€â€â€â€â€â€â€â€â€â€â€â€â€â€â€â€â€â€', 11, '2022-02-10 09:49:59', '2022-02-10 09:49:59'),
	(4, 'ðŸâ€¥ ðŸâ€¥ BUNDLE DEAL ðŸâ€¥ ðŸâ€¥\r\nBuy 2 Get FREE NEXT DAY SHIPPING!!\r\nâ€â€â€â€â€â€â€â€â€â€â€â€â€â€â€â€â€â€â€â€â€â€â€â€â€â€â€â€â€â€â€â€', 12, '2022-02-10 09:50:10', '2022-02-10 09:50:10'),
	(5, 'ðŸâ€¥ ðŸâ€¥ BUNDLE DEAL ðŸâ€¥ ðŸâ€¥\r\nBuy 2 Get FREE NEXT DAY SHIPPING!!\r\nâ€â€â€â€â€â€â€â€â€â€â€â€â€â€â€â€â€â€â€â€â€â€â€â€â€â€â€â€â€â€â€â€', 13, '2022-02-10 09:51:18', '2022-02-10 09:51:18'),
	(6, 'ðŸâ€¥ ðŸâ€¥ BUNDLE DEAL ðŸâ€¥ ðŸâ€¥\r\nBuy 2 Get FREE NEXT DAY SHIPPING!!\r\nâ€â€â€â€â€â€â€â€â€â€â€â€â€â€â€â€â€â€â€â€â€â€â€â€â€â€â€â€â€â€â€â€', 14, '2022-02-10 09:51:24', '2022-02-10 09:51:24'),
	(7, 'ðŸâ€¥ ðŸâ€¥ BUNDLE DEAL ðŸâ€¥ ðŸâ€¥\r\nBuy 2 Get FREE NEXT DAY SHIPPING!!\r\nâ€â€â€â€â€â€â€â€â€â€â€â€â€â€â€â€â€â€â€â€â€â€â€â€â€â€â€â€â€â€â€â€', 15, '2022-02-10 09:51:33', '2022-02-10 09:51:33'),
	(8, 'ðŸâ€¥ ðŸâ€¥ BUNDLE DEAL ðŸâ€¥ ðŸâ€¥\r\nBuy 2 Jeans, Get 1 FREE!\r\n... and FREE shipping!!!!\r\nâ€â€â€â€â€â€â€â€â€â€â€â€â€â€â€â€â€â€â€â€â€â€â€â€â€â€â€â€â€â€â€â€', 4, '2022-02-10 09:52:31', '2022-02-10 09:52:31'),
	(9, 'ðŸâ€¥ ðŸâ€¥ BUNDLE DEAL ðŸâ€¥ ðŸâ€¥ \r\nBuy 2 Jerseys, Get 1 FREE!\r\n... and FREE shipping!!!!\r\n â€â€â€â€â€â€â€â€â€â€â€â€â€â€â€â€â€â€â€â€â€â€â€â€â€â€â€â€â€â€â€â€', 33, '2022-02-10 09:53:01', '2022-02-18 09:02:35'),
	(10, 'ðŸâ€¥ ðŸâ€¥ BUNDLE DEAL ðŸâ€¥ ðŸâ€¥ \r\nBuy 2 Joggers, Get 1 FREE! \r\n... and FREE shipping!!!! \r\nâ€â€â€â€â€â€â€â€â€â€â€â€â€â€â€â€â€â€â€â€â€â€â€â€â€â€â€â€â€â€â€â€', 18, '2022-02-10 09:53:41', '2022-02-10 09:53:41'),
	(11, 'ðŸâ€¥ ðŸâ€¥ BUNDLE DEAL ðŸâ€¥ ðŸâ€¥ \r\nBuy 2 Get FREE NEXT DAY SHIPPING!!\r\nâ€â€â€â€â€â€â€â€â€â€â€â€â€â€â€â€â€â€â€â€â€â€â€â€â€â€â€â€â€â€â€â€', 19, '2022-02-10 09:54:08', '2022-02-10 09:54:08'),
	(12, 'ðŸâ€¥ ðŸâ€¥ BUNDLE DEAL ðŸâ€¥ ðŸâ€¥ \r\nBuy 2 Get FREE NEXT DAY SHIPPING!!\r\nâ€â€â€â€â€â€â€â€â€â€â€â€â€â€â€â€â€â€â€â€â€â€â€â€â€â€â€â€â€â€â€â€', 20, '2022-02-10 09:54:23', '2022-02-10 09:54:23'),
	(13, 'ðŸâ€¥ ðŸâ€¥ BUNDLE DEAL ðŸâ€¥ ðŸâ€¥ \r\nBuy 2 Get FREE NEXT DAY SHIPPING!!\r\nâ€â€â€â€â€â€â€â€â€â€â€â€â€â€â€â€â€â€â€â€â€â€â€â€â€â€â€â€â€â€â€â€', 21, '2022-02-10 09:54:39', '2022-02-10 09:54:39'),
	(14, 'ðŸâ€¥ ðŸâ€¥ BUNDLE DEAL ðŸâ€¥ ðŸâ€¥ \r\nBuy 2 Get FREE NEXT DAY SHIPPING!!\r\nâ€â€â€â€â€â€â€â€â€â€â€â€â€â€â€â€â€â€â€â€â€â€â€â€â€â€â€â€â€â€â€â€', 22, '2022-02-10 09:54:53', '2022-02-10 09:54:53'),
	(15, 'ðŸâ€¥ ðŸâ€¥ BUNDLE DEAL ðŸâ€¥ ðŸâ€¥ \r\nBuy 2 Get FREE NEXT DAY SHIPPING!!\r\nâ€â€â€â€â€â€â€â€â€â€â€â€â€â€â€â€â€â€â€â€â€â€â€â€â€â€â€â€â€â€â€â€', 23, '2022-02-10 09:55:02', '2022-02-10 09:55:02'),
	(16, 'ðŸâ€¥ ðŸâ€¥ BUNDLE DEAL ðŸâ€¥ ðŸâ€¥ \r\nBuy 2 Shirts, Get 1 FREE!\r\n... and FREE shipping!!!!\r\nâ€â€â€â€â€â€â€â€â€â€â€â€â€â€â€â€â€â€â€â€â€â€â€â€â€â€â€â€â€â€', 24, '2022-02-10 09:55:45', '2022-02-21 12:21:03'),
	(17, 'ðŸâ€¥ ðŸâ€¥ BUNDLE DEAL ðŸâ€¥ ðŸâ€¥ \r\nBuy 2 Get FREE NEXT DAY SHIPPING!!\r\n â€â€â€â€â€â€â€â€â€â€â€â€â€â€â€â€â€â€â€â€â€â€â€â€â€â€â€â€â€â€â€â€', 25, '2022-02-10 09:56:08', '2022-02-10 09:56:08'),
	(18, 'ðŸâ€¥ ðŸâ€¥ BUNDLE DEAL ðŸâ€¥ ðŸâ€¥ \r\nBuy 2 T Shirts, Get 1 FREE! \r\n... and FREE shipping!!!! \r\nâ€â€â€â€â€â€â€â€â€â€â€â€â€â€â€â€â€â€â€â€â€â€â€â€â€â€â€â€â€â€â€â€', 26, '2022-02-10 09:56:36', '2022-02-10 09:56:36'),
	(19, 'ðŸâ€¥ ðŸâ€¥ BUNDLE DEAL ðŸâ€¥ ðŸâ€¥ \r\nBuy 2 Get FREE NEXT DAY SHIPPING!! \r\nâ€â€â€â€â€â€â€â€â€â€â€â€â€â€â€â€â€â€â€â€â€â€â€â€â€â€â€â€â€â€â€â€', 27, '2022-02-10 09:57:00', '2022-02-10 09:57:00'),
	(20, 'ðŸâ€¥ ðŸâ€¥ BUNDLE DEAL ðŸâ€¥ ðŸâ€¥ \r\nBuy 2 Trousers, Get 1 FREE! \r\n... and FREE shipping!!!! \r\nâ€â€â€â€â€â€â€â€â€â€â€â€â€â€â€â€â€â€â€â€â€â€â€â€â€â€â€â€â€â€â€â€', 28, '2022-02-10 09:57:40', '2022-02-10 09:57:40'),
	(21, 'ðŸâ€¥ ðŸâ€¥ BUNDLE DEAL ðŸâ€¥ ðŸâ€¥ \r\nBuy 2 Get FREE NEXT DAY SHIPPING!! \r\nâ€â€â€â€â€â€â€â€â€â€â€â€â€â€â€â€â€â€â€â€â€â€â€â€â€â€â€â€â€â€â€â€', 29, '2022-02-10 09:58:15', '2022-02-10 09:58:15'),
	(22, 'ðŸâ€¥ ðŸâ€¥ BUNDLE DEAL ðŸâ€¥ ðŸâ€¥ \r\nBuy 2 Get FREE NEXT DAY SHIPPING!! \r\nâ€â€â€â€â€â€â€â€â€â€â€â€â€â€â€â€â€â€â€â€â€â€â€â€â€â€â€â€â€â€â€â€', 30, '2022-02-10 09:58:30', '2022-02-10 09:58:30'),
	(23, 'ðŸâ€¥ ðŸâ€¥ BUNDLE DEAL ðŸâ€¥ ðŸâ€¥ \r\nBuy 2 Get FREE NEXT DAY SHIPPING!! \r\nâ€â€â€â€â€â€â€â€â€â€â€â€â€â€â€â€â€â€â€â€â€â€â€â€â€â€â€â€â€â€â€â€', 31, '2022-02-10 09:58:46', '2022-02-10 09:58:46'),
	(24, 'ðŸâ€¥ ðŸâ€¥ BUNDLE DEAL ðŸâ€¥ ðŸâ€¥ \r\nBuy 2 Polo Shirts, Get 1 FREE! ... \r\nand FREE shipping!!!!\r\nâ€â€â€â€â€â€â€â€â€â€â€â€â€â€â€â€â€â€â€â€â€â€â€â€â€â€â€â€â€â€â€â€', 34, '2022-02-21 11:00:46', '2022-02-21 11:00:46'),
	(25, 'ðŸâ€¥ ðŸâ€¥ BUNDLE DEAL ðŸâ€¥ ðŸâ€¥ \r\nBuy 2 Get FREE NEXT DAY SHIPPING!! \r\nâ€â€â€â€â€â€â€â€â€â€â€â€â€â€â€â€â€â€â€â€â€â€â€â€â€â€â€â€â€â€â€â€', 35, '2022-02-22 12:48:41', '2022-02-22 12:48:41');

CREATE TABLE IF NOT EXISTS `damage_presets` (
  `id` bigint unsigned NOT NULL AUTO_INCREMENT,
  `name` varchar(255) CHARACTER SET utf8mb4 COLLATE utf8mb4_unicode_ci NOT NULL,
  `created_at` timestamp NULL DEFAULT NULL,
  `updated_at` timestamp NULL DEFAULT NULL,
  PRIMARY KEY (`id`)
) ENGINE=InnoDB AUTO_INCREMENT=16 DEFAULT CHARSET=utf8mb4 COLLATE=utf8mb4_unicode_ci;

DELETE FROM `damage_presets`;
INSERT INTO `damage_presets` (`id`, `name`, `created_at`, `updated_at`) VALUES
	(1, 'A Vintage Quality', '2022-01-25 19:00:00', '2022-02-17 12:23:25'),
	(3, 'Small mark on front', '2022-02-10 09:08:25', '2022-02-10 09:08:25'),
	(4, 'Small mark on arm', '2022-02-10 09:08:40', '2022-02-10 09:08:40'),
	(5, 'Small mark on back', '2022-02-10 09:08:57', '2022-02-10 09:08:57'),
	(6, 'Small mark on cuff', '2022-02-10 09:09:31', '2022-02-10 09:09:46'),
	(7, 'Small watermark on front', '2022-02-10 09:09:54', '2022-02-10 09:10:14'),
	(8, 'Faulty zip (repairable)', '2022-02-10 09:10:27', '2022-02-10 09:10:27'),
	(9, 'Tiny hole on front (see photos)', '2022-02-10 09:10:38', '2022-02-10 09:10:38'),
	(10, 'Tiny hole on back (see photos)', '2022-02-10 09:10:48', '2022-02-10 09:10:48'),
	(11, 'Tiny hole on arm (see photos)', '2022-02-10 09:10:57', '2022-02-10 09:10:57'),
	(14, 'B Grade - Marks throughout', '2022-02-22 11:49:27', '2022-02-22 11:49:27');

CREATE TABLE IF NOT EXISTS `details` (
  `id` bigint unsigned NOT NULL AUTO_INCREMENT,
  `name` varchar(255) CHARACTER SET utf8mb4 COLLATE utf8mb4_unicode_ci NOT NULL,
  `value` varchar(255) CHARACTER SET utf8mb4 COLLATE utf8mb4_unicode_ci NOT NULL,
  `created_at` timestamp NULL DEFAULT NULL,
  `updated_at` timestamp NULL DEFAULT NULL,
  PRIMARY KEY (`id`)
) ENGINE=InnoDB AUTO_INCREMENT=84 DEFAULT CHARSET=utf8mb4 COLLATE=utf8mb4_unicode_ci;

DELETE FROM `details`;
INSERT INTO `details` (`id`, `name`, `value`, `created_at`, `updated_at`) VALUES
	(4, '5', '550', '2022-02-10 09:32:03', '2022-02-10 09:32:03'),
	(5, '7', '700', '2022-02-10 09:32:12', '2022-02-10 09:32:12'),
	(6, 'a', 'Aztec', '2022-02-10 09:32:21', '2022-02-10 09:32:21'),
	(7, 'b', 'Button Up', '2022-02-10 09:32:32', '2022-02-10 09:32:32'),
	(8, 'bb', 'Back Print', '2022-02-10 09:32:47', '2022-02-10 09:32:47'),
	(9, 'c', 'Crewneck', '2022-02-10 09:32:59', '2022-02-10 09:32:59'),
	(10, 'cc', 'College', '2022-02-10 09:33:12', '2022-02-10 09:33:12'),
	(11, 'ccc', 'Cable', '2022-02-10 09:33:22', '2022-02-10 09:33:22'),
	(12, 'f', 'Fleece', '2022-02-10 09:33:34', '2022-02-10 09:33:34'),
	(13, 'ff', 'Fleece Lined', '2022-02-10 09:33:46', '2022-02-10 09:33:46'),
	(14, 'g', 'Gilet', '2022-02-10 09:33:54', '2022-02-10 09:33:54'),
	(15, 'cccc', 'Corduroy', '2022-02-10 09:34:07', '2022-02-10 09:34:07'),
	(16, 'dd', 'Detroit', '2022-02-10 09:34:22', '2022-02-10 09:34:22'),
	(17, 'ccccc', 'Cotton', '2022-02-10 09:34:45', '2022-02-10 09:34:45'),
	(18, 'cccccc', 'Check', '2022-02-10 09:35:02', '2022-02-10 09:35:02'),
	(19, 'd', 'Denali Jacket', '2022-02-10 09:35:15', '2022-02-10 09:35:15'),
	(20, 'j', 'Jumper', '2022-02-10 09:35:30', '2022-02-10 09:35:30'),
	(21, 'll', 'Leather', '2022-02-10 09:35:46', '2022-02-21 18:21:15'),
	(22, 'lll', 'Leather Arm', '2022-02-10 09:36:01', '2022-02-21 18:21:29'),
	(23, 'n', 'Nupste', '2022-02-10 09:36:21', '2022-02-10 09:36:21'),
	(24, 'gg', 'Graphic', '2022-02-10 09:36:45', '2022-02-10 09:36:45'),
	(25, 'h', 'Hooded', '2022-02-10 09:37:02', '2022-02-10 09:37:02'),
	(26, 'hh', 'Heavyweight', '2022-02-10 09:37:21', '2022-02-10 09:37:21'),
	(27, 'llll', 'Lumberjack', '2022-02-10 09:37:45', '2022-02-10 09:37:45'),
	(28, 'm', 'Middle Centre Swoosh', '2022-02-10 09:38:04', '2022-02-10 09:38:04'),
	(29, 'nn', 'NFL', '2022-02-10 09:38:16', '2022-02-10 09:38:16'),
	(30, 'nnn', 'Nylon Sportswear', '2022-02-10 09:38:31', '2022-02-10 09:38:31'),
	(31, 'p', 'Pullover', '2022-02-10 09:38:47', '2022-02-10 09:38:47'),
	(32, 'pp', 'Patched', '2022-02-10 09:39:09', '2022-02-10 09:39:09'),
	(33, 'ppp', 'Printed', '2022-02-10 09:39:27', '2022-02-10 09:39:27'),
	(34, 'q', 'Quarter Zip', '2022-02-10 09:41:57', '2022-02-10 09:41:57'),
	(35, 'r', 'Reversible', '2022-02-10 09:42:14', '2022-02-10 09:42:14'),
	(36, 's', 'Spellout', '2022-02-10 09:42:27', '2022-02-10 09:42:27'),
	(37, 'ss', 'Short Sleeve', '2022-02-10 09:42:40', '2022-02-10 09:42:40'),
	(38, 'sss', 'Single Stitch', '2022-02-10 09:42:58', '2022-02-10 09:46:03'),
	(39, 'ssss', 'Swoosh', '2022-02-10 09:43:20', '2022-02-10 09:43:20'),
	(40, 't', 'Snap T Synchilla', '2022-02-10 09:43:44', '2022-02-22 15:48:13'),
	(41, 'v', 'Vest Sleeveless', '2022-02-10 09:44:06', '2022-02-10 09:44:06'),
	(42, 'vv', 'V Neck', '2022-02-10 09:44:21', '2022-02-10 09:44:21'),
	(43, 'w', 'Waterproof', '2022-02-10 09:44:32', '2022-02-10 09:44:32'),
	(44, 'ww', 'Warm', '2022-02-10 09:44:44', '2022-02-10 09:44:44'),
	(45, 'z', 'Zip Up', '2022-02-10 09:44:54', '2022-02-10 09:44:54'),
	(46, 'www', 'Wool', '2022-02-10 09:45:04', '2022-02-10 09:45:04'),
	(47, 'nnnn', 'NBA', '2022-02-10 09:45:20', '2022-02-10 09:45:20'),
	(48, 'rr', 'Retro', '2022-02-10 09:45:33', '2022-02-10 09:45:33'),
	(49, 'pppp', 'Puffer', '2022-02-10 09:45:47', '2022-02-10 09:45:47'),
	(50, 'sssss', 'Striped', '2022-02-10 09:46:18', '2022-02-10 09:46:18'),
	(51, 'ggg', 'Granddad', '2022-02-10 09:46:41', '2022-02-10 09:46:41'),
	(52, 'tt', 'Tie Dye', '2022-02-10 09:46:58', '2022-02-10 09:46:58'),
	(53, 'l', 'Long Sleeve', '2022-02-10 09:47:11', '2022-02-10 09:47:11'),
	(54, 'k', 'Knitted', '2022-02-10 09:47:20', '2022-02-10 09:47:20'),
	(55, 'r', 'Ribbed', '2022-02-10 09:47:41', '2022-02-10 09:47:41'),
	(56, 'ttt', 'Turtle Neck', '2022-02-17 13:20:00', '2022-02-17 13:20:00'),
	(57, 'mm', 'Mickey Mouse', '2022-02-18 09:06:22', '2022-02-23 12:59:47'),
	(58, 'ppppp', 'Plain', '2022-02-21 12:08:49', '2022-02-21 12:08:49'),
	(59, 'rrr', 'Ribbed', '2022-02-21 17:46:58', '2022-02-21 17:47:20'),
	(60, 'ddd', 'Denim', '2022-02-22 15:43:10', '2022-02-22 15:43:10'),
	(61, 'fff', 'Fluffy', '2022-02-22 15:45:01', '2022-02-22 15:45:01'),
	(62, 'tttt', 'Snap T', '2022-02-22 15:49:20', '2022-02-22 15:49:20'),
	(63, 'ssssss', 'Sherpa', '2022-02-22 15:49:38', '2022-02-22 15:49:38'),
	(64, 'bbb', 'Bootcut', '2022-02-22 15:59:30', '2022-02-22 15:59:30'),
	(65, 'lllll', 'Light Wash', '2022-02-22 16:00:02', '2022-02-22 16:00:02'),
	(66, 'qq', 'Quarter Button', '2022-02-22 16:11:51', '2022-02-22 16:11:51'),
	(67, 'sssssss', 'Sweatshirt', '2022-02-22 16:13:17', '2022-02-22 16:13:17'),
	(68, 'llllll', 'Lightweight', '2022-02-22 16:16:17', '2022-02-22 16:16:17'),
	(69, 'bbbb', 'Billy Super T', '2022-02-22 16:25:00', '2022-02-22 16:25:00'),
	(70, 'rrrr', 'Relaxed Fit', '2022-02-22 16:25:25', '2022-02-22 16:25:25'),
	(71, 'mmm', 'Michigan', '2022-02-22 16:39:33', '2022-02-22 16:39:33'),
	(72, '511', '511', '2022-02-23 12:54:23', '2022-02-23 12:54:23'),
	(73, '516', '516', '2022-02-23 12:56:30', '2022-02-23 12:56:30'),
	(74, '512', '512', '2022-02-23 12:57:04', '2022-02-23 12:57:04'),
	(75, 'ssssssss', 'Straight Leg', '2022-02-23 12:57:35', '2022-02-23 12:57:35'),
	(76, 'sssssssss', 'Sherpa Lined', '2022-02-23 13:02:54', '2022-02-23 13:02:54'),
	(77, '505', '505', '2022-02-23 13:06:03', '2022-02-23 13:06:03'),
	(78, '514', '514', '2022-02-23 13:06:46', '2022-02-23 13:06:46'),
	(79, '514', '514', '2022-02-23 13:07:21', '2022-02-23 13:07:21'),
	(80, 'pppppp', 'Prep Y2K Style', '2022-02-23 13:10:01', '2022-02-23 13:10:01'),
	(81, 'y', 'Y2K', '2022-02-24 10:57:58', '2022-02-24 10:57:58'),
	(82, 'dddd', 'Detachable Hood', '2022-02-24 11:14:11', '2022-02-24 11:14:11'),
	(83, 'ppppppp', 'Pastel', '2022-02-24 11:17:03', '2022-02-24 11:17:03');

CREATE TABLE IF NOT EXISTS `embroidered_printeds` (
  `id` bigint unsigned NOT NULL AUTO_INCREMENT,
  `name` varchar(255) CHARACTER SET utf8mb4 COLLATE utf8mb4_unicode_ci DEFAULT NULL,
  `created_at` timestamp NULL DEFAULT NULL,
  `updated_at` timestamp NULL DEFAULT NULL,
  PRIMARY KEY (`id`)
) ENGINE=InnoDB AUTO_INCREMENT=3 DEFAULT CHARSET=utf8mb4 COLLATE=utf8mb4_unicode_ci;

DELETE FROM `embroidered_printeds`;
INSERT INTO `embroidered_printeds` (`id`, `name`, `created_at`, `updated_at`) VALUES
	(1, 'Embroidered', '2022-01-25 19:00:00', '2022-01-25 19:00:00'),
	(2, 'Printed', '2022-01-25 19:00:00', '2022-01-25 19:00:00');

CREATE TABLE IF NOT EXISTS `eras` (
  `id` bigint unsigned NOT NULL AUTO_INCREMENT,
  `era` varchar(255) CHARACTER SET utf8mb4 COLLATE utf8mb4_unicode_ci DEFAULT NULL,
  `created_at` timestamp NULL DEFAULT NULL,
  `updated_at` timestamp NULL DEFAULT NULL,
  PRIMARY KEY (`id`)
) ENGINE=InnoDB AUTO_INCREMENT=5 DEFAULT CHARSET=utf8mb4 COLLATE=utf8mb4_unicode_ci;

DELETE FROM `eras`;
INSERT INTO `eras` (`id`, `era`, `created_at`, `updated_at`) VALUES
	(1, '90\'s', '2022-02-10 08:46:16', '2022-02-10 08:46:16'),
	(2, '00\'s Y2K', '2022-02-10 08:46:28', '2022-02-10 09:20:48'),
	(3, '80\'S', '2022-02-10 09:21:02', '2022-02-10 09:21:02'),
	(4, 'Deadstock', '2022-02-10 09:21:22', '2022-02-10 09:21:22');

CREATE TABLE IF NOT EXISTS `failed_jobs` (
  `id` bigint unsigned NOT NULL AUTO_INCREMENT,
  `uuid` varchar(255) CHARACTER SET utf8mb4 COLLATE utf8mb4_unicode_ci NOT NULL,
  `connection` text CHARACTER SET utf8mb4 COLLATE utf8mb4_unicode_ci NOT NULL,
  `queue` text CHARACTER SET utf8mb4 COLLATE utf8mb4_unicode_ci NOT NULL,
  `payload` longtext CHARACTER SET utf8mb4 COLLATE utf8mb4_unicode_ci NOT NULL,
  `exception` longtext CHARACTER SET utf8mb4 COLLATE utf8mb4_unicode_ci NOT NULL,
  `failed_at` timestamp NOT NULL DEFAULT CURRENT_TIMESTAMP,
  PRIMARY KEY (`id`),
  UNIQUE KEY `failed_jobs_uuid_unique` (`uuid`)
) ENGINE=InnoDB AUTO_INCREMENT=30 DEFAULT CHARSET=utf8mb4 COLLATE=utf8mb4_unicode_ci;

DELETE FROM `failed_jobs`;

CREATE TABLE IF NOT EXISTS `genders` (
  `id` bigint unsigned NOT NULL AUTO_INCREMENT,
  `gender` varchar(255) CHARACTER SET utf8mb4 COLLATE utf8mb4_unicode_ci DEFAULT NULL,
  `created_at` timestamp NULL DEFAULT NULL,
  `updated_at` timestamp NULL DEFAULT NULL,
  PRIMARY KEY (`id`)
) ENGINE=InnoDB AUTO_INCREMENT=7 DEFAULT CHARSET=utf8mb4 COLLATE=utf8mb4_unicode_ci;

DELETE FROM `genders`;
INSERT INTO `genders` (`id`, `gender`, `created_at`, `updated_at`) VALUES
	(4, 'Women\'s', '2022-02-10 10:00:38', '2022-02-10 10:00:38'),
	(6, 'Men\'s', '2022-02-10 10:00:51', '2022-02-10 10:00:51');

CREATE TABLE IF NOT EXISTS `gender_size_guides` (
  `id` bigint unsigned NOT NULL AUTO_INCREMENT,
  `type_id` bigint unsigned NOT NULL,
  `size_on_label` varchar(255) CHARACTER SET utf8mb4 COLLATE utf8mb4_unicode_ci DEFAULT NULL,
  `values` text CHARACTER SET utf8mb4 COLLATE utf8mb4_unicode_ci,
  `gender` varchar(255) CHARACTER SET utf8mb4 COLLATE utf8mb4_unicode_ci DEFAULT NULL,
  `created_at` timestamp NULL DEFAULT NULL,
  `updated_at` timestamp NULL DEFAULT NULL,
  PRIMARY KEY (`id`),
  KEY `gender_size_guides_type_id_foreign` (`type_id`),
  CONSTRAINT `gender_size_guides_type_id_foreign` FOREIGN KEY (`type_id`) REFERENCES `types` (`id`)
) ENGINE=InnoDB AUTO_INCREMENT=2 DEFAULT CHARSET=utf8mb4 COLLATE=utf8mb4_unicode_ci;

DELETE FROM `gender_size_guides`;
INSERT INTO `gender_size_guides` (`id`, `type_id`, `size_on_label`, `values`, `gender`, `created_at`, `updated_at`) VALUES
	(1, 1, 'Small', '24, 25, 26, 27', 'Male', '2022-02-07 14:37:45', '2022-02-07 14:37:45');

CREATE TABLE IF NOT EXISTS `jobs` (
  `id` bigint unsigned NOT NULL AUTO_INCREMENT,
  `queue` varchar(255) CHARACTER SET utf8mb4 COLLATE utf8mb4_unicode_ci NOT NULL,
  `payload` longtext CHARACTER SET utf8mb4 COLLATE utf8mb4_unicode_ci NOT NULL,
  `attempts` tinyint unsigned NOT NULL,
  `reserved_at` int unsigned DEFAULT NULL,
  `available_at` int unsigned NOT NULL,
  `created_at` int unsigned NOT NULL,
  PRIMARY KEY (`id`),
  KEY `jobs_queue_index` (`queue`)
) ENGINE=InnoDB AUTO_INCREMENT=138 DEFAULT CHARSET=utf8mb4 COLLATE=utf8mb4_unicode_ci;

DELETE FROM `jobs`;

CREATE TABLE IF NOT EXISTS `materials` (
  `id` bigint unsigned NOT NULL AUTO_INCREMENT,
  `name` varchar(255) CHARACTER SET utf8mb4 COLLATE utf8mb4_unicode_ci NOT NULL,
  `value` varchar(255) CHARACTER SET utf8mb4 COLLATE utf8mb4_unicode_ci NOT NULL,
  `deleted_at` timestamp NULL DEFAULT NULL,
  `created_at` timestamp NULL DEFAULT NULL,
  `updated_at` timestamp NULL DEFAULT NULL,
  PRIMARY KEY (`id`)
) ENGINE=InnoDB AUTO_INCREMENT=269 DEFAULT CHARSET=utf8mb4 COLLATE=utf8mb4_unicode_ci;

DELETE FROM `materials`;
INSERT INTO `materials` (`id`, `name`, `value`, `deleted_at`, `created_at`, `updated_at`) VALUES
	(1, 'cotton', 'cotton', NULL, '2022-07-04 14:09:29', '2022-07-04 14:09:29'),
	(2, 'wool', 'wool', NULL, '2022-07-04 14:13:29', '2022-07-04 14:13:29'),
	(3, 'silk', 'silk', NULL, '2022-07-04 14:17:50', '2022-07-04 14:17:50'),
	(4, 'Nylom', 'Nylom', NULL, '2022-07-07 03:32:46', '2022-07-07 03:32:46'),
	(5, 'Polyester', 'Polyester', NULL, '2022-07-07 04:11:38', '2022-07-07 04:11:38'),
	(6, 'Polyester and Cotton', 'Polyester and Cotton', NULL, '2022-07-07 04:51:54', '2022-07-07 04:51:54'),
	(7, 'N/A', 'N/A', NULL, '2022-07-07 06:05:47', '2022-07-07 06:05:47'),
	(8, '12', '12', NULL, '2022-07-07 06:43:04', '2022-07-07 06:43:04'),
	(9, 'Polyester and wool', 'Polyester and wool', NULL, '2022-07-07 07:13:02', '2022-07-07 07:13:02'),
	(10, 'Cotton and  polyester', 'Cotton and  polyester', NULL, '2022-07-07 08:12:46', '2022-07-07 08:12:46'),
	(11, 'Cotton and polyester', 'Cotton and polyester', NULL, '2022-07-07 10:04:12', '2022-07-07 10:04:12'),
	(12, 'Nylon', 'Nylon', NULL, '2022-07-07 12:20:13', '2022-07-07 12:20:13'),
	(13, 'LAMBSWOOL', 'LAMBSWOOL', NULL, '2022-07-07 13:12:34', '2022-07-07 13:12:34'),
	(14, 'Polyamide/Nylon', 'Polyamide/Nylon', NULL, '2022-07-08 03:04:01', '2022-07-08 03:04:01'),
	(15, 'Pure Lambswool', 'Pure Lambswool', NULL, '2022-07-08 05:56:42', '2022-07-08 05:56:42'),
	(16, '100% Polyster', '100% Polyster', NULL, '2022-07-08 06:41:29', '2022-07-08 06:41:29'),
	(17, 'COTTON and SPANDEX', 'COTTON and SPANDEX', NULL, '2022-07-08 10:09:46', '2022-07-08 10:09:46'),
	(18, '80%cotton 20%polyster', '80%cotton 20%polyster', NULL, '2022-07-08 12:18:27', '2022-07-08 12:18:27'),
	(19, '100%NYLON', '100%NYLON', NULL, '2022-07-08 12:47:32', '2022-07-08 12:47:32'),
	(20, '100%cotton', '100%cotton', NULL, '2022-07-08 13:21:27', '2022-07-08 13:21:27'),
	(21, '50% Polyster 50% Cotton', '50% Polyster 50% Cotton', NULL, '2022-07-12 02:34:34', '2022-07-12 02:34:34'),
	(22, '65% Polyster 35% Cotton', '65% Polyster 35% Cotton', NULL, '2022-07-12 04:21:02', '2022-07-12 04:21:02'),
	(23, '60% Cotton 40%polyester', '60% Cotton 40%polyester', NULL, '2022-07-12 06:06:49', '2022-07-12 06:06:49'),
	(24, '65% Polyester 35% Cotton', '65% Polyester 35% Cotton', NULL, '2022-07-12 07:20:16', '2022-07-12 07:20:16'),
	(25, '82% Cotton 18% Polyster', '82% Cotton 18% Polyster', NULL, '2022-07-12 07:59:19', '2022-07-12 07:59:19'),
	(26, '50%Creslan50%Cotton', '50%Creslan50%Cotton', NULL, '2022-07-12 08:32:21', '2022-07-12 08:32:21'),
	(27, '78%Cotton 22% Polyster', '78%Cotton 22% Polyster', NULL, '2022-07-12 08:58:27', '2022-07-12 08:58:27'),
	(28, 'POLYAMIDE', 'POLYAMIDE', NULL, '2022-07-12 09:05:44', '2022-07-12 09:05:44'),
	(29, 'mhssieng label', 'mhssieng label', NULL, '2022-07-12 12:54:50', '2022-07-12 12:54:50'),
	(30, '80% Cotton 20%polyester', '80% Cotton 20%polyester', NULL, '2022-07-12 14:59:24', '2022-07-12 14:59:24'),
	(31, '90% Polyester 10%Elastane', '90% Polyester 10%Elastane', NULL, '2022-07-12 15:08:11', '2022-07-12 15:08:11'),
	(32, '68%ACRYLIC32%COTTON', '68%ACRYLIC32%COTTON', NULL, '2022-07-12 15:35:07', '2022-07-12 15:35:07'),
	(33, '80% Polyster 20% Cotton', '80% Polyster 20% Cotton', NULL, '2022-07-13 04:08:43', '2022-07-13 04:08:43'),
	(34, '90%Pamut 10%Polyester', '90%Pamut 10%Polyester', NULL, '2022-07-13 06:01:18', '2022-07-13 06:01:18'),
	(35, '70%Cotton 30% Polyster', '70%Cotton 30% Polyster', NULL, '2022-07-13 06:57:54', '2022-07-13 06:57:54'),
	(36, 'Algodon and Polyester', 'Algodon and Polyester', NULL, '2022-07-13 08:32:40', '2022-07-13 08:32:40'),
	(37, '72% Polyester 28% Cotton', '72% Polyester 28% Cotton', NULL, '2022-07-13 08:36:00', '2022-07-13 08:36:00'),
	(38, '60%Cotton 40% Polyester', '60%Cotton 40% Polyester', NULL, '2022-07-13 11:21:44', '2022-07-13 11:21:44'),
	(39, '82% Cotton 18%polyester', '82% Cotton 18%polyester', NULL, '2022-07-13 11:59:05', '2022-07-13 11:59:05'),
	(40, '58%Cotton 42% Polyester', '58%Cotton 42% Polyester', NULL, '2022-07-13 12:06:50', '2022-07-13 12:06:50'),
	(41, '100% Polyester', '100% Polyester', NULL, '2022-07-13 13:11:13', '2022-07-13 13:11:13'),
	(42, '65% cotton 35% polyster', '65% cotton 35% polyster', NULL, '2022-07-13 14:29:05', '2022-07-13 14:29:05'),
	(43, '64%Cotton 36% Nylon', '64%Cotton 36% Nylon', NULL, '2022-07-13 14:48:30', '2022-07-13 14:48:30'),
	(44, '100% NYLON', '100% NYLON', NULL, '2022-07-13 14:56:57', '2022-07-13 14:56:57'),
	(45, '79%Algodon 21% Polyester', '79%Algodon 21% Polyester', NULL, '2022-07-13 16:35:14', '2022-07-13 16:35:14'),
	(46, 'Polyster and Cotton', 'Polyster and Cotton', NULL, '2022-07-14 03:22:32', '2022-07-14 03:22:32'),
	(47, 'Wool and Naylon', 'Wool and Naylon', NULL, '2022-07-14 03:52:21', '2022-07-14 03:52:21'),
	(48, '100%Cashmere', '100%Cashmere', NULL, '2022-07-14 07:22:12', '2022-07-14 07:22:12'),
	(49, '70% Bawelna 30% Cotton', '70% Bawelna 30% Cotton', NULL, '2022-07-14 10:37:25', '2022-07-14 10:37:25'),
	(50, '50% NYLON50%polyester', '50% NYLON50%polyester', NULL, '2022-07-14 11:28:06', '2022-07-14 11:28:06'),
	(51, '70% Cotton 30% Polyester', '70% Cotton 30% Polyester', NULL, '2022-07-14 12:12:40', '2022-07-14 12:12:40'),
	(52, 'Nylon and polyester', 'Nylon and polyester', NULL, '2022-07-14 13:01:30', '2022-07-14 13:01:30'),
	(53, '65% cotton 35% polyester', '65% cotton 35% polyester', NULL, '2022-07-14 16:05:32', '2022-07-14 16:05:32'),
	(54, '100%  cotton', '100%  cotton', NULL, '2022-07-14 16:29:19', '2022-07-14 16:29:19'),
	(55, 'Polyster and Cotton and nylon', 'Polyster and Cotton and nylon', NULL, '2022-07-15 04:02:25', '2022-07-15 04:02:25'),
	(56, '100% cotton', '100% cotton', NULL, '2022-07-15 04:21:23', '2022-07-15 04:21:23'),
	(57, '80% Cotton 20% polyester', '80% Cotton 20% polyester', NULL, '2022-07-15 06:47:01', '2022-07-15 06:47:01'),
	(58, 'cotton and nylon', 'cotton and nylon', NULL, '2022-07-15 10:24:37', '2022-07-15 10:24:37'),
	(59, '50% Polyester 50% Cotton', '50% Polyester 50% Cotton', NULL, '2022-07-15 10:51:08', '2022-07-15 10:51:08'),
	(60, '97% Cpyyon 3% Elastane', '97% Cpyyon 3% Elastane', NULL, '2022-07-15 10:54:53', '2022-07-15 10:54:53'),
	(61, '63% Cotton 19% polyster 18% Viscose', '63% Cotton 19% polyster 18% Viscose', NULL, '2022-07-15 13:20:35', '2022-07-15 13:20:35'),
	(62, 'Cotton and Elastane', 'Cotton and Elastane', NULL, '2022-07-15 14:02:43', '2022-07-15 14:02:43'),
	(63, '78% Cotton 22% Polyster', '78% Cotton 22% Polyster', NULL, '2022-07-15 14:04:12', '2022-07-15 14:04:12'),
	(64, '80%Cotton 20% Polyester', '80%Cotton 20% Polyester', NULL, '2022-07-16 06:07:51', '2022-07-16 06:07:51'),
	(65, '93% Cotton 7% Polyster', '93% Cotton 7% Polyster', NULL, '2022-07-16 06:18:42', '2022-07-16 06:18:42'),
	(66, '98% COTTON 2% Elastane', '98% COTTON 2% Elastane', NULL, '2022-07-16 08:09:32', '2022-07-16 08:09:32'),
	(67, 'Polyester and nylon', 'Polyester and nylon', NULL, '2022-07-16 08:59:38', '2022-07-16 08:59:38'),
	(68, '52% Cotton 48 % Polyster', '52% Cotton 48 % Polyster', NULL, '2022-07-16 09:58:34', '2022-07-16 09:58:34'),
	(69, '80% Polyester 20% Cotton', '80% Polyester 20% Cotton', NULL, '2022-07-16 10:26:07', '2022-07-16 10:26:07'),
	(70, 'Cotton and Polyster', 'Cotton and Polyster', NULL, '2022-07-16 11:13:37', '2022-07-16 11:13:37'),
	(71, 'Cotton and Algodon', 'Cotton and Algodon', NULL, '2022-07-16 11:25:09', '2022-07-16 11:25:09'),
	(72, '98% Cotton 2% Spandax', '98% Cotton 2% Spandax', NULL, '2022-07-16 12:38:00', '2022-07-16 12:38:00'),
	(73, 'LINING', 'LINING', NULL, '2022-07-16 12:50:33', '2022-07-16 12:50:33'),
	(74, '91% Polyster 9% Spandex', '91% Polyster 9% Spandex', NULL, '2022-07-18 05:43:42', '2022-07-18 05:43:42'),
	(75, '50%Cotton 50% Polyester', '50%Cotton 50% Polyester', NULL, '2022-07-18 05:57:22', '2022-07-18 05:57:22'),
	(76, '65% cotton 35% Spendex', '65% cotton 35% Spendex', NULL, '2022-07-18 06:01:14', '2022-07-18 06:01:14'),
	(77, '77% Cotton 23% Polyester', '77% Cotton 23% Polyester', NULL, '2022-07-18 08:04:12', '2022-07-18 08:04:12'),
	(78, '100% Polyester 100% Cotton', '100% Polyester 100% Cotton', NULL, '2022-07-18 08:21:33', '2022-07-18 08:21:33'),
	(79, '55% Cotton 45%polyester', '55% Cotton 45%polyester', NULL, '2022-07-18 08:35:59', '2022-07-18 08:35:59'),
	(80, '100%Lambswool', '100%Lambswool', NULL, '2022-07-18 09:37:43', '2022-07-18 09:37:43'),
	(81, '92%polyester8%Elastane', '92%polyester8%Elastane', NULL, '2022-07-18 10:08:50', '2022-07-18 10:08:50'),
	(82, '90% Nylon 10% Polyster', '90% Nylon 10% Polyster', NULL, '2022-07-18 12:08:56', '2022-07-18 12:08:56'),
	(83, 'N /A', 'N /A', NULL, '2022-07-18 13:15:35', '2022-07-18 13:15:35'),
	(84, 'Polyester andCotton', 'Polyester andCotton', NULL, '2022-07-18 13:27:09', '2022-07-18 13:27:09'),
	(85, 'Polyestr and  Cotton', 'Polyestr and  Cotton', NULL, '2022-07-18 13:29:42', '2022-07-18 13:29:42'),
	(86, 'Polyester and  Cotton', 'Polyester and  Cotton', NULL, '2022-07-18 13:35:30', '2022-07-18 13:35:30'),
	(87, 'Polyester and spandex', 'Polyester and spandex', NULL, '2022-07-18 14:54:38', '2022-07-18 14:54:38'),
	(88, '83%Cotton 17% Polyster', '83%Cotton 17% Polyster', NULL, '2022-07-19 03:57:34', '2022-07-19 03:57:34'),
	(89, '90% Cotton 10% Polyster', '90% Cotton 10% Polyster', NULL, '2022-07-19 04:06:32', '2022-07-19 04:06:32'),
	(90, '95% Polyester 5%Elastane', '95% Polyester 5%Elastane', NULL, '2022-07-19 04:40:31', '2022-07-19 04:40:31'),
	(91, '90% NYLON10%polyester', '90% NYLON10%polyester', NULL, '2022-07-19 04:58:28', '2022-07-19 04:58:28'),
	(92, '30% Cotton 70% Polyester', '30% Cotton 70% Polyester', NULL, '2022-07-19 08:54:22', '2022-07-19 08:54:22'),
	(93, '55%Coyyon 45%Poilyster', '55%Coyyon 45%Poilyster', NULL, '2022-07-19 08:57:15', '2022-07-19 08:57:15'),
	(94, '64% Polyster 24% Cotton 12% Lycra', '64% Polyster 24% Cotton 12% Lycra', NULL, '2022-07-19 13:09:38', '2022-07-19 13:09:38'),
	(95, '81% Cotton 18% Polyster 1%Spendex', '81% Cotton 18% Polyster 1%Spendex', NULL, '2022-07-20 04:20:41', '2022-07-20 04:20:41'),
	(96, '67%cotton 33%polyester', '67%cotton 33%polyester', NULL, '2022-07-20 06:21:20', '2022-07-20 06:21:20'),
	(97, 'Polyestr and Cotton', 'Polyestr and Cotton', NULL, '2022-07-20 07:06:06', '2022-07-20 07:06:06'),
	(98, '52%Cotton 28%Viscose 20%Polyster', '52%Cotton 28%Viscose 20%Polyster', NULL, '2022-07-20 08:17:52', '2022-07-20 08:17:52'),
	(99, 'Nylon and Polyster', 'Nylon and Polyster', NULL, '2022-07-20 10:39:33', '2022-07-20 10:39:33'),
	(100, '100% Polyester 100% nylon', '100% Polyester 100% nylon', NULL, '2022-07-20 10:51:52', '2022-07-20 10:51:52'),
	(101, '84%Cotton 16%Polyster', '84%Cotton 16%Polyster', NULL, '2022-07-20 11:46:39', '2022-07-20 11:46:39'),
	(102, '65% Cotton 35% Acrylic', '65% Cotton 35% Acrylic', NULL, '2022-07-20 12:29:50', '2022-07-20 12:29:50'),
	(103, '100% POLYAMIDE', '100% POLYAMIDE', NULL, '2022-07-20 14:06:49', '2022-07-20 14:06:49'),
	(104, '100%LIN', '100%LIN', NULL, '2022-07-20 14:11:06', '2022-07-20 14:11:06'),
	(105, 'Polyester  Cotton', 'Polyester  Cotton', NULL, '2022-07-20 14:57:23', '2022-07-20 14:57:23'),
	(106, '65%Cotton 35% Acrylic', '65%Cotton 35% Acrylic', NULL, '2022-07-22 04:28:35', '2022-07-22 04:28:35'),
	(107, '98% Cotton 2% Spandex', '98% Cotton 2% Spandex', NULL, '2022-07-22 06:26:18', '2022-07-22 06:26:18'),
	(108, '55%Triacetate 45%polyster', '55%Triacetate 45%polyster', NULL, '2022-07-22 10:35:02', '2022-07-22 10:35:02'),
	(109, '94%Polyster 6% Elastane', '94%Polyster 6% Elastane', NULL, '2022-07-22 11:31:11', '2022-07-22 11:31:11'),
	(110, '75%Cotton 25%Polyster', '75%Cotton 25%Polyster', NULL, '2022-07-22 12:54:12', '2022-07-22 12:54:12'),
	(111, '62%Cotton 38%Polyester', '62%Cotton 38%Polyester', NULL, '2022-07-22 12:56:13', '2022-07-22 12:56:13'),
	(112, '55%Cotton 45%Poilyster', '55%Cotton 45%Poilyster', NULL, '2022-07-22 13:17:05', '2022-07-22 13:17:05'),
	(113, '95% COTTON 5% Elastane', '95% COTTON 5% Elastane', NULL, '2022-07-22 13:28:04', '2022-07-22 13:28:04'),
	(114, '85%cotton15%polyester', '85%cotton15%polyester', NULL, '2022-07-23 02:37:34', '2022-07-23 02:37:34'),
	(115, '54%NAYLON46%TRIACETTE', '54%NAYLON46%TRIACETTE', NULL, '2022-07-23 04:39:47', '2022-07-23 04:39:47'),
	(116, '97% Cotton 3% Elastane', '97% Cotton 3% Elastane', NULL, '2022-07-23 07:51:27', '2022-07-23 07:51:27'),
	(117, '78%Coton 22%Polyster', '78%Coton 22%Polyster', NULL, '2022-07-23 07:59:02', '2022-07-23 07:59:02'),
	(118, '90% Cotton 10% Polyester', '90% Cotton 10% Polyester', NULL, '2022-07-23 08:10:40', '2022-07-23 08:10:40'),
	(119, '85%Polyster 15%Cotton', '85%Polyster 15%Cotton', NULL, '2022-07-23 08:37:22', '2022-07-23 08:37:22'),
	(120, '88%cotton12%polyester', '88%cotton12%polyester', NULL, '2022-07-23 08:46:15', '2022-07-23 08:46:15'),
	(121, '765COTTON24%POLYESTER', '765COTTON24%POLYESTER', NULL, '2022-07-24 03:49:17', '2022-07-24 03:49:17'),
	(122, '70%Bumble 30%Polyster', '70%Bumble 30%Polyster', NULL, '2022-07-24 04:03:44', '2022-07-24 04:03:44'),
	(123, '95%Polyster 5%Elastane', '95%Polyster 5%Elastane', NULL, '2022-07-24 04:54:02', '2022-07-24 04:54:02'),
	(124, '100%Mikrofibre', '100%Mikrofibre', NULL, '2022-07-24 05:32:41', '2022-07-24 05:32:41'),
	(125, '95%Cotton 5%Cashmere', '95%Cotton 5%Cashmere', NULL, '2022-07-24 11:55:44', '2022-07-24 11:55:44'),
	(126, '55%RAMIE45%COTTON', '55%RAMIE45%COTTON', NULL, '2022-07-25 03:40:25', '2022-07-25 03:40:25'),
	(127, '40% Cotton 60%polyester', '40% Cotton 60%polyester', NULL, '2022-07-25 04:34:36', '2022-07-25 04:34:36'),
	(128, '57%Polyster 43% Wool', '57%Polyster 43% Wool', NULL, '2022-07-25 04:39:34', '2022-07-25 04:39:34'),
	(129, '60% BODY 40% POLYESTER', '60% BODY 40% POLYESTER', NULL, '2022-07-25 04:40:33', '2022-07-25 04:40:33'),
	(130, '85%cotton15%Acrvlique', '85%cotton15%Acrvlique', NULL, '2022-07-25 05:54:15', '2022-07-25 05:54:15'),
	(131, '70%Cotton 30% Polyester', '70%Cotton 30% Polyester', NULL, '2022-07-25 07:37:09', '2022-07-25 07:37:09'),
	(132, '76%COTTON 24%POLYESTER', '76%COTTON 24%POLYESTER', NULL, '2022-07-25 08:29:02', '2022-07-25 08:29:02'),
	(133, '98%Cotton 2%Spandex', '98%Cotton 2%Spandex', NULL, '2022-07-25 11:29:56', '2022-07-25 11:29:56'),
	(134, '65%Polyster 35% Cotton', '65%Polyster 35% Cotton', NULL, '2022-07-25 11:47:22', '2022-07-25 11:47:22'),
	(135, 'N./A', 'N./A', NULL, '2022-07-25 12:02:22', '2022-07-25 12:02:22'),
	(136, '50% Polyester 50% Viscose', '50% Polyester 50% Viscose', NULL, '2022-07-25 12:20:13', '2022-07-25 12:20:13'),
	(137, '75%Polyster 25%Acrylic', '75%Polyster 25%Acrylic', NULL, '2022-07-26 04:23:44', '2022-07-26 04:23:44'),
	(138, '50%Cotton 43%Polyster 7%Modal', '50%Cotton 43%Polyster 7%Modal', NULL, '2022-07-26 05:30:47', '2022-07-26 05:30:47'),
	(139, '60%polyester35%cotton5%Elastane', '60%polyester35%cotton5%Elastane', NULL, '2022-07-26 05:56:29', '2022-07-26 05:56:29'),
	(140, '69%cotton31%polyester', '69%cotton31%polyester', NULL, '2022-07-26 08:33:46', '2022-07-26 08:33:46'),
	(141, '95% Polyester 5%spandex', '95% Polyester 5%spandex', NULL, '2022-07-26 10:16:58', '2022-07-26 10:16:58'),
	(142, '58%acrlic 8%polyster 32%cotton 2%elastain', '58%acrlic 8%polyster 32%cotton 2%elastain', NULL, '2022-07-26 10:21:24', '2022-07-26 10:21:24'),
	(143, '84% Cotton 16%polyester', '84% Cotton 16%polyester', NULL, '2022-07-26 12:34:05', '2022-07-26 12:34:05'),
	(144, '68%Cotton 32%Polyster', '68%Cotton 32%Polyster', NULL, '2022-07-26 12:41:47', '2022-07-26 12:41:47'),
	(145, '71%Nylon29%Polyester', '71%Nylon29%Polyester', NULL, '2022-07-26 12:52:30', '2022-07-26 12:52:30'),
	(146, '70%Cotton 30%Polyster', '70%Cotton 30%Polyster', NULL, '2022-07-27 04:30:05', '2022-07-27 04:30:05'),
	(147, '75%Polyster 25%Viscose', '75%Polyster 25%Viscose', NULL, '2022-07-27 05:44:26', '2022-07-27 05:44:26'),
	(148, '97%POlyster 3%Elasthanine', '97%POlyster 3%Elasthanine', NULL, '2022-07-27 07:53:03', '2022-07-27 07:53:03'),
	(149, '45%cotto 35%Acrylic 20%Wool', '45%cotto 35%Acrylic 20%Wool', NULL, '2022-07-27 09:59:22', '2022-07-27 09:59:22'),
	(150, '65%Algoon 35%polyster', '65%Algoon 35%polyster', NULL, '2022-07-27 10:01:57', '2022-07-27 10:01:57'),
	(151, '70% Cotton 30% nylon', '70% Cotton 30% nylon', NULL, '2022-07-30 02:19:31', '2022-07-30 02:19:31'),
	(152, '60%Polysterm21%Wool 14%Viscose 5%Cotton', '60%Polysterm21%Wool 14%Viscose 5%Cotton', NULL, '2022-07-30 02:50:42', '2022-07-30 02:50:42'),
	(153, '98%Cotton 2%Elastane', '98%Cotton 2%Elastane', NULL, '2022-07-30 03:09:23', '2022-07-30 03:09:23'),
	(154, '93% Cotton 7% Polyester', '93% Cotton 7% Polyester', NULL, '2022-07-30 05:41:22', '2022-07-30 05:41:22'),
	(155, '88%cotton12%Acrylic', '88%cotton12%Acrylic', NULL, '2022-07-30 07:06:04', '2022-07-30 07:06:04'),
	(156, '65%Cotton 28%Nylon 7%Elastane', '65%Cotton 28%Nylon 7%Elastane', NULL, '2022-07-30 08:11:59', '2022-07-30 08:11:59'),
	(157, '87%Cotton13%Polyester', '87%Cotton13%Polyester', NULL, '2022-08-01 04:26:43', '2022-08-01 04:26:43'),
	(158, '60%Algodon 40%Polyster', '60%Algodon 40%Polyster', NULL, '2022-08-01 04:26:51', '2022-08-01 04:26:51'),
	(159, '58%Cotton 30% Polyester12%Viscose', '58%Cotton 30% Polyester12%Viscose', NULL, '2022-08-01 04:53:58', '2022-08-01 04:53:58'),
	(160, '99%Cotton 1%Elastane', '99%Cotton 1%Elastane', NULL, '2022-08-01 05:51:04', '2022-08-01 05:51:04'),
	(161, '92% polyester 8%  Spendex', '92% polyester 8%  Spendex', NULL, '2022-08-01 06:57:49', '2022-08-01 06:57:49'),
	(162, '71%cotton 23%polyester 6%rayon', '71%cotton 23%polyester 6%rayon', NULL, '2022-08-01 07:06:23', '2022-08-01 07:06:23'),
	(163, '51%Polyster 49%Cotton', '51%Polyster 49%Cotton', NULL, '2022-08-01 07:14:17', '2022-08-01 07:14:17'),
	(164, '66% Polyster 34% Cotton', '66% Polyster 34% Cotton', NULL, '2022-08-01 08:46:23', '2022-08-01 08:46:23'),
	(165, '70% Bawelna 30% POLYSTETR', '70% Bawelna 30% POLYSTETR', NULL, '2022-08-01 12:35:53', '2022-08-01 12:35:53'),
	(166, '66%Cotton 34%Polyster', '66%Cotton 34%Polyster', NULL, '2022-08-01 12:46:33', '2022-08-01 12:46:33'),
	(167, '67%Prmut 33%Polyster', '67%Prmut 33%Polyster', NULL, '2022-08-01 12:53:32', '2022-08-01 12:53:32'),
	(168, '86%Polyster 14%COtton', '86%Polyster 14%COtton', NULL, '2022-08-01 13:00:03', '2022-08-01 13:00:03'),
	(169, 'N.A', 'N.A', NULL, '2022-08-02 03:47:07', '2022-08-02 03:47:07'),
	(170, '55% Cotton 45%polamid 5%Resine', '55% Cotton 45%polamid 5%Resine', NULL, '2022-08-02 04:31:41', '2022-08-02 04:31:41'),
	(171, '98% COTTON 2%Algodon', '98% COTTON 2%Algodon', NULL, '2022-08-02 05:41:01', '2022-08-02 05:41:01'),
	(172, '55% Poilyster45%Cotton', '55% Poilyster45%Cotton', NULL, '2022-08-02 05:49:54', '2022-08-02 05:49:54'),
	(173, '17%Cotton 83% Polyster', '17%Cotton 83% Polyster', NULL, '2022-08-02 05:51:27', '2022-08-02 05:51:27'),
	(174, '85%cotton15% LANA', '85%cotton15% LANA', NULL, '2022-08-02 06:18:49', '2022-08-02 06:18:49'),
	(175, '54% COTTON 46% POLYESTER', '54% COTTON 46% POLYESTER', NULL, '2022-08-02 06:55:50', '2022-08-02 06:55:50'),
	(176, '60%polyester 40%Cotton', '60%polyester 40%Cotton', NULL, '2022-08-02 10:51:03', '2022-08-02 10:51:03'),
	(177, '64%Cotton 36% polyester', '64%Cotton 36% polyester', NULL, '2022-08-02 11:44:57', '2022-08-02 11:44:57'),
	(178, '100%PUUILLA', '100%PUUILLA', NULL, '2022-08-03 03:50:07', '2022-08-03 03:50:07'),
	(179, '53% Polyster 47% Cotton', '53% Polyster 47% Cotton', NULL, '2022-08-03 07:33:27', '2022-08-03 07:33:27'),
	(180, '100%Algoden', '100%Algoden', NULL, '2022-08-03 12:26:06', '2022-08-03 12:26:06'),
	(181, '100DACRON', '100DACRON', NULL, '2022-08-03 12:40:44', '2022-08-03 12:40:44'),
	(182, '80%NYLON20%SPANDEX', '80%NYLON20%SPANDEX', NULL, '2022-08-04 03:25:37', '2022-08-04 03:25:37'),
	(183, '87%Polyester13%Cotton', '87%Polyester13%Cotton', NULL, '2022-08-04 03:56:14', '2022-08-04 03:56:14'),
	(184, '62%Cotton 32%Polyester 6%Elastane', '62%Cotton 32%Polyester 6%Elastane', NULL, '2022-08-04 03:58:47', '2022-08-04 03:58:47'),
	(185, '58%Cotton 17% Polyester25%Viscose', '58%Cotton 17% Polyester25%Viscose', NULL, '2022-08-04 04:38:14', '2022-08-04 04:38:14'),
	(186, '95% Polyester 5% COTTON', '95% Polyester 5% COTTON', NULL, '2022-08-04 07:31:52', '2022-08-04 07:31:52'),
	(187, '60% POLIMIDE 40% POLYESTER', '60% POLIMIDE 40% POLYESTER', NULL, '2022-08-04 07:39:14', '2022-08-04 07:39:14'),
	(188, '52% Cotton 48 % Polyester', '52% Cotton 48 % Polyester', NULL, '2022-08-04 08:48:38', '2022-08-04 08:48:38'),
	(189, '100%Algodon', '100%Algodon', NULL, '2022-08-05 04:13:51', '2022-08-05 04:13:51'),
	(190, '70% Cotton 30% polyster', '70% Cotton 30% polyster', NULL, '2022-08-05 07:15:11', '2022-08-05 07:15:11'),
	(191, '70%30% Polyester 30%  Cotton', '70%30% Polyester 30%  Cotton', NULL, '2022-08-05 10:54:33', '2022-08-05 10:54:33'),
	(192, '56%Cotton 44%Polyster', '56%Cotton 44%Polyster', NULL, '2022-08-05 12:39:36', '2022-08-05 12:39:36'),
	(193, '75%Polyester 21%RANDEX4%SPANDEX', '75%Polyester 21%RANDEX4%SPANDEX', NULL, '2022-08-05 13:10:44', '2022-08-05 13:10:44'),
	(194, '52% Cotton 45%POLYSTER 3%ELASTHANNE', '52% Cotton 45%POLYSTER 3%ELASTHANNE', NULL, '2022-08-06 04:48:34', '2022-08-06 04:48:34'),
	(195, '95% COTTON 5% Viscose', '95% COTTON 5% Viscose', NULL, '2022-08-06 05:32:15', '2022-08-06 05:32:15'),
	(196, '78%polyester 13%polyamid9%Elastane', '78%polyester 13%polyamid9%Elastane', NULL, '2022-08-06 05:37:28', '2022-08-06 05:37:28'),
	(197, '100%PAMUK', '100%PAMUK', NULL, '2022-08-06 05:56:09', '2022-08-06 05:56:09'),
	(198, '76%Cotton 24% Polyester', '76%Cotton 24% Polyester', NULL, '2022-08-06 06:02:19', '2022-08-06 06:02:19'),
	(199, '70%ALGODON 305NYLON', '70%ALGODON 305NYLON', NULL, '2022-08-06 06:57:13', '2022-08-06 06:57:13'),
	(200, '88%cotton12%naylon', '88%cotton12%naylon', NULL, '2022-08-06 10:25:00', '2022-08-06 10:25:00'),
	(201, '81% Cotton 18% Polyester 1%Spendex', '81% Cotton 18% Polyester 1%Spendex', NULL, '2022-08-06 11:22:49', '2022-08-06 11:22:49'),
	(202, '7% Elastne 93% Polyester', '7% Elastne 93% Polyester', NULL, '2022-08-06 11:41:59', '2022-08-06 11:41:59'),
	(203, '95%Cotton 5%Polyester', '95%Cotton 5%Polyester', NULL, '2022-08-06 11:54:16', '2022-08-06 11:54:16'),
	(204, '53% Cotton 47% Polyester', '53% Cotton 47% Polyester', NULL, '2022-08-06 12:09:35', '2022-08-06 12:09:35'),
	(205, '86%Polyster 14%Polyster', '86%Polyster 14%Polyster', NULL, '2022-08-08 04:19:56', '2022-08-08 04:19:56'),
	(206, '70% Cotton 30%Polyster', '70% Cotton 30%Polyster', NULL, '2022-08-08 04:48:40', '2022-08-08 04:48:40'),
	(207, '73%COTTON 21%POLYSTER', '73%COTTON 21%POLYSTER', NULL, '2022-08-08 05:56:05', '2022-08-08 05:56:05'),
	(208, '98% Cotton 2%Polyester', '98% Cotton 2%Polyester', NULL, '2022-08-08 11:10:16', '2022-08-08 11:10:16'),
	(209, '57%Cotton 38%Polyster 5%Elastane', '57%Cotton 38%Polyster 5%Elastane', NULL, '2022-08-08 11:15:30', '2022-08-08 11:15:30'),
	(210, '65% Polyester 35%Viscose', '65% Polyester 35%Viscose', NULL, '2022-08-09 03:22:30', '2022-08-09 03:22:30'),
	(211, '58%Polyester  42% Cotton', '58%Polyester  42% Cotton', NULL, '2022-08-09 06:44:36', '2022-08-09 06:44:36'),
	(212, '51Cotton%49%Polyester', '51Cotton%49%Polyester', NULL, '2022-08-09 07:02:02', '2022-08-09 07:02:02'),
	(213, '86%Cotton14%Polyester', '86%Cotton14%Polyester', NULL, '2022-08-09 07:24:10', '2022-08-09 07:24:10'),
	(214, '505ALGODON50%Polyester', '505ALGODON50%Polyester', NULL, '2022-08-09 07:46:14', '2022-08-09 07:46:14'),
	(215, '75%Polyster 25%Rayonine', '75%Polyster 25%Rayonine', NULL, '2022-08-09 11:43:13', '2022-08-09 11:43:13'),
	(216, '59% Polyester 41% Cotton', '59% Polyester 41% Cotton', NULL, '2022-08-09 14:07:55', '2022-08-09 14:07:55'),
	(217, '96%Cotton 4%Polyster', '96%Cotton 4%Polyster', NULL, '2022-08-10 03:55:54', '2022-08-10 03:55:54'),
	(218, '78%Coton 22%Polyester', '78%Coton 22%Polyester', NULL, '2022-08-10 05:56:19', '2022-08-10 05:56:19'),
	(219, '88%Polyester 12%Elastanne', '88%Polyester 12%Elastanne', NULL, '2022-08-10 06:13:36', '2022-08-10 06:13:36'),
	(220, '96%Cotton 4%Elstane', '96%Cotton 4%Elstane', NULL, '2022-08-10 07:12:11', '2022-08-10 07:12:11'),
	(221, '90% Cotton 10% Acrylice', '90% Cotton 10% Acrylice', NULL, '2022-08-10 07:59:14', '2022-08-10 07:59:14'),
	(222, '78% Cotton 22% Polyester', '78% Cotton 22% Polyester', NULL, '2022-08-10 10:08:02', '2022-08-10 10:08:02'),
	(223, '95% COTTON 4% Elastane 1%Elastane', '95% COTTON 4% Elastane 1%Elastane', NULL, '2022-08-10 10:18:42', '2022-08-10 10:18:42'),
	(224, '57%Polyster 43% polyester', '57%Polyster 43% polyester', NULL, '2022-08-10 10:27:35', '2022-08-10 10:27:35'),
	(225, '62%Cotton 33%Acryliv5%Viscose', '62%Cotton 33%Acryliv5%Viscose', NULL, '2022-08-11 08:18:39', '2022-08-11 08:18:39'),
	(226, '70%ALGODON 30%polyster', '70%ALGODON 30%polyster', NULL, '2022-08-11 12:00:18', '2022-08-11 12:00:18'),
	(227, '50%ALGODON50%Polyester', '50%ALGODON50%Polyester', NULL, '2022-08-11 12:02:03', '2022-08-11 12:02:03'),
	(228, '60%Polysterm 40%Wool', '60%Polysterm 40%Wool', NULL, '2022-08-12 03:16:13', '2022-08-12 03:16:13'),
	(229, 'Not mention', 'Not mention', NULL, '2022-08-12 05:36:42', '2022-08-12 05:36:42'),
	(230, '83%Cotton 17% Polyester', '83%Cotton 17% Polyester', NULL, '2022-08-12 11:38:06', '2022-08-12 11:38:06'),
	(231, '70%Puuvill30%Polyester', '70%Puuvill30%Polyester', NULL, '2022-08-12 13:02:52', '2022-08-12 13:02:52'),
	(232, '93% Polyester 7% Cotton', '93% Polyester 7% Cotton', NULL, '2022-08-12 14:08:54', '2022-08-12 14:08:54'),
	(233, '70% Cotton 20% Acylice 10%Polymide', '70% Cotton 20% Acylice 10%Polymide', NULL, '2022-08-13 05:32:50', '2022-08-13 05:32:50'),
	(234, '51%VISCOSE 43%POLYESTER6%ELASTANE', '51%VISCOSE 43%POLYESTER6%ELASTANE', NULL, '2022-08-13 05:43:15', '2022-08-13 05:43:15'),
	(235, '95%BAUMWOLLE5%ORGANIC', '95%BAUMWOLLE5%ORGANIC', NULL, '2022-08-13 07:06:57', '2022-08-13 07:06:57'),
	(236, '43%WOOL 38%POLYESTER 19%NAYLON', '43%WOOL 38%POLYESTER 19%NAYLON', NULL, '2022-08-13 07:21:07', '2022-08-13 07:21:07'),
	(237, '89%cotton 11%polyaster', '89%cotton 11%polyaster', NULL, '2022-08-13 10:48:34', '2022-08-13 10:48:34'),
	(238, '79%Cotton 21% Polyester', '79%Cotton 21% Polyester', NULL, '2022-08-13 10:58:12', '2022-08-13 10:58:12'),
	(239, '91% Polyster 9% Elastane', '91% Polyster 9% Elastane', NULL, '2022-08-13 11:12:12', '2022-08-13 11:12:12'),
	(240, '92% polyester 8% Vascose', '92% polyester 8% Vascose', NULL, '2022-08-13 11:14:55', '2022-08-13 11:14:55'),
	(241, '66%Cotton 34%Polyester', '66%Cotton 34%Polyester', NULL, '2022-08-15 04:53:04', '2022-08-15 04:53:04'),
	(242, '40% Cotton 60%poliester', '40% Cotton 60%poliester', NULL, '2022-08-15 04:57:12', '2022-08-15 04:57:12'),
	(243, '65%PolyEster 35% Cotton', '65%PolyEster 35% Cotton', NULL, '2022-08-15 06:29:49', '2022-08-15 06:29:49'),
	(244, 'Quaerat rerum aliqua', 'Quaerat rerum aliqua', NULL, '2023-10-30 23:39:03', '2023-10-30 23:39:03'),
	(245, 'Saepe ipsum vel inci', 'Saepe ipsum vel inci', NULL, '2023-11-03 00:26:18', '2023-11-03 00:26:18'),
	(246, 'Et labore cum repudi', 'Et labore cum repudi', NULL, '2023-11-03 00:39:21', '2023-11-03 00:39:21'),
	(247, 'Minim in omnis maior', 'Minim in omnis maior', NULL, '2023-11-03 00:40:41', '2023-11-03 00:40:41'),
	(248, 'Perferendis magnam d', 'Perferendis magnam d', NULL, '2023-11-03 00:46:19', '2023-11-03 00:46:19'),
	(249, 'Nobis eos dicta sit', 'Nobis eos dicta sit', NULL, '2023-11-03 01:06:31', '2023-11-03 01:06:31'),
	(250, 'Tempore aut volupta', 'Tempore aut volupta', NULL, '2023-11-03 01:38:41', '2023-11-03 01:38:41'),
	(251, 'Voluptatibus non ius', 'Voluptatibus non ius', NULL, '2023-11-03 01:39:41', '2023-11-03 01:39:41'),
	(252, 'Incididunt ex eos do', 'Incididunt ex eos do', NULL, '2023-11-03 01:44:45', '2023-11-03 01:44:45'),
	(253, 'Incidunt sint moles', 'Incidunt sint moles', NULL, '2023-11-03 02:16:44', '2023-11-03 02:16:44'),
	(254, 'Consequatur Cupidit', 'Consequatur Cupidit', NULL, '2023-11-03 02:17:49', '2023-11-03 02:17:49'),
	(255, 'Est cum omnis expli', 'Est cum omnis expli', NULL, '2023-11-03 02:21:56', '2023-11-03 02:21:56'),
	(256, 'Possimus elit id', 'Possimus elit id', NULL, '2023-11-03 02:34:12', '2023-11-03 02:34:12'),
	(257, 'Fugit sit ex atque', 'Fugit sit ex atque', NULL, '2023-11-03 02:36:37', '2023-11-03 02:36:37'),
	(258, 'Hic non aut in excep', 'Hic non aut in excep', NULL, '2023-11-03 05:56:53', '2023-11-03 05:56:53'),
	(259, 'Sed consequat Animi', 'Sed consequat Animi', NULL, '2023-11-03 06:32:44', '2023-11-03 06:32:44'),
	(260, 'Delectus enim volup', 'Delectus enim volup', NULL, '2023-11-03 06:46:14', '2023-11-03 06:46:14'),
	(261, 'Inventore dolore neq', 'Inventore dolore neq', NULL, '2023-11-07 06:51:36', '2023-11-07 06:51:36'),
	(262, 'Maiores sed ad ratio', 'Maiores sed ad ratio', NULL, '2023-11-07 11:03:35', '2023-11-07 11:03:35'),
	(263, 'Voluptatem in earum', 'Voluptatem in earum', NULL, '2023-11-07 23:24:33', '2023-11-07 23:24:33'),
	(264, 'Quas at officia sit', 'Quas at officia sit', NULL, '2023-11-07 23:26:51', '2023-11-07 23:26:51'),
	(265, 'Quo sunt ut et qui e', 'Quo sunt ut et qui e', NULL, '2023-11-07 23:29:01', '2023-11-07 23:29:01'),
	(266, 'Proident nihil cons', 'Proident nihil cons', NULL, '2023-11-07 23:36:18', '2023-11-07 23:36:18'),
	(267, 'Blanditiis laborum v', 'Blanditiis laborum v', NULL, '2023-11-10 06:00:31', '2023-11-10 06:00:31'),
	(268, 'Id enim ea voluptati', 'Id enim ea voluptati', NULL, '2023-11-10 06:04:42', '2023-11-10 06:04:42');

CREATE TABLE IF NOT EXISTS `migrations` (
  `id` int unsigned NOT NULL AUTO_INCREMENT,
  `migration` varchar(255) CHARACTER SET utf8mb4 COLLATE utf8mb4_unicode_ci NOT NULL,
  `batch` int NOT NULL,
  PRIMARY KEY (`id`)
) ENGINE=InnoDB AUTO_INCREMENT=68 DEFAULT CHARSET=utf8mb4 COLLATE=utf8mb4_unicode_ci;

DELETE FROM `migrations`;
INSERT INTO `migrations` (`id`, `migration`, `batch`) VALUES
	(1, '2014_10_12_000000_create_users_table', 1),
	(2, '2014_10_12_100000_create_password_resets_table', 1),
	(3, '2019_08_19_000000_create_failed_jobs_table', 1),
	(4, '2019_12_14_000001_create_personal_access_tokens_table', 1),
	(5, '2020_02_25_034148_create_permission_tables', 1),
	(6, '2020_05_25_021239_create_announcements_table', 1),
	(7, '2020_05_29_020244_create_password_histories_table', 1),
	(8, '2020_07_06_215139_create_activity_log_table', 1),
	(9, '2021_04_05_153840_create_two_factor_authentications_table', 1),
	(10, '2022_01_24_141317_create_types_table', 2),
	(11, '2022_01_24_141330_create_brands_table', 2),
	(12, '2022_01_24_145633_create_variants_table', 2),
	(15, '2022_01_24_145947_create_photos_table', 2),
	(18, '2022_01_25_152715_create_damage_presets_table', 3),
	(19, '2022_01_25_152729_create_size_on_labels_table', 3),
	(20, '2022_01_25_152810_create_embroidered_printeds_table', 3),
	(21, '2022_01_24_150356_create_product_variants_table', 4),
	(24, '2022_01_24_145736_create_products_table', 5),
	(26, '2022_01_26_095020_create_type_fields_table', 6),
	(27, '2022_01_27_101537_create_product_type_fields_table', 7),
	(28, '2022_01_24_145648_create_details_table', 8),
	(29, '2022_01_24_150406_create_product_details_table', 8),
	(30, '2022_02_02_111724_create_settings_table', 9),
	(31, '2022_02_03_092958_add_depop_asos_fields_in_products', 10),
	(32, '2022_02_03_101112_create_bundle_deals_table', 10),
	(33, '2022_02_04_110509_change_price_column_type_in_products', 11),
	(34, '2022_02_05_185917_create_gender_size_guides_table', 12),
	(35, '2022_02_07_133026_add_shopify_response_column_in_products', 13),
	(36, '2022_02_08_140716_add_era_field_in_products_table', 14),
	(37, '2022_02_09_091736_embroidered_printeds_name_field_make_nullable', 14),
	(38, '2022_02_09_092833_create_genders_table', 14),
	(39, '2022_02_09_094549_add_gender_field_in_products_table', 14),
	(40, '2022_02_09_105235_create_eras_table', 14),
	(41, '2022_02_09_153337_add_not_asos_field_in_products_table', 14),
	(42, '2022_02_11_104343_add_deleted_at_column_in_types', 15),
	(43, '2022_02_11_104418_add_deleted_at_column_in_brands', 15),
	(44, '2022_02_11_105332_change_value_column_type_in_settings', 15),
	(45, '2022_02_12_083021_add_shopify_value_field_in_sizes', 16),
	(46, '2022_02_12_083057_add_shopify_value_field_in_varaints', 16),
	(47, '2022_02_14_085902_add_shopify_value_field_in_types_table', 17),
	(48, '2022_02_14_090009_add_shopify_value_field_in_brands_table', 17),
	(49, '2022_02_16_102338_add_type_id_field_in_product_type_fields', 18),
	(50, '2022_02_18_124532_add_stages_fields_in_products_table', 19),
	(51, '2022_02_18_153916_create_jobs_table', 20),
	(52, '2022_02_18_161614_add_hold_field_in_products', 21),
	(53, '2022_03_03_143818_change_asos_link_and_depop_link_column_type_in_products', 22),
	(54, '2022_03_13_204717_create_reworks_table', 23),
	(55, '2022_03_14_192740_add_reworks_to_products_table', 23),
	(56, '2022_03_19_071925_create_truesizes_table', 24),
	(57, '2022_03_19_083910_add_truesizes_to_products_table', 24),
	(58, '2022_05_27_151733_alter_products_table_add_user_id', 25),
	(59, '2022_05_31_085103_create_unique_tag_table', 25),
	(61, '2022_06_06_072946_alter_users_table_add_tag_column', 26),
	(62, '2022_06_14_185708_create_sessions_table', 27),
	(63, '2022_07_01_113608_create_table_recommended_size', 27),
	(64, '2022_07_01_121212_create_table_materials', 27),
	(65, '2022_07_01_123134_alter_products_table_add_fields', 27),
	(66, '2023_06_29_091551_add_barcode_in_products', 28),
	(67, '2023_11_02_094349_create_batches', 28);

CREATE TABLE IF NOT EXISTS `model_has_permissions` (
  `permission_id` bigint unsigned NOT NULL,
  `model_type` varchar(255) CHARACTER SET utf8mb4 COLLATE utf8mb4_unicode_ci NOT NULL,
  `model_id` bigint unsigned NOT NULL,
  PRIMARY KEY (`permission_id`,`model_id`,`model_type`),
  KEY `model_has_permissions_model_id_model_type_index` (`model_id`,`model_type`),
  CONSTRAINT `model_has_permissions_permission_id_foreign` FOREIGN KEY (`permission_id`) REFERENCES `permissions` (`id`) ON DELETE CASCADE
) ENGINE=InnoDB DEFAULT CHARSET=utf8mb4 COLLATE=utf8mb4_unicode_ci;

DELETE FROM `model_has_permissions`;

CREATE TABLE IF NOT EXISTS `model_has_roles` (
  `role_id` bigint unsigned NOT NULL,
  `model_type` varchar(255) CHARACTER SET utf8mb4 COLLATE utf8mb4_unicode_ci NOT NULL,
  `model_id` bigint unsigned NOT NULL,
  PRIMARY KEY (`role_id`,`model_id`,`model_type`),
  KEY `model_has_roles_model_id_model_type_index` (`model_id`,`model_type`),
  CONSTRAINT `model_has_roles_role_id_foreign` FOREIGN KEY (`role_id`) REFERENCES `roles` (`id`) ON DELETE CASCADE
) ENGINE=InnoDB DEFAULT CHARSET=utf8mb4 COLLATE=utf8mb4_unicode_ci;

DELETE FROM `model_has_roles`;
INSERT INTO `model_has_roles` (`role_id`, `model_type`, `model_id`) VALUES
	(1, 'App\\Domains\\Auth\\Models\\User', 1),
	(2, 'App\\Domains\\Auth\\Models\\User', 3),
	(1, 'App\\Domains\\Auth\\Models\\User', 4),
	(1, 'App\\Domains\\Auth\\Models\\User', 5),
	(1, 'App\\Domains\\Auth\\Models\\User', 6),
	(1, 'App\\Domains\\Auth\\Models\\User', 7),
	(1, 'App\\Domains\\Auth\\Models\\User', 8),
	(1, 'App\\Domains\\Auth\\Models\\User', 16);

CREATE TABLE IF NOT EXISTS `password_histories` (
  `id` bigint unsigned NOT NULL AUTO_INCREMENT,
  `model_type` varchar(255) CHARACTER SET utf8mb4 COLLATE utf8mb4_unicode_ci NOT NULL,
  `model_id` bigint unsigned NOT NULL,
  `password` varchar(255) CHARACTER SET utf8mb4 COLLATE utf8mb4_unicode_ci NOT NULL,
  `created_at` timestamp NULL DEFAULT NULL,
  `updated_at` timestamp NULL DEFAULT NULL,
  PRIMARY KEY (`id`)
) ENGINE=InnoDB AUTO_INCREMENT=256 DEFAULT CHARSET=utf8mb4 COLLATE=utf8mb4_unicode_ci;

DELETE FROM `password_histories`;
INSERT INTO `password_histories` (`id`, `model_type`, `model_id`, `password`, `created_at`, `updated_at`) VALUES
	(1, 'App\\Domains\\Auth\\Models\\User', 1, '$2y$10$lSElvBluunJvIgss6lkiZuYsrVkhXEFLl34n3Y5Y.YXYRe8fH9.OK', '2022-01-20 04:18:04', '2022-01-20 04:18:04'),
	(2, 'App\\Domains\\Auth\\Models\\User', 2, '$2y$10$n8TlBV69RDCGzzi3nA31u.QE28ok3yS6BOyXXyzQbqd7yqjXszZ0y', '2022-01-20 04:18:04', '2022-01-20 04:18:04'),
	(3, 'App\\Domains\\Auth\\Models\\User', 3, '$2y$10$fLFjNl/GUqp1TNG8zxuvLuNxKH5eXupIFDSoOKTwk27aNZcFsDV5u', '2022-02-07 15:44:11', '2022-02-07 15:44:11'),
	(4, 'App\\Domains\\Auth\\Models\\User', 4, '$2y$10$ij6zSiGcWzaez1yfWdB1cuEeIEfwRlG5E12uwbt.Wd5kOx0Nh9puW', '2022-06-02 17:11:05', '2022-06-02 17:11:05'),
	(5, 'App\\Domains\\Auth\\Models\\User', 5, '$2y$10$yoO.XsOcWC9mbCihvkpOdu4dl.wts9UglwkhT0Rr1l.FwlePHaY42', '2022-06-03 08:01:46', '2022-06-03 08:01:46'),
	(6, 'App\\Domains\\Auth\\Models\\User', 5, '$2y$10$BckUmzNahEFMwtO9p7N.SefpX/h8RZXwJxCfC.F/02xnAeB2Lhf1G', '2022-06-06 14:18:54', '2022-06-06 14:18:54'),
	(7, 'App\\Domains\\Auth\\Models\\User', 6, '$2y$10$/GdhIIeWY8tKamJwxCwkO.x.cmZEdZ8tcIWMAErngS.e2pktynbUu', '2022-06-06 14:22:52', '2022-06-06 14:22:52'),
	(8, 'App\\Domains\\Auth\\Models\\User', 7, '$2y$10$mATrUbtDSOhpKiNFDtjCme1cRebS00GnsMVHLpxfnPYemtom1gapm', '2022-06-06 14:28:35', '2022-06-06 14:28:35'),
	(9, 'App\\Domains\\Auth\\Models\\User', 8, '$2y$10$ecOt5NdXF6.rU.FjvgxuhuuLC1ynfd5oMuwQuea8LrvzyjingcXbG', '2022-06-06 14:37:14', '2022-06-06 14:37:14'),
	(10, 'App\\Domains\\Auth\\Models\\User', 9, '$2y$10$iSF1UdEAp4Dm41MKMf.Sj.JNLbKB5aiWisQBC57tBTqzSHyYfdHcG', '2022-06-06 15:43:51', '2022-06-06 15:43:51'),
	(11, 'App\\Domains\\Auth\\Models\\User', 10, '$2y$10$LPDO0dpXPnr468kMDA0DbemcSBNz2NSiUHJo1K3OmRqM/dMsfe1IW', '2022-06-06 15:45:27', '2022-06-06 15:45:27'),
	(12, 'App\\Domains\\Auth\\Models\\User', 1, '$2y$10$XoBlmad3uh5hCoSCLHJ4NudFHqzUTckH5CyFQIJblBKYZgrEM/BOe', '2022-06-15 20:08:35', '2022-06-15 20:08:35'),
	(13, 'App\\Domains\\Auth\\Models\\User', 1, '$2y$10$VSVFETc8cUOBjh23UgtUfu4W5YvSqlBmOOobSSN3f58cjWid8ohRm', '2022-06-16 11:13:00', '2022-06-16 11:13:00'),
	(14, 'App\\Domains\\Auth\\Models\\User', 1, '$2y$10$E0JPgi0ReHjj7SJQcBwsletj0AS.qv.eMu3uLqiUUfWWxGvCPG1nm', '2022-06-16 16:29:12', '2022-06-16 16:29:12'),
	(15, 'App\\Domains\\Auth\\Models\\User', 11, '$2y$10$PYI1ncvG6FU8SzBRuGB9m.4Z7mtsuUeU2XAVMe0etMIWvnCMh7xc.', '2022-06-16 17:22:50', '2022-06-16 17:22:50'),
	(16, 'App\\Domains\\Auth\\Models\\User', 12, '$2y$10$GE4CT7yM69Ynf.jbojwoye/s1fMSTYpUBFZyap.vtg0NQTtLm4/sq', '2022-06-16 17:23:33', '2022-06-16 17:23:33'),
	(17, 'App\\Domains\\Auth\\Models\\User', 13, '$2y$10$modgfv9eoOq3UJID.EXT8OmW2xubuF.avfFtn4LcwtOL5nUJqv2su', '2022-06-16 17:24:07', '2022-06-16 17:24:07'),
	(18, 'App\\Domains\\Auth\\Models\\User', 14, '$2y$10$3qQt..LU/kRE.tGAGkbYEuD7EshfJVRveyH5Zly8FwCje7mEJDNT2', '2022-06-16 17:24:41', '2022-06-16 17:24:41'),
	(19, 'App\\Domains\\Auth\\Models\\User', 11, '$2y$10$Gpy0VRZyvPIXx/PW9F0lm.BVoQSSsGk0hC3cO7Jl.TkV08.8oJYma', '2022-06-17 12:56:00', '2022-06-17 12:56:00'),
	(20, 'App\\Domains\\Auth\\Models\\User', 12, '$2y$10$qtlhQAHekL05sbsIzUjvM.yI5w4WIj9DAjhZChdz0BeK/18MWQoGi', '2022-06-17 12:57:09', '2022-06-17 12:57:09'),
	(21, 'App\\Domains\\Auth\\Models\\User', 1, '$2y$10$eZXUl78hWPH6YuETPLzo1.8IakvSubjsf/0JgKdNt.7ifKYZ931OC', '2022-06-21 21:00:28', '2022-06-21 21:00:28'),
	(22, 'App\\Domains\\Auth\\Models\\User', 1, '$2y$10$sn/pbBzPimyeHuAQsQZOXOmk6kTFRzfvdIiOj9NT2VwPBQmovwYs6', '2022-06-21 21:36:57', '2022-06-21 21:36:57'),
	(23, 'App\\Domains\\Auth\\Models\\User', 1, '$2y$10$mKYm7RsyIfnHqa9Yg06LIODSnepoE16I3GcSO/TmXWm19m6XZvGDu', '2022-06-21 21:39:31', '2022-06-21 21:39:31'),
	(24, 'App\\Domains\\Auth\\Models\\User', 1, '$2y$10$f9yQlaY32wvgUtTMPgH9.O4A.TRK55IxQyUuOXQPbNI5W2Kfmd/SG', '2022-06-22 09:10:49', '2022-06-22 09:10:49'),
	(25, 'App\\Domains\\Auth\\Models\\User', 1, '$2y$10$Z.QPqtGVw6EZ9YiJPmui5eKYZ9vEneDwHqDTNVQpSYeukN9jgeGdS', '2022-06-22 09:13:44', '2022-06-22 09:13:44'),
	(26, 'App\\Domains\\Auth\\Models\\User', 11, '$2y$10$G/Jk86cNQL8SKDjZpK/15eyfdoeF5vfvZWQoIYb.G.WURY9L1P4ay', '2022-06-22 09:14:48', '2022-06-22 09:14:48'),
	(27, 'App\\Domains\\Auth\\Models\\User', 11, '$2y$10$RtBjcDdULz4Cj7CT61/m.OnaZ9vgrLWESV1NW8j0KcOztk.96xLIC', '2022-06-24 10:35:03', '2022-06-24 10:35:03'),
	(28, 'App\\Domains\\Auth\\Models\\User', 1, '$2y$10$3f/0VKfWmbGi4YaPlv8B2e3x7iJ7m2rYVme0neNfwj8bjzpuZNT5O', '2022-06-24 10:37:46', '2022-06-24 10:37:46'),
	(29, 'App\\Domains\\Auth\\Models\\User', 1, '$2y$10$zeNqbi1mxA5ZQvdfs1ZAuOpxMoT/U1PBVrbmdYKQg2uC3wCf3m3Kq', '2022-06-24 11:56:03', '2022-06-24 11:56:03'),
	(30, 'App\\Domains\\Auth\\Models\\User', 11, '$2y$10$.m07ZH92IpgNoIo9hpaaFO84Oz6Pf/BV5EE9Qc9GVKdVh/xruCOwO', '2022-06-24 12:22:04', '2022-06-24 12:22:04'),
	(31, 'App\\Domains\\Auth\\Models\\User', 11, '$2y$10$7aBdTyzepyA2M/dt1JMZ2O98tf0LfkMePigyuxwKeHCNNV3cLNlXy', '2022-06-25 08:51:56', '2022-06-25 08:51:56'),
	(32, 'App\\Domains\\Auth\\Models\\User', 11, '$2y$10$w8twFZtgFnPi2vjcNV8DJOhX6cOYb6QafhbrZRE1gwX05nrtI7Tb6', '2022-06-26 15:47:02', '2022-06-26 15:47:02'),
	(33, 'App\\Domains\\Auth\\Models\\User', 1, '$2y$10$PGoSbPh5hCjPXNB1zPIvbeQI.yuGorXLwtAgenfGBpLuqgXZwjbgC', '2022-06-27 07:07:44', '2022-06-27 07:07:44'),
	(34, 'App\\Domains\\Auth\\Models\\User', 11, '$2y$10$TbWqXTBVdNIv6/bZ3T/BsevbTKQMq9HOEePjj.b68QgKHO1E85tOS', '2022-06-27 09:41:33', '2022-06-27 09:41:33'),
	(35, 'App\\Domains\\Auth\\Models\\User', 1, '$2y$10$.9dzELYeBYKhWIGBLhVTJOcooqePGSFjx42R79wixhiLvlktXJBOS', '2022-06-28 06:37:20', '2022-06-28 06:37:20'),
	(36, 'App\\Domains\\Auth\\Models\\User', 11, '$2y$10$U7o68pVIwmuu2EcUEY26MOhaoviYaeGj355NlgUrhzyOVFpW.ZBOa', '2022-06-29 07:03:55', '2022-06-29 07:03:55'),
	(37, 'App\\Domains\\Auth\\Models\\User', 1, '$2y$10$fcXVbaTLOs2UJL5xWLpaT.QVwNg6wdtrMoLgTtuFkLx6.vLQs2HIy', '2022-06-29 07:05:28', '2022-06-29 07:05:28'),
	(38, 'App\\Domains\\Auth\\Models\\User', 1, '$2y$10$vvVeQr.lRQTaqdJL9987G.l6n/h/kJqPaXjDJl.2M6AxdFnuOAFM6', '2022-06-29 10:41:34', '2022-06-29 10:41:34'),
	(39, 'App\\Domains\\Auth\\Models\\User', 1, '$2y$10$Tz.HhZ0wiYxK6NEZPr72EeBjZ4knBlpENPvOyETBO7iWR8lCifRwO', '2022-06-29 10:46:09', '2022-06-29 10:46:09'),
	(40, 'App\\Domains\\Auth\\Models\\User', 1, '$2y$10$2ptaZl3n7lLUAS5vNpX2Eu8yMeKt8Jwz6vjZg2pYmrhFN2edN15TO', '2022-06-30 12:51:54', '2022-06-30 12:51:54'),
	(41, 'App\\Domains\\Auth\\Models\\User', 1, '$2y$10$Ox5Fb.lC8fWdGRJXBD5IDOBu621J/4FD7hQJmCwhNuiZJkUMjHun2', '2022-06-30 14:47:23', '2022-06-30 14:47:23'),
	(42, 'App\\Domains\\Auth\\Models\\User', 1, '$2y$10$oygsdrppcTxg86fhZv8ke.YYj0pQCrSovtT8whVA7pHRLRmGOULYK', '2022-06-30 15:18:03', '2022-06-30 15:18:03'),
	(43, 'App\\Domains\\Auth\\Models\\User', 1, '$2y$10$az1M1o8nQ2Ux5mWZ5Dm64ucjOosBBtLr6SkbpM6VCjkLfn7gfAz3C', '2022-06-30 15:21:03', '2022-06-30 15:21:03'),
	(44, 'App\\Domains\\Auth\\Models\\User', 1, '$2y$10$j7Or.tV.M6mhnZsxCTzBUuGtezAOD1syYiSyJQGet7U90cGwaOoqi', '2022-07-01 09:33:53', '2022-07-01 09:33:53'),
	(45, 'App\\Domains\\Auth\\Models\\User', 1, '$2y$10$S.zziUUFJLqxSb.G5u3.LetJA1J288iSIg0mr57HTrNGoP/fdnjA.', '2022-07-01 11:42:20', '2022-07-01 11:42:20'),
	(46, 'App\\Domains\\Auth\\Models\\User', 1, '$2y$10$ukFfB76t/GqoTduwWWMwf.i.wV2y4z3IBRT3eWtJq1/0JjgWHj6Tq', '2022-07-01 12:46:04', '2022-07-01 12:46:04'),
	(47, 'App\\Domains\\Auth\\Models\\User', 1, '$2y$10$s48AIA3gnxC3.WM1GmeRA.um.07SUQKmzzkPuqekq3QQIMvGNm4cu', '2022-07-01 12:52:52', '2022-07-01 12:52:52'),
	(48, 'App\\Domains\\Auth\\Models\\User', 1, '$2y$10$inB5dcJCLqyRuRUTeWMbv.gkKHNiH.xUhVebD.CUuS403tgaUSWEu', '2022-07-04 07:24:30', '2022-07-04 07:24:30'),
	(49, 'App\\Domains\\Auth\\Models\\User', 1, '$2y$10$GYqFRHKUa79xTgW3k8x9LuJPtdLTswRV/bH//IKUhcBosYfUytUh.', '2022-07-04 12:41:57', '2022-07-04 12:41:57'),
	(50, 'App\\Domains\\Auth\\Models\\User', 1, '$2y$10$6zfXHtH/K991NAj46UEXmuI2A/Y5i7hU9Tv2Z2xhoI/eLOmZgX8si', '2022-07-04 13:34:33', '2022-07-04 13:34:33'),
	(51, 'App\\Domains\\Auth\\Models\\User', 1, '$2y$10$Zwv4rXMDo2peuMuleGAueO5YIdbbTyEUt7iz1opD.F99jvLZFDuq6', '2022-07-04 13:57:49', '2022-07-04 13:57:49'),
	(52, 'App\\Domains\\Auth\\Models\\User', 1, '$2y$10$aVu8GBxrz9lLnFpqX0JRuehinxhtQ2vuIpwyLc5WiZnyMUU8hLtJu', '2022-07-04 14:07:28', '2022-07-04 14:07:28'),
	(53, 'App\\Domains\\Auth\\Models\\User', 1, '$2y$10$mNTMnOLofS1W33PKetP12.KcwCFPEUATHLixCqJ/kMEXbh/6RMnAC', '2022-07-04 14:30:10', '2022-07-04 14:30:10'),
	(54, 'App\\Domains\\Auth\\Models\\User', 1, '$2y$10$WiAc8Z1rZpR7DVifGM25/OVzzJ6r76MBOrKG9IooQh2G18RhwH06O', '2022-07-04 15:50:39', '2022-07-04 15:50:39'),
	(55, 'App\\Domains\\Auth\\Models\\User', 1, '$2y$10$CP6tgI2sXQD/QE7RLlErP.E8HZp0KdLQ2bk6VLSn7imkXIc99Env.', '2022-07-04 15:55:14', '2022-07-04 15:55:14'),
	(56, 'App\\Domains\\Auth\\Models\\User', 1, '$2y$10$MrizS0tk9cv6h2L3Jw8B1.u752KJ5kRNjKoedEG0snZr7tsbUSNb6', '2022-07-04 15:58:20', '2022-07-04 15:58:20'),
	(57, 'App\\Domains\\Auth\\Models\\User', 1, '$2y$10$ZEIv8LhS/ouXoy21eBc4y.xLeX6Ze8YKdIeH3/ALfL2BSYHYURsYu', '2022-07-04 18:52:07', '2022-07-04 18:52:07'),
	(58, 'App\\Domains\\Auth\\Models\\User', 1, '$2y$10$dmZF4jA5XytW3AUgM0Vzb.wqYg0srQRPwewFj7iJ62LQfkw3Bwcwe', '2022-07-05 11:05:23', '2022-07-05 11:05:23'),
	(59, 'App\\Domains\\Auth\\Models\\User', 1, '$2y$10$idCEacbzbEYcUtlUxG7CQemmDn3uCiBfs9qnichGk3p82YHByCqfS', '2022-07-05 12:03:08', '2022-07-05 12:03:08'),
	(60, 'App\\Domains\\Auth\\Models\\User', 1, '$2y$10$f7VK5oev7V3BhLITc.XAgukktFtvu4MrEfmVEhzOPPNM78SGX7TKa', '2022-07-05 12:14:53', '2022-07-05 12:14:53'),
	(61, 'App\\Domains\\Auth\\Models\\User', 11, '$2y$10$DIegWteAMb1Nw51E9Zuwwe0TMHoRn6vHPzzPhr16qeSBgTWIGgK.i', '2022-07-07 02:21:01', '2022-07-07 02:21:01'),
	(62, 'App\\Domains\\Auth\\Models\\User', 11, '$2y$10$qQq7nDGJ/W40UTyQLYr6vOwf3AegiKln5cY0HBuh/sUR3ilDJAKce', '2022-07-07 06:14:10', '2022-07-07 06:14:10'),
	(63, 'App\\Domains\\Auth\\Models\\User', 1, '$2y$10$Thz/2clJGm0w1AZEWqWVI.DSZU/aRrwZfEOhCrdg9PrsGja1FP3xy', '2022-07-07 06:42:26', '2022-07-07 06:42:26'),
	(64, 'App\\Domains\\Auth\\Models\\User', 1, '$2y$10$fghz4qU89FQThZZrdAyajeyfs9DfUlCIFWUMsn.AWARc1Ehduz2Fy', '2022-07-07 06:54:52', '2022-07-07 06:54:52'),
	(65, 'App\\Domains\\Auth\\Models\\User', 1, '$2y$10$sgVpoudTNdNr8jpkSW/J7e6w/FENFL.AL3qaBF9j05zdmMstxudtO', '2022-07-07 06:56:51', '2022-07-07 06:56:51'),
	(66, 'App\\Domains\\Auth\\Models\\User', 1, '$2y$10$963S/uvV6RPFG9nw0zZOU.sMCdXzn7gMFx86UZXCHVtJ1qnZ3CKPa', '2022-07-07 06:57:11', '2022-07-07 06:57:11'),
	(67, 'App\\Domains\\Auth\\Models\\User', 12, '$2y$10$PHf6meL5KkKljhEAUYECb.Hf0k1Bv/7s5PR1xAUgZ/WhSsS3if2LO', '2022-07-07 10:29:58', '2022-07-07 10:29:58'),
	(68, 'App\\Domains\\Auth\\Models\\User', 13, '$2y$10$8Lk3VByPvLWPFiSXzPDgCuO6hedq9eE.wrabdKzkwXmTb8oNKi44u', '2022-07-08 02:32:53', '2022-07-08 02:32:53'),
	(69, 'App\\Domains\\Auth\\Models\\User', 13, '$2y$10$oO.G.oKINYzaYt/Bk.uuU.YycmwQS3yATizCqBm96cMPiRiSeKBGG', '2022-07-08 05:53:24', '2022-07-08 05:53:24'),
	(70, 'App\\Domains\\Auth\\Models\\User', 14, '$2y$10$VERdDebSziyHKZqwyJkxJ.biyRa4Q6AUEkmRFMcMfpUmpp34dHR9y', '2022-07-08 06:02:53', '2022-07-08 06:02:53'),
	(71, 'App\\Domains\\Auth\\Models\\User', 1, '$2y$10$2HhCL87wxHT3yeOvMyNHDuDgYDjO2o5dbmYR2F/niZfZtiHDZLurO', '2022-07-08 09:33:13', '2022-07-08 09:33:13'),
	(72, 'App\\Domains\\Auth\\Models\\User', 1, '$2y$10$cKlmfd./tZdRAxPjFa61IuN/FExU3rKC6Na8W7UXkQieA7driHhR.', '2022-07-08 09:37:40', '2022-07-08 09:37:40'),
	(73, 'App\\Domains\\Auth\\Models\\User', 1, '$2y$10$uGs038qkLI/CwjgRMSa7ZONKVXssVcmlU5RvQ.Kw.rcTEt6SmDnuu', '2022-07-08 09:51:28', '2022-07-08 09:51:28'),
	(74, 'App\\Domains\\Auth\\Models\\User', 1, '$2y$10$ufxjKx/bFvTcSzLmGCAmAOSWGZ.LaBXvViqZ/8IIfEyFJvN09/0wq', '2022-07-08 11:20:17', '2022-07-08 11:20:17'),
	(75, 'App\\Domains\\Auth\\Models\\User', 1, '$2y$10$aOVH6eGhDcs938/K9dixEuQn2qd3kQ0gh3b0wsS6j25N1Ako/cBoO', '2022-07-08 14:08:11', '2022-07-08 14:08:11'),
	(76, 'App\\Domains\\Auth\\Models\\User', 11, '$2y$10$zuwEMBYMmFh2glORpUjNEe05u3mi0CHoLFJZj0DKmOwGxpyyaf3T2', '2022-07-12 13:28:55', '2022-07-12 13:28:55'),
	(77, 'App\\Domains\\Auth\\Models\\User', 1, '$2y$10$t/ybuNMREuRZU5b8sFOfWO9JsJUWNcL0CPH3FlHgOyYxqakPaQCJS', '2022-07-13 06:55:49', '2022-07-13 06:55:49'),
	(78, 'App\\Domains\\Auth\\Models\\User', 1, '$2y$10$OLaMl7LgnEFmda0FeOaMEeRXnHM4ur9n9ZBnJ4PCtNsjBv/Vcn.pu', '2022-07-13 10:57:14', '2022-07-13 10:57:14'),
	(79, 'App\\Domains\\Auth\\Models\\User', 13, '$2y$10$4KHdJ8XGCkXkdBKkfaWAxO9rw7JmlVfgIXrdNl1SBSAMf8TELklVq', '2022-07-13 15:02:19', '2022-07-13 15:02:19'),
	(80, 'App\\Domains\\Auth\\Models\\User', 1, '$2y$10$nxGA1NNLjILDjDUxUdjr9.n2cZWZo5Id1TRmMYOcbA9es8g94ic6C', '2022-07-13 21:08:59', '2022-07-13 21:08:59'),
	(81, 'App\\Domains\\Auth\\Models\\User', 11, '$2y$10$yr6kpRmPvR0htuXpHMUJjemRWVBzub5jro.90kzkWWf2.3nVHsMcC', '2022-07-14 03:48:18', '2022-07-14 03:48:18'),
	(82, 'App\\Domains\\Auth\\Models\\User', 11, '$2y$10$WcAn8ySAMHBSfRnx1GjXcu1WjTc8uNhXByhy.82aTjuRrgHxHLCFa', '2022-07-14 06:32:15', '2022-07-14 06:32:15'),
	(83, 'App\\Domains\\Auth\\Models\\User', 13, '$2y$10$Y7ochgMnV4gB56GxPApxOe8z3/.eLi7WKNrBzcGRYC4mt55pOKjji', '2022-07-14 07:43:57', '2022-07-14 07:43:57'),
	(84, 'App\\Domains\\Auth\\Models\\User', 13, '$2y$10$cDqJgEUCmzd6t1Fs6XCc1eVOKD66SD7C/yGqZ44svASeke9F7oBm.', '2022-07-14 09:42:00', '2022-07-14 09:42:00'),
	(85, 'App\\Domains\\Auth\\Models\\User', 11, '$2y$10$K7USQb3gTAiGjXjkuNen4.JKmsIIhqUbgaTwH4XMXcqH/UCVo8Fpm', '2022-07-14 12:12:37', '2022-07-14 12:12:37'),
	(86, 'App\\Domains\\Auth\\Models\\User', 11, '$2y$10$Zq9m7LIqtD4lGWubkP0drOIMsH3j/UDHJlMR..a43OsWB05uYc0ju', '2022-07-15 02:18:08', '2022-07-15 02:18:08'),
	(87, 'App\\Domains\\Auth\\Models\\User', 11, '$2y$10$oC5WS5dazOTGPFxpdngR.O9vIkog4KfGM8iBbKr0W0t6r.fs0o2VK', '2022-07-15 02:57:13', '2022-07-15 02:57:13'),
	(88, 'App\\Domains\\Auth\\Models\\User', 11, '$2y$10$4jrIdPrBgh3TT8zT7c.GKe87xVnFE8HgxEOX3m44UukNEFbuikU/y', '2022-07-15 03:32:14', '2022-07-15 03:32:14'),
	(89, 'App\\Domains\\Auth\\Models\\User', 12, '$2y$10$.wZk2DRPT8BeAyQQrAT7leas0uHug9.KsdAs9b12ORtrU0KWemDX2', '2022-07-15 04:58:49', '2022-07-15 04:58:49'),
	(90, 'App\\Domains\\Auth\\Models\\User', 1, '$2y$10$dYmpoE4URceTLO4TRsa.o.HcG1Fsz/9TVl930Cm9NqZX1VGEAvZNa', '2022-07-15 08:55:21', '2022-07-15 08:55:21'),
	(91, 'App\\Domains\\Auth\\Models\\User', 11, '$2y$10$1pA8XWXvC38entwc5vOPJur7zZV04lXWlga/HIa9pOzB565WoRlvW', '2022-07-15 10:06:29', '2022-07-15 10:06:29'),
	(92, 'App\\Domains\\Auth\\Models\\User', 11, '$2y$10$iyhqTMLTQdM86/bqJ5LkmesTb5MFDzLR0iJU8way/7R50.H98ywlm', '2022-07-16 02:04:15', '2022-07-16 02:04:15'),
	(93, 'App\\Domains\\Auth\\Models\\User', 11, '$2y$10$DFQQmR4ud6j2dKSeIqkw/.HfynKrEdAF45Yc52Leu7BniDQrPthSm', '2022-07-16 04:38:46', '2022-07-16 04:38:46'),
	(94, 'App\\Domains\\Auth\\Models\\User', 1, '$2y$10$Cb0idu7uKQdDaszsE1Dpq.6JWdB0nXdYnu17JjElO0VTdZs3EJgOK', '2022-07-16 08:30:12', '2022-07-16 08:30:12'),
	(95, 'App\\Domains\\Auth\\Models\\User', 15, '$2y$10$6WTgoQLsRazRzqsNYqMVYOTQqko.QJ3NRqLsStc3rt322pn5/SbLu', '2022-07-16 08:31:03', '2022-07-16 08:31:03'),
	(96, 'App\\Domains\\Auth\\Models\\User', 11, '$2y$10$ouKmm59KugjNic77RlGCUOvClllW52Lf25woAFM3a2oKRawi/ik9i', '2022-07-18 02:04:35', '2022-07-18 02:04:35'),
	(97, 'App\\Domains\\Auth\\Models\\User', 1, '$2y$10$6TnMHxnwwuLapnzqc4YTYOgCeSsrBkR2leuLRmUJbw4enKXS/I8Vm', '2022-07-18 10:28:49', '2022-07-18 10:28:49'),
	(98, 'App\\Domains\\Auth\\Models\\User', 11, '$2y$10$htdzQyGlMkdoITl6Ny/MMu0NKaEt24oDXfjzDX3sn3P9wuYiNJuJm', '2022-07-18 12:37:52', '2022-07-18 12:37:52'),
	(99, 'App\\Domains\\Auth\\Models\\User', 11, '$2y$10$mqLDLK0RYgQLVlaJRQazjee05SBwfk0j8dBPYIX.F1BTlLipN1nD6', '2022-07-18 14:32:53', '2022-07-18 14:32:53'),
	(100, 'App\\Domains\\Auth\\Models\\User', 1, '$2y$10$WBYeKTCqAySDaiD20.meGew4SvpcCwGOHEWZUkawwU91Nm0lbobGG', '2022-07-18 21:08:58', '2022-07-18 21:08:58'),
	(101, 'App\\Domains\\Auth\\Models\\User', 11, '$2y$10$VeTwp/dMR62IKZbMqzWgL.AQcdZ0EhXhtpWT7Q2Ebhuvo2G7vlWTu', '2022-07-19 04:45:14', '2022-07-19 04:45:14'),
	(102, 'App\\Domains\\Auth\\Models\\User', 11, '$2y$10$8YS2YF/f1R0e7g29HuFQFOv5/dDtX7E0IwHgVcQuAgKfarUAUlnRe', '2022-07-19 11:27:55', '2022-07-19 11:27:55'),
	(103, 'App\\Domains\\Auth\\Models\\User', 11, '$2y$10$ffDQuXArYrZCVqXCPTpUc.SEdXqNMRR5vM7rCJjy1Vq.vy2Uk2wbe', '2022-07-20 02:43:13', '2022-07-20 02:43:13'),
	(104, 'App\\Domains\\Auth\\Models\\User', 11, '$2y$10$vzWxfota.yv2oyXriDt/yesijlop2e1pzucx/2by5tSqKL67I4hpe', '2022-07-20 05:50:37', '2022-07-20 05:50:37'),
	(105, 'App\\Domains\\Auth\\Models\\User', 11, '$2y$10$Xk8SuTLF/OAhSHkyU1w9PeYuevoY/i7Y2utTxqrGlMLoNITgMm5.W', '2022-07-20 13:29:20', '2022-07-20 13:29:20'),
	(106, 'App\\Domains\\Auth\\Models\\User', 15, '$2y$10$MkXyOJCWFtVwIFPmpAF3jeBtTAg0lSaqWWYS4zgfnJJAF.A6aSSxq', '2022-07-20 13:47:53', '2022-07-20 13:47:53'),
	(107, 'App\\Domains\\Auth\\Models\\User', 11, '$2y$10$A1qbhWvXYI/wnfguNxPGNeS2rtFbDGsBuaZUcg9jfCc34zhmP7F4y', '2022-07-21 02:24:19', '2022-07-21 02:24:19'),
	(108, 'App\\Domains\\Auth\\Models\\User', 11, '$2y$10$lZeao05mFmjViPe3PLJ4w.vllWcHuZN17e29Vj14B60Yds20shEjS', '2022-07-21 06:17:45', '2022-07-21 06:17:45'),
	(109, 'App\\Domains\\Auth\\Models\\User', 11, '$2y$10$GeLGcpw95FHTyhK7hlCb1uyQy5acIFIqdUQCn1YA9SjaZXRlV8Jfa', '2022-07-22 02:10:50', '2022-07-22 02:10:50'),
	(110, 'App\\Domains\\Auth\\Models\\User', 11, '$2y$10$h3ndeUCE3I3/hz.Jmc2MZeBrJPyySgiFkpRaS.WufHwVNnA/KfHne', '2022-07-22 10:02:21', '2022-07-22 10:02:21'),
	(111, 'App\\Domains\\Auth\\Models\\User', 11, '$2y$10$RoJ7GTvpb8iBx6Y2OsSat.K/DNnxQpiAyQDL9xtg2u3UOvlHcNDL6', '2022-07-22 12:52:59', '2022-07-22 12:52:59'),
	(112, 'App\\Domains\\Auth\\Models\\User', 11, '$2y$10$cpNd4PvLEjo9A3.Tol4dSuS6onAbb8AaehiorT1u7Qg0.9ChJ0ZX2', '2022-07-23 02:26:28', '2022-07-23 02:26:28'),
	(113, 'App\\Domains\\Auth\\Models\\User', 11, '$2y$10$4bU6AKhO7tcKT6QICzGT6udrimO2BG.8ZslzYjE/0gdx.wxEzRF/i', '2022-07-23 07:41:07', '2022-07-23 07:41:07'),
	(114, 'App\\Domains\\Auth\\Models\\User', 11, '$2y$10$xdmsbelwwKeb2OJGy00ebekXZylMKpF6izXfXEsmgMp1gZ40vWakO', '2022-07-24 03:44:04', '2022-07-24 03:44:04'),
	(115, 'App\\Domains\\Auth\\Models\\User', 11, '$2y$10$7Q6eAshm4LgdxGoRQUBp.uMEsdTr5QH21KmWcNX09JqYQA0dCS3dm', '2022-07-24 08:27:35', '2022-07-24 08:27:35'),
	(116, 'App\\Domains\\Auth\\Models\\User', 11, '$2y$10$4aHDLCioatq2Xo5u9xgMjOoz2JFaboSyjzSyHvZATF2m6eFHvh3KO', '2022-07-24 13:30:13', '2022-07-24 13:30:13'),
	(117, 'App\\Domains\\Auth\\Models\\User', 11, '$2y$10$7dTAszv2rjqnxlbiAljL4.UByGlx./zWc0I0Hgt0Ah6h9Tru4KCWi', '2022-07-25 03:08:12', '2022-07-25 03:08:12'),
	(118, 'App\\Domains\\Auth\\Models\\User', 11, '$2y$10$L5YX72tk8upSEjN5oe/oL.K0etWeIKjq46Z6TWw8q4ds/cnE0LIJu', '2022-07-25 06:54:11', '2022-07-25 06:54:11'),
	(119, 'App\\Domains\\Auth\\Models\\User', 11, '$2y$10$SzrU/eWicDeO99ulI1UMIuP6Ntmr4W7pczWROJcFniIExqpXtIYQy', '2022-07-25 11:47:08', '2022-07-25 11:47:08'),
	(120, 'App\\Domains\\Auth\\Models\\User', 1, '$2y$10$MNatxeExPVMnwp.nZGkz5erqCXjs3LMWoIi.64ms3ebbGjMSgIPDq', '2022-07-25 15:49:37', '2022-07-25 15:49:37'),
	(121, 'App\\Domains\\Auth\\Models\\User', 1, '$2y$10$cUqRi4jWHVl2w.YYyFWHTejA7hKyrxDkjE2OhAt.TXSoT2NVl7lT.', '2022-07-25 21:40:57', '2022-07-25 21:40:57'),
	(122, 'App\\Domains\\Auth\\Models\\User', 11, '$2y$10$ftZCiziYE1oIZu2zenQgNu25q9U83or2SC4okvrdSbfYb7iHTCe0q', '2022-07-26 02:26:18', '2022-07-26 02:26:18'),
	(123, 'App\\Domains\\Auth\\Models\\User', 11, '$2y$10$ZaO77jjy1zujq6dwxxW6KuCLh9Vz9gT/h36bn0YBk/y/1b4T6JxSe', '2022-07-26 12:40:09', '2022-07-26 12:40:09'),
	(124, 'App\\Domains\\Auth\\Models\\User', 1, '$2y$10$WbGfE00XkN1.4VTdEqSvReKKji8K.0mHkkXNvV7//tIJX3coQQkeG', '2022-07-26 14:20:08', '2022-07-26 14:20:08'),
	(125, 'App\\Domains\\Auth\\Models\\User', 11, '$2y$10$0UoSqTnb5mlf2UM1zam1MupModi7DD/r/Hap96GoFItf3nRLKVS7.', '2022-07-27 02:08:40', '2022-07-27 02:08:40'),
	(126, 'App\\Domains\\Auth\\Models\\User', 1, '$2y$10$wWIrBTTl3o9zG21G2D5jW.OP4o4RWIZYG1/7sBi3txTg/trhmle0m', '2022-07-27 09:24:20', '2022-07-27 09:24:20'),
	(127, 'App\\Domains\\Auth\\Models\\User', 1, '$2y$10$5m7hbqGg1DkVtUT2hWe2nurLRTszzBPH/elCnT9md1gy3D9i7/kke', '2022-07-27 11:31:22', '2022-07-27 11:31:22'),
	(128, 'App\\Domains\\Auth\\Models\\User', 1, '$2y$10$j2AC8y0LXjtnFh6cGuTeOeMp5AuDjKt53cV.N7uUfrIqEaCDs/b.q', '2022-07-28 18:39:54', '2022-07-28 18:39:54'),
	(129, 'App\\Domains\\Auth\\Models\\User', 11, '$2y$10$u5PUnll0ZquRTorMigcJf.BwWKq6dHlfbR7ZryDZe3pfcOwcI9EU.', '2022-07-29 11:57:22', '2022-07-29 11:57:22'),
	(130, 'App\\Domains\\Auth\\Models\\User', 11, '$2y$10$M6Y3NvWq8pcWq1uWDIYUhefpZDkHlHnwfbZ/K9P.pnHC.1hJn3ZA6', '2022-07-30 02:16:30', '2022-07-30 02:16:30'),
	(131, 'App\\Domains\\Auth\\Models\\User', 11, '$2y$10$kjFQk4V.fl.KOJGh/1jTp.TI4oRWnUnPso637NQOthl3LW./33GNm', '2022-07-30 10:01:30', '2022-07-30 10:01:30'),
	(132, 'App\\Domains\\Auth\\Models\\User', 1, '$2y$10$4m.bBe4jIAbOPzqGf.JTPeiXnTQR25eW63RbfTLnWHbg4YBF4Wt22', '2022-07-31 13:55:00', '2022-07-31 13:55:00'),
	(133, 'App\\Domains\\Auth\\Models\\User', 11, '$2y$10$BqM/G2t53xp713afmVg.Bu23/K2.P8juCS3sJ0SyfVH4IdYe2sbte', '2022-08-01 02:39:44', '2022-08-01 02:39:44'),
	(134, 'App\\Domains\\Auth\\Models\\User', 11, '$2y$10$knjv02R3qEl9E.KILbfXwuc03ueEd9DTlSV/sCpeTZgf4u.BtnkDy', '2022-08-01 08:38:13', '2022-08-01 08:38:13'),
	(135, 'App\\Domains\\Auth\\Models\\User', 1, '$2y$10$oWFp040jEpGOIc72ZgDjjO6uPh4sbM8yxMLkwQJ1IHTEC8bKxfR3G', '2022-08-01 11:33:08', '2022-08-01 11:33:08'),
	(136, 'App\\Domains\\Auth\\Models\\User', 11, '$2y$10$GP1miFo/qJMPjEhSk/phpe45jDwfAJm.a6O9N4dkhf5MxoEnmgufi', '2022-08-02 04:09:51', '2022-08-02 04:09:51'),
	(137, 'App\\Domains\\Auth\\Models\\User', 1, '$2y$10$ed3RbUL8/eIGgpL8ERbhhe566Jx4O8.hJpKFUQ5yUxWjdotYCfONi', '2022-08-02 07:38:57', '2022-08-02 07:38:57'),
	(138, 'App\\Domains\\Auth\\Models\\User', 1, '$2y$10$EJMdRMyrb6Y9Ve/ma/LI2e0gX77ZBxfV5uHbZ5fjbvVxUoIP8CgFW', '2022-08-02 08:30:47', '2022-08-02 08:30:47'),
	(139, 'App\\Domains\\Auth\\Models\\User', 11, '$2y$10$QNKMiwsiGEnd555WZHFq.OFao/YO9AV8bSuwrpVA2/MTV1VcHb69G', '2022-08-02 09:42:50', '2022-08-02 09:42:50'),
	(140, 'App\\Domains\\Auth\\Models\\User', 1, '$2y$10$nFsKp7ceMYHc010fttDPU.pk.k0KsGKSV0aEc2LtwVnMMsdzwRhrK', '2022-08-02 16:04:50', '2022-08-02 16:04:50'),
	(141, 'App\\Domains\\Auth\\Models\\User', 11, '$2y$10$S5pJrLSfYuig8J8lqF2BdObRSxB1.lPy7Es7Hxb/Sf5TtBq60xPPW', '2022-08-03 03:46:58', '2022-08-03 03:46:58'),
	(142, 'App\\Domains\\Auth\\Models\\User', 11, '$2y$10$PLe7aqe2.C8hGRpbtyOanu5W7EXzDujD02DArWYdxNSeSsg3Q3sza', '2022-08-03 07:57:46', '2022-08-03 07:57:46'),
	(143, 'App\\Domains\\Auth\\Models\\User', 11, '$2y$10$smE/0yXFZcKmfqPerr1k...VOwFV7RKM7uBm1rE5D8Ho1yB/ACOjW', '2022-08-04 03:08:04', '2022-08-04 03:08:04'),
	(144, 'App\\Domains\\Auth\\Models\\User', 1, '$2y$10$cideRtmir0faiBHl7WnKNOowll9eBLKpg4S2N3gpyohyGPBMH5oIW', '2022-08-04 06:42:54', '2022-08-04 06:42:54'),
	(145, 'App\\Domains\\Auth\\Models\\User', 11, '$2y$10$5GlO8txyQ2c.K20.dvpse.4WGe.N7I57rjIe6MTMBVWn9yhBzzeKy', '2022-08-04 08:07:25', '2022-08-04 08:07:25'),
	(146, 'App\\Domains\\Auth\\Models\\User', 11, '$2y$10$vbuZS3GWh7E8bqW16citTeHfJ7xS.Kt122oFDIQ4bh4BPucyp92oi', '2022-08-05 04:47:06', '2022-08-05 04:47:06'),
	(147, 'App\\Domains\\Auth\\Models\\User', 11, '$2y$10$Kxd2U7rudBetd4YHueN1oOAY/iFNNRYi3ielfLNl4LY7YaG.4sqcy', '2022-08-05 09:48:12', '2022-08-05 09:48:12'),
	(148, 'App\\Domains\\Auth\\Models\\User', 11, '$2y$10$6Q7xThgCTZ0jp7HJxHLj0e4BUfEX.UGFaes2aH1VYuoJg0b3Y/c2i', '2022-08-06 05:32:31', '2022-08-06 05:32:31'),
	(149, 'App\\Domains\\Auth\\Models\\User', 1, '$2y$10$0Sk2fGADG6xa./9HHahJdupQOzAkosuxtMpogM9fB9JMa0KJ36oNK', '2022-08-07 07:46:14', '2022-08-07 07:46:14'),
	(150, 'App\\Domains\\Auth\\Models\\User', 1, '$2y$10$1oTH2.ZKfS56/EBjgycsX..am5kyNFmArW8Jco91Oyk9hNC5G1EC6', '2022-08-07 14:09:23', '2022-08-07 14:09:23'),
	(151, 'App\\Domains\\Auth\\Models\\User', 11, '$2y$10$J5/EJorGl7Bc0wsqaUsQROua9kBHbxEjXSJfVZetDILvPvTh8ssim', '2022-08-08 03:25:33', '2022-08-08 03:25:33'),
	(152, 'App\\Domains\\Auth\\Models\\User', 1, '$2y$10$mybBvp9kS/RPEHqRKgsgm.wZAFoS/gCg9BN4A78tF7H2E8fDE6zzW', '2022-08-08 08:46:49', '2022-08-08 08:46:49'),
	(153, 'App\\Domains\\Auth\\Models\\User', 11, '$2y$10$s/Un3JhoNfCF/dKzL9Zq8eCy57ofSpC54msMEP/KLueyKzDFnTufy', '2022-08-08 10:49:58', '2022-08-08 10:49:58'),
	(154, 'App\\Domains\\Auth\\Models\\User', 11, '$2y$10$NfI2NYk2EmsrujtrDLZfJOSH.iHNqLzvDTRQHFafJbPVDAktpDsOm', '2022-08-09 03:19:42', '2022-08-09 03:19:42'),
	(155, 'App\\Domains\\Auth\\Models\\User', 11, '$2y$10$FsS.96P6H970MAx4p/qKT.J1i/eiypPwZEb5VTEQEFRM0isT6LPJu', '2022-08-09 06:59:26', '2022-08-09 06:59:26'),
	(156, 'App\\Domains\\Auth\\Models\\User', 1, '$2y$10$eMhqHnBjnmpAsMZYnzpct.h44aR.u1/wuc2sqJX/JVO3Fuujh5dy.', '2022-08-09 12:53:32', '2022-08-09 12:53:32'),
	(157, 'App\\Domains\\Auth\\Models\\User', 13, '$2y$10$Erndf/S07vHZQBrVRh3nwuh7ynWljsmZApOsD/JbmLhxb2WktEYBy', '2022-08-09 14:57:55', '2022-08-09 14:57:55'),
	(158, 'App\\Domains\\Auth\\Models\\User', 11, '$2y$10$2qpKCQS3FWfu.OiXWKnihOfNeTh3XF.H8nYpjx2cTIKgpyYzA.1dK', '2022-08-10 02:09:01', '2022-08-10 02:09:01'),
	(159, 'App\\Domains\\Auth\\Models\\User', 11, '$2y$10$H7mPTfaotmclnrhvnciI/.eAx26VY4csr1PusAsJta1biXoOK/0Gm', '2022-08-10 05:18:06', '2022-08-10 05:18:06'),
	(160, 'App\\Domains\\Auth\\Models\\User', 1, '$2y$10$jNQ.eyPQ5gDPQFowSVap5uwDMLK1mTXIaN4wiPNbm3EhX4.Ylnnta', '2022-08-10 07:45:45', '2022-08-10 07:45:45'),
	(161, 'App\\Domains\\Auth\\Models\\User', 11, '$2y$10$JlzM1/S9ZIcYjkv3D8LgX.mHRg2d4.tLQzClCmKRiSV9lvXakgXRm', '2022-08-11 03:01:28', '2022-08-11 03:01:28'),
	(162, 'App\\Domains\\Auth\\Models\\User', 13, '$2y$10$mx9MflhYMpAa.4O/yeSNL.2mldncBKZQ1R/GgvLC4pbMPiqBydvvq', '2022-08-11 05:00:02', '2022-08-11 05:00:02'),
	(163, 'App\\Domains\\Auth\\Models\\User', 11, '$2y$10$f0YZqvJ4FIb9JDJNh1JInOVOJJUWHqf7WmI1rNczjf3nF/huiYy5q', '2022-08-11 07:15:21', '2022-08-11 07:15:21'),
	(164, 'App\\Domains\\Auth\\Models\\User', 11, '$2y$10$CzDZ7tJULnk.4jkEDkpyjOJoKVnTMhT2.aqhrE/xdC6mHtKEcldLa', '2022-08-12 04:43:08', '2022-08-12 04:43:08'),
	(165, 'App\\Domains\\Auth\\Models\\User', 11, '$2y$10$Kk5BG44VlKEJnLXRZlDj..7oV03Hb2ETAPnHaAFyQdax3fICQrpJS', '2022-08-12 10:56:18', '2022-08-12 10:56:18'),
	(166, 'App\\Domains\\Auth\\Models\\User', 11, '$2y$10$.Ts/gzZ4iXdVehPiAAWEvOmsjd.qaQmWLBIRZCuf6VTdFJ8UfObjW', '2022-08-13 02:54:55', '2022-08-13 02:54:55'),
	(167, 'App\\Domains\\Auth\\Models\\User', 11, '$2y$10$nhVdk.g60U/5SS/4yLIy1OVmY/XI7o7mgCScoaL7rCew/e.TAcyvu', '2022-08-13 05:16:18', '2022-08-13 05:16:18'),
	(168, 'App\\Domains\\Auth\\Models\\User', 11, '$2y$10$huOu1NFGSEQcxF7EpfQ/uOYDf2is.I0e/UQD5/fjXNZbvOWNTPdGG', '2022-08-13 10:55:27', '2022-08-13 10:55:27'),
	(169, 'App\\Domains\\Auth\\Models\\User', 1, '$2y$10$w2J0jD38P8HOmjmuZVmUke3HGDR5Y3izO3yj1WvrEtJsnR9ZNqU.e', '2022-08-14 14:19:50', '2022-08-14 14:19:50'),
	(170, 'App\\Domains\\Auth\\Models\\User', 11, '$2y$10$VTSEdxOJNcEJLE/BOBWBeOCNXl7jceEKE3RZbMhgHTxQDYI1VePhi', '2022-08-15 03:57:33', '2022-08-15 03:57:33'),
	(171, 'App\\Domains\\Auth\\Models\\User', 11, '$2y$10$9KpIBqIJds3Dni7PXKEzXuxdLdvshn0J7zYO59nAeoh6Jo2wN2Ety', '2022-08-15 08:32:10', '2022-08-15 08:32:10'),
	(172, 'App\\Domains\\Auth\\Models\\User', 1, '$2y$10$kDTdNbC0tGua6URVnZOWUe7v.W2ejZy16IYmNsTBcdotQbS62Fey2', '2022-08-15 13:56:50', '2022-08-15 13:56:50'),
	(173, 'App\\Domains\\Auth\\Models\\User', 1, '$2y$10$u/33lUgS7cDJtIHgBEQxU.hTbUAhANtbK/PR37d6b1bumf5JLn8su', '2022-08-15 15:00:08', '2022-08-15 15:00:08'),
	(174, 'App\\Domains\\Auth\\Models\\User', 11, '$2y$10$xcwacNUD0FETASsA2gJzH.uihvPUKFVtPViOSADgZT1jI.l1w3tDm', '2022-08-16 02:06:22', '2022-08-16 02:06:22'),
	(175, 'App\\Domains\\Auth\\Models\\User', 11, '$2y$10$7F1/s9wK2yQ.Yi/15Su4.uANpT4lnROR7zua/yCMhb0dRc1tclxde', '2022-08-16 14:26:18', '2022-08-16 14:26:18'),
	(176, 'App\\Domains\\Auth\\Models\\User', 1, '$2y$10$SO5GRZmpxu01xlK1Ow03me.IZFI/685xxtyykTeyhlHaC3ZD/yAAi', '2022-08-20 13:25:26', '2022-08-20 13:25:26'),
	(177, 'App\\Domains\\Auth\\Models\\User', 1, '$2y$10$Te0O/D3tcSl7cv.asn8jkuTu0Y.2rD5lZ03fJ7b4YKfnxqdAA4uqO', '2022-08-29 10:31:43', '2022-08-29 10:31:43'),
	(178, 'App\\Domains\\Auth\\Models\\User', 1, '$2y$10$QXTZhGS2chH6bFpfcMpM6.h5aqCRbx9i2yxPsBurQPnpOTadsZOL.', '2022-08-29 10:32:29', '2022-08-29 10:32:29'),
	(179, 'App\\Domains\\Auth\\Models\\User', 16, '$2y$10$Cc.e8QRmRz/Cla9u6Xd8IOsUJCHzJWFVgGCckro/xQXhpz/QtAO1a', '2023-10-27 19:22:06', '2023-10-27 19:22:06'),
	(180, 'App\\Domains\\Auth\\Models\\User', 16, '$2y$10$Dblz6zRZJIR0EJsHika/p.gdGJhGg2XWfnqPMqalNcJ/.vE2fOMO2', '2023-10-27 19:25:44', '2023-10-27 19:25:44'),
	(181, 'App\\Domains\\Auth\\Models\\User', 1, '$2y$10$9VObEXV2zpwA1kDb6rfUueVKn8UWSLPvVhsa2DZcTtfpx689szDG2', '2023-10-27 19:37:42', '2023-10-27 19:37:42'),
	(182, 'App\\Domains\\Auth\\Models\\User', 1, '$2y$10$atVuD0K5zW2sb9kC2ORURuKsR6XQYIIYnIFw6UiWmxQZLmEfhCslC', '2023-10-30 23:15:54', '2023-10-30 23:15:54'),
	(183, 'App\\Domains\\Auth\\Models\\User', 1, '$2y$10$mL5NIVZSuyQeSyV2mKQF/eL3sIXK4azXe347WfdEkhlDVWfK4v4Ji', '2023-10-31 04:23:10', '2023-10-31 04:23:10'),
	(184, 'App\\Domains\\Auth\\Models\\User', 1, '$2y$10$PbEymxIy1iMdw.3NMCzY9uBvhldeivHlTFVwVHSrTNubl72wgdUmO', '2023-11-02 01:10:52', '2023-11-02 01:10:52'),
	(185, 'App\\Domains\\Auth\\Models\\User', 1, '$2y$10$JVP63JuGx.0VOWg3bmy0xOpMWH5ldVkJiowi1RIblTfGpyWhU1USq', '2023-11-02 23:16:35', '2023-11-02 23:16:35'),
	(186, 'App\\Domains\\Auth\\Models\\User', 1, '$2y$10$o6LDo/yVejzfuRufjvIgKO2GvmwMwylwN4xtGddjukkvbJdpfTDCm', '2023-11-07 00:07:31', '2023-11-07 00:07:31'),
	(187, 'App\\Domains\\Auth\\Models\\User', 1, '$2y$10$/mK8eY2q2n/pvV/cwpGOIuVBooKn8RsUBrSDAsZmGc9nIDaBLQuCW', '2023-11-07 04:58:21', '2023-11-07 04:58:21'),
	(188, 'App\\Domains\\Auth\\Models\\User', 1, '$2y$10$u2O36fHwhOYh.jQ7pMBEDuS8HtO8k7d4kQqrPVCCkvwO6ldGQ8dfu', '2023-11-07 11:01:15', '2023-11-07 11:01:15'),
	(189, 'App\\Domains\\Auth\\Models\\User', 1, '$2y$10$AdY21.tGGAUIO/bsWqJOE./1P8HNYoxS2l7iD712sXLHu/1hgKfrK', '2023-11-07 23:11:22', '2023-11-07 23:11:22'),
	(190, 'App\\Domains\\Auth\\Models\\User', 1, '$2y$10$wedoJJxNbskrozVL/sRfQe/BFt8XeF3wbegBFjwGafqpBV/yQlm0W', '2023-11-10 05:32:58', '2023-11-10 05:32:58'),
	(191, 'App\\Domains\\Auth\\Models\\User', 1, '$2y$10$ViWRnsr80f8TmlNgeb5ytOg6ADwgCbaR8thkPIXKu64udQ20M73uG', '2023-11-13 02:02:52', '2023-11-13 02:02:52'),
	(192, 'App\\Domains\\Auth\\Models\\User', 1, '$2y$10$H9Bd.QLqSHIFQG98vnFv..7/perQiXjCmE3kNsbrw2yRXRM5DJZIm', '2023-11-13 04:23:43', '2023-11-13 04:23:43'),
	(193, 'App\\Domains\\Auth\\Models\\User', 1, '$2y$10$w03T3F8Oh2jzErtBysHMWeUIKfO918BzJ.zHgwczvA/ApautM5pPi', '2023-11-13 22:25:38', '2023-11-13 22:25:38'),
	(194, 'App\\Domains\\Auth\\Models\\User', 1, '$2y$10$u8kMqR86sFisGUCCa4mScOs9sKGERnUEeKFFB/pDpfWqCGft/aEK.', '2023-11-14 04:35:07', '2023-11-14 04:35:07'),
	(195, 'App\\Domains\\Auth\\Models\\User', 1, '$2y$10$GuH6ksuzi3epTlH3qWVdMuK0WuhqBWRtyAnyVMGxNi/9go5VHU0q6', '2023-11-14 06:26:20', '2023-11-14 06:26:20'),
	(196, 'App\\Domains\\Auth\\Models\\User', 1, '$2y$10$77UAVzu/4yjxko4j3t3nqeM6bqEQS5FD77uSVqod1v.rH6hhcQzA2', '2023-11-14 22:48:49', '2023-11-14 22:48:49'),
	(197, 'App\\Domains\\Auth\\Models\\User', 1, '$2y$10$LTiiCk6ceYlTQYo60yexEOvZ/B.rulf3fztrdmfsHlOo4DmX25hha', '2023-11-15 05:57:24', '2023-11-15 05:57:24'),
	(198, 'App\\Domains\\Auth\\Models\\User', 1, '$2y$10$NQhg4FjKvFxDSlDVzy01ru3FzmyQLwM4lMa.C7bGdeZT3cj0g9r5a', '2023-11-15 06:12:10', '2023-11-15 06:12:10'),
	(199, 'App\\Domains\\Auth\\Models\\User', 1, '$2y$10$AtG.njUoYPUODrtOB3gdVu3g0OuzGSkQ50RmCD1Pa14KqeCi01DKy', '2023-11-15 22:38:02', '2023-11-15 22:38:02'),
	(200, 'App\\Domains\\Auth\\Models\\User', 1, '$2y$10$hgII/WDPOifPWb2dcBF8X.9risI/ndd3D/rMIjvu5DODc/yZLmUHC', '2023-11-16 22:28:24', '2023-11-16 22:28:24'),
	(201, 'App\\Domains\\Auth\\Models\\User', 1, '$2y$10$BgXd1c4xT2YGCkFTok/N/OA8teFzJwk64Ux9TmqnQx74vf7UVKoRe', '2023-11-17 05:42:33', '2023-11-17 05:42:33'),
	(202, 'App\\Domains\\Auth\\Models\\User', 1, '$2y$10$mBayQ3/rVRwrZL2EaIrjSeNH31752iOyEDGwTD.JO7s.KuHUVSpFi', '2023-11-18 00:57:17', '2023-11-18 00:57:17'),
	(203, 'App\\Domains\\Auth\\Models\\User', 1, '$2y$10$rQ67MD1RnyiK32fU4M2Llu99trtgMAmWKrDUiTDz8UMgW3LtMRZmq', '2023-11-18 04:30:19', '2023-11-18 04:30:19'),
	(204, 'App\\Domains\\Auth\\Models\\User', 1, '$2y$10$GfLoUF7k8xNPftFOJTHKLeHc4MlBQgEck5QN8iqNLHhMlzZAvytfe', '2023-11-18 11:18:54', '2023-11-18 11:18:54'),
	(205, 'App\\Domains\\Auth\\Models\\User', 1, '$2y$10$kIP307uU.oPtuJqxjMFqB.AFW6zJss2eW6eI2npR4vClxRwgOh3HG', '2023-11-19 01:02:54', '2023-11-19 01:02:54'),
	(206, 'App\\Domains\\Auth\\Models\\User', 1, '$2y$10$1TIbuZ6NO77qMBl3M.p7g.2W/jGtNutlTmiQMGGID3PSuNCrH7m/C', '2023-11-19 08:52:07', '2023-11-19 08:52:07'),
	(207, 'App\\Domains\\Auth\\Models\\User', 1, '$2y$10$f1bxxnneWUd77wxwfA6V..LYc0QChUsxHeu1HCW90Xs8ROhBySaAa', '2023-11-20 05:31:41', '2023-11-20 05:31:41'),
	(208, 'App\\Domains\\Auth\\Models\\User', 1, '$2y$10$aWE8pIdFH2fTgs9RBxyF7OyEuTOeYcLzQ/so9b5XFg/AXL5dnsjvu', '2023-11-20 23:04:11', '2023-11-20 23:04:11'),
	(209, 'App\\Domains\\Auth\\Models\\User', 1, '$2y$10$TUo8.arsqpvHs4/hOUrTpOlIEihM9Lh3BUUms7DqHhIRsahcO/oBK', '2023-11-22 00:36:16', '2023-11-22 00:36:16'),
	(210, 'App\\Domains\\Auth\\Models\\User', 1, '$2y$10$ratL7hEKfMLRwnBEGZv3WudZisMyhRzA8ZSeQOUG.3mwc5j4TZ7Ma', '2023-11-22 06:42:24', '2023-11-22 06:42:24'),
	(211, 'App\\Domains\\Auth\\Models\\User', 1, '$2y$10$pzzo9Nvjbeqrs/noiKnNGOOjYspOc6QBFOPIp1Ot1vCJ9xQ3rTsjm', '2023-11-22 22:37:30', '2023-11-22 22:37:30'),
	(212, 'App\\Domains\\Auth\\Models\\User', 1, '$2y$10$Fx0NWDHOqkCmcsThLlc.M.gOyCnHX1/QdGR1CNVSV9ojYLCldcVfO', '2023-11-23 22:50:26', '2023-11-23 22:50:26'),
	(213, 'App\\Domains\\Auth\\Models\\User', 1, '$2y$10$REbEtlwIo71xSYC486Mw4.Fic86SrPpbiXzcYE3n87UZ0BLXzG4P6', '2023-11-24 04:45:43', '2023-11-24 04:45:43'),
	(214, 'App\\Domains\\Auth\\Models\\User', 1, '$2y$10$EXJsfPefvcPA1mMg90pkIOlsR7qA2L2/.ymV.H5xVChiVWBUTqG/q', '2023-11-25 00:25:33', '2023-11-25 00:25:33'),
	(215, 'App\\Domains\\Auth\\Models\\User', 1, '$2y$10$5qls6PqfrfTpyPddZiks4e7rZ2wwt55N4p69P.4iJlnA/7JHUoUnS', '2023-11-26 23:13:44', '2023-11-26 23:13:44'),
	(216, 'App\\Domains\\Auth\\Models\\User', 1, '$2y$10$atmZLRG61AINJvIiDA0I.e.x3T543QgvLusvP1r8l9i.jpj7vv36.', '2023-11-27 06:05:44', '2023-11-27 06:05:44'),
	(217, 'App\\Domains\\Auth\\Models\\User', 1, '$2y$10$pl7pL58Gp1g7F4/TA5V4q.hRnM221KYZpNG5tSfvlaiJbtpwL4px2', '2023-11-27 23:04:54', '2023-11-27 23:04:54'),
	(218, 'App\\Domains\\Auth\\Models\\User', 1, '$2y$10$tohOMFebsbb.b5EJW8alBOOykDHf2zbt1iad3LLZDdYbGTBuZGXFq', '2023-11-28 23:06:24', '2023-11-28 23:06:24'),
	(219, 'App\\Domains\\Auth\\Models\\User', 1, '$2y$10$Q9LEd7Rd.RUTETkys7X8auCvB1EPF8RZBsNe7ns2uUAKxol9Jj2iG', '2023-11-29 05:04:56', '2023-11-29 05:04:56'),
	(220, 'App\\Domains\\Auth\\Models\\User', 1, '$2y$10$WbsMA1k2uSQRPlmYekNls.1cL8lKC.HoJVihCakhWr6gMDQVLgTNu', '2023-11-30 00:40:52', '2023-11-30 00:40:52'),
	(221, 'App\\Domains\\Auth\\Models\\User', 1, '$2y$10$TQL92hRiOViEOR5JUEtOaObBSGgJ/HmXTgTRuro/TGLUeesL3zMPq', '2023-11-30 06:17:38', '2023-11-30 06:17:38'),
	(222, 'App\\Domains\\Auth\\Models\\User', 1, '$2y$10$pDo4Ed3tDynSAwETQlkIGO1s/ufHMw/dMmdk9IZ9MnNGLj7SkTJSW', '2023-11-30 23:46:32', '2023-11-30 23:46:32'),
	(223, 'App\\Domains\\Auth\\Models\\User', 1, '$2y$10$W/HfGd7aKLjeDgCF39Q2negvaLLGtdOMXClihBKRxgVNpyVezWeYe', '2023-12-05 05:07:15', '2023-12-05 05:07:15'),
	(224, 'App\\Domains\\Auth\\Models\\User', 1, '$2y$10$xg6eq9.lQkRgNxEpdl7Gyu.bs4Wcu7lu.L7d/DI1gq.oiJgE8Ko8e', '2023-12-05 23:26:51', '2023-12-05 23:26:51'),
	(225, 'App\\Domains\\Auth\\Models\\User', 1, '$2y$10$Rnay0IrUB4ioiAtb3Uyw/.3eJhkq1W27D9m2LiRw9ms7gScCEZQoG', '2023-12-07 23:40:06', '2023-12-07 23:40:06'),
	(226, 'App\\Domains\\Auth\\Models\\User', 1, '$2y$10$9VB25TOqrVYHzYsOLPo9QO/t9VOSd5YcXCmag5wcsHoKoZ7DxNljG', '2023-12-11 02:34:35', '2023-12-11 02:34:35'),
	(227, 'App\\Domains\\Auth\\Models\\User', 1, '$2y$10$8gRlAKuVInuotxpOkGYdwedWM4vDsHSlvn2K7TYYyR9//kMXM4tt2', '2023-12-11 23:21:32', '2023-12-11 23:21:32'),
	(228, 'App\\Domains\\Auth\\Models\\User', 1, '$2y$10$bwIfMdtxsWo6diAAgTvzJuHkTqoLLsAwSluC/E/.Lq0XNQ3Q2gfH.', '2023-12-14 00:55:56', '2023-12-14 00:55:56'),
	(229, 'App\\Domains\\Auth\\Models\\User', 1, '$2y$10$7HQEuvo/N4xLN6PaxjpzAufbJfrHhnQVaZWbDvsbd.3F1ywmApC3i', '2023-12-14 05:23:10', '2023-12-14 05:23:10'),
	(230, 'App\\Domains\\Auth\\Models\\User', 1, '$2y$10$9oM/QiOlre8jiAuK73GNIO4d88GO2DjqcoYR7k1ME7mGCXmvWCOte', '2023-12-14 06:08:06', '2023-12-14 06:08:06'),
	(231, 'App\\Domains\\Auth\\Models\\User', 1, '$2y$10$Khz1MV19JEkPtd1KQOfEHuEdyVCqvMcw2r8E9pkdlfly0Ncus0/92', '2023-12-14 23:26:15', '2023-12-14 23:26:15'),
	(232, 'App\\Domains\\Auth\\Models\\User', 1, '$2y$10$R7wzvBhN6Jsqp1IaYb8UO.ovuwwH3RHNabMhSFLmO8ve46Pd26HCW', '2023-12-15 23:33:33', '2023-12-15 23:33:33'),
	(233, 'App\\Domains\\Auth\\Models\\User', 1, '$2y$10$IgGVMhefqOUIAVJsY/AudumjEBzUkxNNVXqbdv2VeMCC2dkV38eci', '2023-12-16 04:51:42', '2023-12-16 04:51:42'),
	(234, 'App\\Domains\\Auth\\Models\\User', 1, '$2y$10$UMW3v7sEYvMYgDYuZNy.deIMImiYR0m.vSM1FRDx.MmnPs/pdTwiG', '2023-12-17 23:12:54', '2023-12-17 23:12:54'),
	(235, 'App\\Domains\\Auth\\Models\\User', 1, '$2y$10$Y6TGWQAAKw3TEfYXLOBwU.1PGzL4S907khN.51e1PtdiOAlt/YFNS', '2023-12-18 05:58:17', '2023-12-18 05:58:17'),
	(236, 'App\\Domains\\Auth\\Models\\User', 16, '$2y$10$pAgEunYoastEOHWvBR2ZbOO.4bvd2mvI8U.6p59rZAOKQhIys/95i', '2023-12-18 06:02:31', '2023-12-18 06:02:31'),
	(237, 'App\\Domains\\Auth\\Models\\User', 1, '$2y$10$w2dPBa4N7MTOk6Pk8RsqlO27Zosk1VZSQj1f8ysdbIvaA/Uph4G9m', '2023-12-18 06:18:31', '2023-12-18 06:18:31'),
	(238, 'App\\Domains\\Auth\\Models\\User', 1, '$2y$10$5Gh5Gm3QAOLAEj014QXVyuwXhasJcpuGsUFgFI7aBGEWoD6X3cESO', '2023-12-18 06:20:28', '2023-12-18 06:20:28'),
	(239, 'App\\Domains\\Auth\\Models\\User', 16, '$2y$10$2OvmF.2GylsL0MlnMP3QVufkNMgl9vASHkWkIWUTluaSNKqJg5aiC', '2023-12-18 06:23:02', '2023-12-18 06:23:02'),
	(240, 'App\\Domains\\Auth\\Models\\User', 1, '$2y$10$LNLU6jFPCNhUKlR7ANu7seIYWDZ4tR0EZZNfN57W2BE5mW.DHJN8W', '2023-12-18 06:23:24', '2023-12-18 06:23:24'),
	(241, 'App\\Domains\\Auth\\Models\\User', 1, '$2y$10$aO0KqTHk6JfmijhgTPaZ7O.A97Lcx6hcwHdN0NNfIz7Kyx/NE8x.6', '2023-12-18 06:59:12', '2023-12-18 06:59:12'),
	(242, 'App\\Domains\\Auth\\Models\\User', 1, '$2y$10$RNXq6nCz0UifaWz25gAzMec8VdwPX00tZV5kp2RRSxzK9dSZ3IIQ6', '2023-12-18 07:00:24', '2023-12-18 07:00:24'),
	(243, 'App\\Domains\\Auth\\Models\\User', 1, '$2y$10$A/w3tIO1pMbNUXztca/1oeqZ0T9ooisMbbVhl8kU/tlPfC2rvPszy', '2023-12-18 07:02:32', '2023-12-18 07:02:32'),
	(244, 'App\\Domains\\Auth\\Models\\User', 1, '$2y$10$WCRBJwIXMKvq5p/0FX.KXO9dCePpvcsax7gpaIQ1XWomIH1y/FqLq', '2023-12-18 07:07:20', '2023-12-18 07:07:20'),
	(245, 'App\\Domains\\Auth\\Models\\User', 1, '$2y$10$YSF5we.ookMB8BWeYCzkYeM3HtwZ1f9zKSGewuy8W/xcSyZKf8tGa', '2023-12-18 07:12:31', '2023-12-18 07:12:31'),
	(246, 'App\\Domains\\Auth\\Models\\User', 1, '$2y$10$rzloqJ.3kvMn9SYnQhtBqeIhbZ.UjoFWOYC8tXQAaCLYRFU09GOG.', '2023-12-18 07:15:12', '2023-12-18 07:15:12'),
	(247, 'App\\Domains\\Auth\\Models\\User', 1, '$2y$10$G0egQ4G7iyg6azQQeR50Wud93UQY9SvwdhCO8IKBElRKiJ/xsUlFS', '2023-12-18 07:16:19', '2023-12-18 07:16:19'),
	(248, 'App\\Domains\\Auth\\Models\\User', 1, '$2y$10$X3SrzwsPbhoJ4aUUlGE4BuYEOOjmjlVrGgY2BLNVgaxWsYOkxkj8m', '2023-12-18 23:17:35', '2023-12-18 23:17:35'),
	(249, 'App\\Domains\\Auth\\Models\\User', 16, '$2y$10$UeMxVTRmv379jcSD3ogw1OtyoFyImqXWI8YqiTKiGAEXmtCr9.dQm', '2023-12-18 23:18:09', '2023-12-18 23:18:09'),
	(250, 'App\\Domains\\Auth\\Models\\User', 1, '$2y$10$u/..EKrcGKJMmbTVxDcd3Ol699HWn3UbaRhlsZCuOCQ3c/qY/fLQi', '2023-12-19 00:33:20', '2023-12-19 00:33:20'),
	(251, 'App\\Domains\\Auth\\Models\\User', 1, '$2y$10$5H3a9cXqnrCyjXe8wEaan.Af6pg.BdwV/y3Rpb6SYxRQYxi7mmykS', '2023-12-19 00:35:31', '2023-12-19 00:35:31'),
	(252, 'App\\Domains\\Auth\\Models\\User', 16, '$2y$10$Ox5JR.SaS05hKQ.MWDo31ejwU9cJRzo5t.f7k./5jdZ/IOguo9Zbi', '2023-12-19 00:35:40', '2023-12-19 00:35:40'),
	(253, 'App\\Domains\\Auth\\Models\\User', 16, '$2y$10$8k4/Kit6x91SPXMClWZ.zufNvyGoiDjvSqhJZHJ15CWy9t5OA7geO', '2023-12-19 00:36:56', '2023-12-19 00:36:56'),
	(254, 'App\\Domains\\Auth\\Models\\User', 16, '$2y$10$KTIg83d2TBZBAd5zLqcH0ehORBso7/YlRcQW27HLYzSKNfVeZxhlm', '2023-12-19 02:48:45', '2023-12-19 02:48:45'),
	(255, 'App\\Domains\\Auth\\Models\\User', 16, '$2y$10$eGB7UD5OY2eNvmEEHHNG/O/6qeXqrRnNuEYTfvjIgZn5lobcXN.Iy', '2023-12-19 03:07:26', '2023-12-19 03:07:26');

CREATE TABLE IF NOT EXISTS `password_resets` (
  `email` varchar(255) CHARACTER SET utf8mb4 COLLATE utf8mb4_unicode_ci NOT NULL,
  `token` varchar(255) CHARACTER SET utf8mb4 COLLATE utf8mb4_unicode_ci NOT NULL,
  `created_at` timestamp NULL DEFAULT NULL,
  KEY `password_resets_email_index` (`email`)
) ENGINE=InnoDB DEFAULT CHARSET=utf8mb4 COLLATE=utf8mb4_unicode_ci;

DELETE FROM `password_resets`;
INSERT INTO `password_resets` (`email`, `token`, `created_at`) VALUES
	('alifarooq+2@thewebstorms.com', '$2y$10$F4Nip6Rn1NCAjvd/1YN2oedpQ6Ugh669rLEVIa/CsitWf/ADHeTIu', '2022-06-06 14:38:06');

CREATE TABLE IF NOT EXISTS `permissions` (
  `id` bigint unsigned NOT NULL AUTO_INCREMENT,
  `type` enum('admin','user') CHARACTER SET utf8mb4 COLLATE utf8mb4_unicode_ci NOT NULL,
  `guard_name` varchar(255) CHARACTER SET utf8mb4 COLLATE utf8mb4_unicode_ci NOT NULL,
  `name` varchar(255) CHARACTER SET utf8mb4 COLLATE utf8mb4_unicode_ci NOT NULL,
  `description` varchar(255) CHARACTER SET utf8mb4 COLLATE utf8mb4_unicode_ci DEFAULT NULL,
  `parent_id` bigint unsigned DEFAULT NULL,
  `sort` tinyint NOT NULL DEFAULT '1',
  `created_at` timestamp NULL DEFAULT NULL,
  `updated_at` timestamp NULL DEFAULT NULL,
  PRIMARY KEY (`id`),
  KEY `permissions_parent_id_foreign` (`parent_id`),
  CONSTRAINT `permissions_parent_id_foreign` FOREIGN KEY (`parent_id`) REFERENCES `permissions` (`id`) ON DELETE CASCADE
) ENGINE=InnoDB AUTO_INCREMENT=8 DEFAULT CHARSET=utf8mb4 COLLATE=utf8mb4_unicode_ci;

DELETE FROM `permissions`;
INSERT INTO `permissions` (`id`, `type`, `guard_name`, `name`, `description`, `parent_id`, `sort`, `created_at`, `updated_at`) VALUES
	(1, 'admin', 'web', 'admin.access.user', 'All User Permissions', NULL, 1, '2022-01-20 04:18:04', '2022-01-20 04:18:04'),
	(2, 'admin', 'web', 'admin.access.user.list', 'View Users', 1, 1, '2022-01-20 04:18:04', '2022-01-20 04:18:04'),
	(3, 'admin', 'web', 'admin.access.user.deactivate', 'Deactivate Users', 1, 2, '2022-01-20 04:18:04', '2022-01-20 04:18:04'),
	(4, 'admin', 'web', 'admin.access.user.reactivate', 'Reactivate Users', 1, 3, '2022-01-20 04:18:04', '2022-01-20 04:18:04'),
	(5, 'admin', 'web', 'admin.access.user.clear-session', 'Clear User Sessions', 1, 4, '2022-01-20 04:18:04', '2022-01-20 04:18:04'),
	(6, 'admin', 'web', 'admin.access.user.impersonate', 'Impersonate Users', 1, 5, '2022-01-20 04:18:04', '2022-01-20 04:18:04'),
	(7, 'admin', 'web', 'admin.access.user.change-password', 'Change User Passwords', 1, 6, '2022-01-20 04:18:04', '2022-01-20 04:18:04');

CREATE TABLE IF NOT EXISTS `personal_access_tokens` (
  `id` bigint unsigned NOT NULL AUTO_INCREMENT,
  `tokenable_type` varchar(255) CHARACTER SET utf8mb4 COLLATE utf8mb4_unicode_ci NOT NULL,
  `tokenable_id` bigint unsigned NOT NULL,
  `name` varchar(255) CHARACTER SET utf8mb4 COLLATE utf8mb4_unicode_ci NOT NULL,
  `token` varchar(64) CHARACTER SET utf8mb4 COLLATE utf8mb4_unicode_ci NOT NULL,
  `abilities` text CHARACTER SET utf8mb4 COLLATE utf8mb4_unicode_ci,
  `last_used_at` timestamp NULL DEFAULT NULL,
  `created_at` timestamp NULL DEFAULT NULL,
  `updated_at` timestamp NULL DEFAULT NULL,
  PRIMARY KEY (`id`),
  UNIQUE KEY `personal_access_tokens_token_unique` (`token`),
  KEY `personal_access_tokens_tokenable_type_tokenable_id_index` (`tokenable_type`,`tokenable_id`)
) ENGINE=InnoDB DEFAULT CHARSET=utf8mb4 COLLATE=utf8mb4_unicode_ci;

DELETE FROM `personal_access_tokens`;

CREATE TABLE IF NOT EXISTS `photos` (
  `id` bigint unsigned NOT NULL AUTO_INCREMENT,
  `url` varchar(255) CHARACTER SET utf8mb4 COLLATE utf8mb4_unicode_ci NOT NULL,
  `product_id` bigint unsigned NOT NULL,
  `created_at` timestamp NULL DEFAULT NULL,
  `updated_at` timestamp NULL DEFAULT NULL,
  PRIMARY KEY (`id`),
  KEY `photos_product_id_foreign` (`product_id`),
  CONSTRAINT `photos_product_id_foreign` FOREIGN KEY (`product_id`) REFERENCES `products` (`id`)
) ENGINE=InnoDB AUTO_INCREMENT=18691 DEFAULT CHARSET=utf8mb4 COLLATE=utf8mb4_unicode_ci;

DELETE FROM `photos`;
INSERT INTO `photos` (`id`, `url`, `product_id`, `created_at`, `updated_at`) VALUES
	(18679, 'products/DGfZTqniZZkAPO4qkJZNARTCTFVD9X235A1gtFab.jpg', 4651, '2023-12-29 06:14:26', '2023-12-29 06:14:26'),
	(18680, 'products/SmwXnGID9KdA8r99h9WyEvcPdcTV4PzBwjeUpAey.jpg', 4651, '2023-12-29 06:14:26', '2023-12-29 06:14:26'),
	(18681, 'products/Ed3etZ5JuaI5wiXC2nQseYpReowfI5GnDSn6HsJc.jpg', 4651, '2023-12-29 06:14:26', '2023-12-29 06:14:26'),
	(18682, 'products/GqYK2etfoHYF8CYajzqSh3c8M54MFYgHkGkQxMcd.jpg', 4651, '2023-12-29 06:14:26', '2023-12-29 06:14:26'),
	(18683, 'products/vrxJqneSHGLU3RQPVXVG0Z5Ka7zCHdSOQmPeMjnH.jpg', 4652, '2023-12-30 02:32:46', '2023-12-30 02:32:46'),
	(18684, 'products/jQXJHiY98KlHJhflex7t5byLUiSSNZPrkbVyATkS.jpg', 4652, '2023-12-30 02:32:46', '2023-12-30 02:32:46'),
	(18685, 'products/t2kqeyZ9Myu318LYTnwPZzo15T2sVT23Ryj0knQS.jpg', 4652, '2023-12-30 02:32:46', '2023-12-30 02:32:46'),
	(18686, 'products/GUiBqmyul4Z5N3S3HBtriRjXrPoBdzFBqNHxID7a.jpg', 4652, '2023-12-30 02:32:46', '2023-12-30 02:32:46'),
	(18687, 'products/nFu3xVGtF3ppyA4aNff8L2O7N2mYaaaKYno1z9Fn.jpg', 4653, '2023-12-30 05:58:32', '2023-12-30 05:58:32'),
	(18688, 'products/kK17CSu6P2i3Dm8utqOG1zbxvghJKsnaZVwkgChO.jpg', 4653, '2023-12-30 05:58:32', '2023-12-30 05:58:32'),
	(18689, 'products/dMMe6955o8qBHU9cLDgoRD842945ahvCuUan5yrF.jpg', 4653, '2023-12-30 05:58:32', '2023-12-30 05:58:32'),
	(18690, 'products/XfClGJTIrAQ7MMPr1K9p4ljqyVNNVXmfsARcb7fm.jpg', 4653, '2023-12-30 05:58:32', '2023-12-30 05:58:32');

CREATE TABLE IF NOT EXISTS `products` (
  `id` bigint unsigned NOT NULL AUTO_INCREMENT,
  `type_id` bigint unsigned NOT NULL,
  `damage_preset` varchar(255) CHARACTER SET utf8mb4 COLLATE utf8mb4_unicode_ci DEFAULT NULL,
  `size_on_label` varchar(255) CHARACTER SET utf8mb4 COLLATE utf8mb4_unicode_ci DEFAULT NULL,
  `brand_id` bigint unsigned DEFAULT NULL,
  `embroidered_or_printed` varchar(255) CHARACTER SET utf8mb4 COLLATE utf8mb4_unicode_ci DEFAULT NULL,
  `unique_tag` varchar(255) CHARACTER SET utf8mb4 COLLATE utf8mb4_unicode_ci DEFAULT NULL,
  `price` decimal(8,2) DEFAULT NULL,
  `gg` varchar(255) CHARACTER SET utf8mb4 COLLATE utf8mb4_unicode_ci DEFAULT NULL,
  `fake` int DEFAULT NULL,
  `not_depop` int DEFAULT NULL,
  `vcuk` varchar(255) CHARACTER SET utf8mb4 COLLATE utf8mb4_unicode_ci DEFAULT NULL,
  `stage` varchar(255) CHARACTER SET utf8mb4 COLLATE utf8mb4_unicode_ci DEFAULT NULL,
  `created_at` timestamp NULL DEFAULT NULL,
  `updated_at` timestamp NULL DEFAULT NULL,
  `deleted_at` timestamp NULL DEFAULT NULL,
  `depop_link` text CHARACTER SET utf8mb4 COLLATE utf8mb4_unicode_ci,
  `asos_link` text CHARACTER SET utf8mb4 COLLATE utf8mb4_unicode_ci,
  `shopify_response` json DEFAULT NULL,
  `era` varchar(255) CHARACTER SET utf8mb4 COLLATE utf8mb4_unicode_ci DEFAULT NULL,
  `gender` varchar(255) CHARACTER SET utf8mb4 COLLATE utf8mb4_unicode_ci DEFAULT NULL,
  `not_asos` int DEFAULT NULL,
  `created` timestamp NULL DEFAULT NULL,
  `pre_check` timestamp NULL DEFAULT NULL,
  `arrival_check` timestamp NULL DEFAULT NULL,
  `uploaded` timestamp NULL DEFAULT NULL,
  `out_of_stock` timestamp NULL DEFAULT NULL,
  `hold` timestamp NULL DEFAULT NULL,
  `reworks` varchar(255) CHARACTER SET utf8mb4 COLLATE utf8mb4_unicode_ci DEFAULT NULL,
  `truesizes` varchar(255) CHARACTER SET utf8mb4 COLLATE utf8mb4_unicode_ci DEFAULT NULL,
  `user_id` bigint unsigned DEFAULT NULL,
  `recommended_size_id` bigint unsigned DEFAULT NULL,
  `material_id` bigint unsigned DEFAULT NULL,
  `barcode` varchar(255) CHARACTER SET utf8mb4 COLLATE utf8mb4_unicode_ci DEFAULT NULL,
  `selected_batch_id` int DEFAULT NULL,
  `batch_id` int DEFAULT NULL,
  `approved` timestamp NULL DEFAULT NULL,
  `web_names` varchar(255) CHARACTER SET utf8mb4 COLLATE utf8mb4_unicode_ci DEFAULT NULL,
  `clear` int DEFAULT '0',
  `reviewed` timestamp NULL DEFAULT NULL,
  PRIMARY KEY (`id`),
  UNIQUE KEY `unique_tag` (`unique_tag`),
  KEY `products_type_id_foreign` (`type_id`),
  KEY `products_brand_id_foreign` (`brand_id`),
  KEY `products_user_id_foreign` (`user_id`),
  KEY `products_recommended_size_id_foreign` (`recommended_size_id`),
  KEY `products_material_id_foreign` (`material_id`),
  CONSTRAINT `products_brand_id_foreign` FOREIGN KEY (`brand_id`) REFERENCES `brands` (`id`),
  CONSTRAINT `products_material_id_foreign` FOREIGN KEY (`material_id`) REFERENCES `materials` (`id`) ON DELETE SET NULL,
  CONSTRAINT `products_recommended_size_id_foreign` FOREIGN KEY (`recommended_size_id`) REFERENCES `recommended_sizes` (`id`) ON DELETE SET NULL,
  CONSTRAINT `products_type_id_foreign` FOREIGN KEY (`type_id`) REFERENCES `types` (`id`),
  CONSTRAINT `products_user_id_foreign` FOREIGN KEY (`user_id`) REFERENCES `users` (`id`) ON DELETE SET NULL
) ENGINE=InnoDB AUTO_INCREMENT=4654 DEFAULT CHARSET=utf8mb4 COLLATE=utf8mb4_unicode_ci;

DELETE FROM `products`;
INSERT INTO `products` (`id`, `type_id`, `damage_preset`, `size_on_label`, `brand_id`, `embroidered_or_printed`, `unique_tag`, `price`, `gg`, `fake`, `not_depop`, `vcuk`, `stage`, `created_at`, `updated_at`, `deleted_at`, `depop_link`, `asos_link`, `shopify_response`, `era`, `gender`, `not_asos`, `created`, `pre_check`, `arrival_check`, `uploaded`, `out_of_stock`, `hold`, `reworks`, `truesizes`, `user_id`, `recommended_size_id`, `material_id`, `barcode`, `selected_batch_id`, `batch_id`, `approved`, `web_names`, `clear`, `reviewed`) VALUES
	(4651, 19, 'B Grade - Marks throughout', '30 x 30', 731, 'Printed', '0000-01', 45.00, NULL, NULL, 1, '0000-01', 'uploaded', '2023-12-29 06:14:26', '2023-12-30 02:31:51', NULL, '', NULL, '["{\\"product\\":{\\"id\\":8337854759167,\\"title\\":\\"Lorem sunt a enim ad 90\'s here is the new brand here is the new brand test Jumper 30 x 30 Silver\\",\\"body_html\\":\\"Size on label: Women\'s 30 x 30<br>Recommended size: True to size.<br>Quality: B Grade - Marks throughout<br>Rework: <br><br>Chest (pit to pit): 1\\\\\\"<br>Length (collar to bottom): 11\\\\\\"<br>Arm (inside pit to cuff): 1\\\\\\"<br><br>Brand: Lorem sunt a enim ad<br>Type: Jumper<br>Design: here is the new brand here is the new brand test<br>Colour: Silver<br><br>Ref-3W65114-0000-01<br>VCUK:0000-01\\",\\"vendor\\":\\"Lorem sunt a enim ad\\",\\"product_type\\":\\"Jumper\\",\\"created_at\\":\\"2023-12-29T11:14:36+00:00\\",\\"handle\\":\\"lorem-sunt-a-enim-ad-jumper-30-x-30-silver\\",\\"updated_at\\":\\"2023-12-29T11:20:58+00:00\\",\\"published_at\\":null,\\"template_suffix\\":null,\\"published_scope\\":\\"global\\",\\"tags\\":\\"NOTASOS, NOTDEPOP, W\\",\\"status\\":\\"active\\",\\"admin_graphql_api_id\\":\\"gid:\\\\/\\\\/shopify\\\\/Product\\\\/8337854759167\\",\\"variants\\":[{\\"id\\":44644012523775,\\"product_id\\":8337854759167,\\"title\\":\\"30 x 30 \\\\/ Silver\\",\\"price\\":\\"0.00\\",\\"sku\\":\\"0000-01\\",\\"position\\":1,\\"inventory_policy\\":\\"deny\\",\\"compare_at_price\\":null,\\"fulfillment_service\\":\\"manual\\",\\"inventory_management\\":\\"shopify\\",\\"option1\\":\\"30 x 30\\",\\"option2\\":\\"Silver\\",\\"option3\\":null,\\"created_at\\":\\"2023-12-29T11:20:57+00:00\\",\\"updated_at\\":\\"2023-12-29T11:20:57+00:00\\",\\"taxable\\":true,\\"barcode\\":null,\\"grams\\":0,\\"image_id\\":null,\\"weight\\":0,\\"weight_unit\\":\\"lb\\",\\"inventory_item_id\\":46714897531135,\\"inventory_quantity\\":0,\\"old_inventory_quantity\\":0,\\"requires_shipping\\":true,\\"admin_graphql_api_id\\":\\"gid:\\\\/\\\\/shopify\\\\/ProductVariant\\\\/44644012523775\\"}],\\"options\\":[{\\"id\\":10574185267455,\\"product_id\\":8337854759167,\\"name\\":\\"Size\\",\\"position\\":1,\\"values\\":[\\"30 x 30\\"]},{\\"id\\":10574186742015,\\"product_id\\":8337854759167,\\"name\\":\\"Color\\",\\"position\\":2,\\"values\\":[\\"Silver\\"]}],\\"images\\":[{\\"id\\":41010717950207,\\"product_id\\":8337854759167,\\"position\\":1,\\"created_at\\":\\"2023-12-29T11:20:57+00:00\\",\\"updated_at\\":\\"2023-12-29T11:20:57+00:00\\",\\"alt\\":null,\\"width\\":689,\\"height\\":836,\\"src\\":\\"https:\\\\/\\\\/cdn.shopify.com\\\\/s\\\\/files\\\\/1\\\\/0649\\\\/0275\\\\/8655\\\\/products\\\\/DGfZTqniZZkAPO4qkJZNARTCTFVD9X235A1gtFab.jpg?v=1703848857\\",\\"variant_ids\\":[],\\"admin_graphql_api_id\\":\\"gid:\\\\/\\\\/shopify\\\\/ProductImage\\\\/41010717950207\\"},{\\"id\\":41010717982975,\\"product_id\\":8337854759167,\\"position\\":2,\\"created_at\\":\\"2023-12-29T11:20:57+00:00\\",\\"updated_at\\":\\"2023-12-29T11:20:57+00:00\\",\\"alt\\":null,\\"width\\":545,\\"height\\":496,\\"src\\":\\"https:\\\\/\\\\/cdn.shopify.com\\\\/s\\\\/files\\\\/1\\\\/0649\\\\/0275\\\\/8655\\\\/products\\\\/SmwXnGID9KdA8r99h9WyEvcPdcTV4PzBwjeUpAey.jpg?v=1703848857\\",\\"variant_ids\\":[],\\"admin_graphql_api_id\\":\\"gid:\\\\/\\\\/shopify\\\\/ProductImage\\\\/41010717982975\\"},{\\"id\\":41010718015743,\\"product_id\\":8337854759167,\\"position\\":3,\\"created_at\\":\\"2023-12-29T11:20:57+00:00\\",\\"updated_at\\":\\"2023-12-29T11:20:57+00:00\\",\\"alt\\":null,\\"width\\":1819,\\"height\\":521,\\"src\\":\\"https:\\\\/\\\\/cdn.shopify.com\\\\/s\\\\/files\\\\/1\\\\/0649\\\\/0275\\\\/8655\\\\/products\\\\/Ed3etZ5JuaI5wiXC2nQseYpReowfI5GnDSn6HsJc.jpg?v=1703848857\\",\\"variant_ids\\":[],\\"admin_graphql_api_id\\":\\"gid:\\\\/\\\\/shopify\\\\/ProductImage\\\\/41010718015743\\"},{\\"id\\":41010718048511,\\"product_id\\":8337854759167,\\"position\\":4,\\"created_at\\":\\"2023-12-29T11:20:57+00:00\\",\\"updated_at\\":\\"2023-12-29T11:20:57+00:00\\",\\"alt\\":null,\\"width\\":1867,\\"height\\":836,\\"src\\":\\"https:\\\\/\\\\/cdn.shopify.com\\\\/s\\\\/files\\\\/1\\\\/0649\\\\/0275\\\\/8655\\\\/products\\\\/GqYK2etfoHYF8CYajzqSh3c8M54MFYgHkGkQxMcd.jpg?v=1703848857\\",\\"variant_ids\\":[],\\"admin_graphql_api_id\\":\\"gid:\\\\/\\\\/shopify\\\\/ProductImage\\\\/41010718048511\\"}],\\"image\\":{\\"id\\":41010717950207,\\"product_id\\":8337854759167,\\"position\\":1,\\"created_at\\":\\"2023-12-29T11:20:57+00:00\\",\\"updated_at\\":\\"2023-12-29T11:20:57+00:00\\",\\"alt\\":null,\\"width\\":689,\\"height\\":836,\\"src\\":\\"https:\\\\/\\\\/cdn.shopify.com\\\\/s\\\\/files\\\\/1\\\\/0649\\\\/0275\\\\/8655\\\\/products\\\\/DGfZTqniZZkAPO4qkJZNARTCTFVD9X235A1gtFab.jpg?v=1703848857\\",\\"variant_ids\\":[],\\"admin_graphql_api_id\\":\\"gid:\\\\/\\\\/shopify\\\\/ProductImage\\\\/41010717950207\\"}},\\"internal_shopify_id\\":7}"]', '90\'s', 'Women\'s', 1, '2023-12-29 06:14:42', NULL, NULL, '2023-12-30 02:31:51', NULL, NULL, NULL, NULL, 16, NULL, NULL, NULL, 53, 53, '2023-12-29 06:20:57', '["shopify vintage-e305"]', 0, NULL),
	(4652, 18, 'Tiny hole on back (see photos)', '28', 732, 'Embroidered', '0000-02', 123.00, NULL, NULL, NULL, '0000-02', 'uploaded', '2023-12-30 02:32:46', '2023-12-30 05:57:37', NULL, 'https://www.depop.com/vintageclubuk/', 'https://www.depop.com/vintageclubuk/', '["{\\"product\\":{\\"id\\":8338284052735,\\"title\\":\\"Culpa voluptatem u 90\'s hyy Joggers \\\\/ Sweatpants 28 Silver\\",\\"body_html\\":\\"Size on label: Men\'s 28<br>Recommended size: True to size.<br>Quality: Tiny hole on back (see photos)<br>Rework: <br><br>Waist: 1\\\\\\"<br>Outside Leg: 1\\\\\\"<br>Inside Leg: 1\\\\\\"<br>Leg Opening: 1\\\\\\"<br><br>Brand: Culpa voluptatem u<br>Type: Joggers \\\\/ Sweatpants<br>Design: hyy<br>Colour: Silver<br><br>Ref-2M65128-0000-02<br>VCUK:0000-02\\",\\"vendor\\":\\"Culpa voluptatem u\\",\\"product_type\\":\\"Joggers\\",\\"created_at\\":\\"2023-12-30T07:32:55+00:00\\",\\"handle\\":\\"culpa-voluptatem-u-joggers-sweatpants-28-silver\\",\\"updated_at\\":\\"2023-12-30T07:44:56+00:00\\",\\"published_at\\":\\"2023-12-30T07:44:47+00:00\\",\\"template_suffix\\":null,\\"published_scope\\":\\"global\\",\\"tags\\":\\"M\\",\\"status\\":\\"active\\",\\"admin_graphql_api_id\\":\\"gid:\\\\/\\\\/shopify\\\\/Product\\\\/8338284052735\\",\\"variants\\":[{\\"id\\":44645701648639,\\"product_id\\":8338284052735,\\"title\\":\\"28 \\\\/ Silver\\",\\"price\\":\\"123.00\\",\\"sku\\":\\"0000-02\\",\\"position\\":1,\\"inventory_policy\\":\\"deny\\",\\"compare_at_price\\":null,\\"fulfillment_service\\":\\"manual\\",\\"inventory_management\\":\\"shopify\\",\\"option1\\":\\"28\\",\\"option2\\":\\"Silver\\",\\"option3\\":null,\\"created_at\\":\\"2023-12-30T07:44:56+00:00\\",\\"updated_at\\":\\"2023-12-30T07:44:56+00:00\\",\\"taxable\\":true,\\"barcode\\":null,\\"grams\\":0,\\"image_id\\":null,\\"weight\\":0,\\"weight_unit\\":\\"lb\\",\\"inventory_item_id\\":46716589605119,\\"inventory_quantity\\":1,\\"old_inventory_quantity\\":1,\\"requires_shipping\\":true,\\"admin_graphql_api_id\\":\\"gid:\\\\/\\\\/shopify\\\\/ProductVariant\\\\/44645701648639\\"}],\\"options\\":[{\\"id\\":10574704967935,\\"product_id\\":8338284052735,\\"name\\":\\"Size\\",\\"position\\":1,\\"values\\":[\\"28\\"]},{\\"id\\":10574706344191,\\"product_id\\":8338284052735,\\"name\\":\\"Color\\",\\"position\\":2,\\"values\\":[\\"Silver\\"]}],\\"images\\":[{\\"id\\":41016454152447,\\"product_id\\":8338284052735,\\"position\\":1,\\"created_at\\":\\"2023-12-30T07:44:56+00:00\\",\\"updated_at\\":\\"2023-12-30T07:44:56+00:00\\",\\"alt\\":null,\\"width\\":1867,\\"height\\":836,\\"src\\":\\"https:\\\\/\\\\/cdn.shopify.com\\\\/s\\\\/files\\\\/1\\\\/0649\\\\/0275\\\\/8655\\\\/products\\\\/vrxJqneSHGLU3RQPVXVG0Z5Ka7zCHdSOQmPeMjnH_e1337f71-403f-40ee-8c5d-cf46db3058f9.jpg?v=1703922296\\",\\"variant_ids\\":[],\\"admin_graphql_api_id\\":\\"gid:\\\\/\\\\/shopify\\\\/ProductImage\\\\/41016454152447\\"},{\\"id\\":41016454185215,\\"product_id\\":8338284052735,\\"position\\":2,\\"created_at\\":\\"2023-12-30T07:44:56+00:00\\",\\"updated_at\\":\\"2023-12-30T07:44:56+00:00\\",\\"alt\\":null,\\"width\\":689,\\"height\\":836,\\"src\\":\\"https:\\\\/\\\\/cdn.shopify.com\\\\/s\\\\/files\\\\/1\\\\/0649\\\\/0275\\\\/8655\\\\/products\\\\/jQXJHiY98KlHJhflex7t5byLUiSSNZPrkbVyATkS_30e40a81-3eae-4742-8e57-6bf616570634.jpg?v=1703922296\\",\\"variant_ids\\":[],\\"admin_graphql_api_id\\":\\"gid:\\\\/\\\\/shopify\\\\/ProductImage\\\\/41016454185215\\"},{\\"id\\":41016454217983,\\"product_id\\":8338284052735,\\"position\\":3,\\"created_at\\":\\"2023-12-30T07:44:56+00:00\\",\\"updated_at\\":\\"2023-12-30T07:44:56+00:00\\",\\"alt\\":null,\\"width\\":545,\\"height\\":496,\\"src\\":\\"https:\\\\/\\\\/cdn.shopify.com\\\\/s\\\\/files\\\\/1\\\\/0649\\\\/0275\\\\/8655\\\\/products\\\\/t2kqeyZ9Myu318LYTnwPZzo15T2sVT23Ryj0knQS_8b223040-c32d-454d-a190-d89d6ee2b1aa.jpg?v=1703922296\\",\\"variant_ids\\":[],\\"admin_graphql_api_id\\":\\"gid:\\\\/\\\\/shopify\\\\/ProductImage\\\\/41016454217983\\"},{\\"id\\":41016454250751,\\"product_id\\":8338284052735,\\"position\\":4,\\"created_at\\":\\"2023-12-30T07:44:56+00:00\\",\\"updated_at\\":\\"2023-12-30T07:44:56+00:00\\",\\"alt\\":null,\\"width\\":1819,\\"height\\":521,\\"src\\":\\"https:\\\\/\\\\/cdn.shopify.com\\\\/s\\\\/files\\\\/1\\\\/0649\\\\/0275\\\\/8655\\\\/products\\\\/GUiBqmyul4Z5N3S3HBtriRjXrPoBdzFBqNHxID7a_2dc62f75-f982-42ab-a2ff-48b4bedcc96f.jpg?v=1703922296\\",\\"variant_ids\\":[],\\"admin_graphql_api_id\\":\\"gid:\\\\/\\\\/shopify\\\\/ProductImage\\\\/41016454250751\\"}],\\"image\\":{\\"id\\":41016454152447,\\"product_id\\":8338284052735,\\"position\\":1,\\"created_at\\":\\"2023-12-30T07:44:56+00:00\\",\\"updated_at\\":\\"2023-12-30T07:44:56+00:00\\",\\"alt\\":null,\\"width\\":1867,\\"height\\":836,\\"src\\":\\"https:\\\\/\\\\/cdn.shopify.com\\\\/s\\\\/files\\\\/1\\\\/0649\\\\/0275\\\\/8655\\\\/products\\\\/vrxJqneSHGLU3RQPVXVG0Z5Ka7zCHdSOQmPeMjnH_e1337f71-403f-40ee-8c5d-cf46db3058f9.jpg?v=1703922296\\",\\"variant_ids\\":[],\\"admin_graphql_api_id\\":\\"gid:\\\\/\\\\/shopify\\\\/ProductImage\\\\/41016454152447\\"}},\\"internal_shopify_id\\":7}", "{\\"product\\":{\\"id\\":8241514578133,\\"title\\":\\"Culpa voluptatem u 90\'s hyy Joggers \\\\/ Sweatpants 28 Silver\\",\\"body_html\\":\\"Size on label: Men\'s 28<br>Recommended size: True to size.<br>Quality: Tiny hole on back (see photos)<br>Rework: <br><br>Waist: 1\\\\\\"<br>Outside Leg: 1\\\\\\"<br>Inside Leg: 1\\\\\\"<br>Leg Opening: 1\\\\\\"<br><br>Brand: Culpa voluptatem u<br>Type: Joggers \\\\/ Sweatpants<br>Design: hyy<br>Colour: Silver<br><br>Ref-2M65128-0000-02<br>VCUK:0000-02\\",\\"vendor\\":\\"Culpa voluptatem u\\",\\"product_type\\":\\"Joggers\\",\\"created_at\\":\\"2023-12-30T02:33:04-05:00\\",\\"handle\\":\\"culpa-voluptatem-u-joggers-sweatpants-28-silver\\",\\"updated_at\\":\\"2023-12-30T02:45:07-05:00\\",\\"published_at\\":\\"2023-12-30T02:44:58-05:00\\",\\"template_suffix\\":null,\\"published_scope\\":\\"global\\",\\"tags\\":\\"M\\",\\"status\\":\\"active\\",\\"admin_graphql_api_id\\":\\"gid:\\\\/\\\\/shopify\\\\/Product\\\\/8241514578133\\",\\"variants\\":[{\\"id\\":45461989949653,\\"product_id\\":8241514578133,\\"title\\":\\"28 \\\\/ Silver\\",\\"price\\":\\"123.00\\",\\"sku\\":\\"0000-02\\",\\"position\\":1,\\"inventory_policy\\":\\"deny\\",\\"compare_at_price\\":null,\\"fulfillment_service\\":\\"manual\\",\\"inventory_management\\":\\"shopify\\",\\"option1\\":\\"28\\",\\"option2\\":\\"Silver\\",\\"option3\\":null,\\"created_at\\":\\"2023-12-30T02:45:06-05:00\\",\\"updated_at\\":\\"2023-12-30T02:45:06-05:00\\",\\"taxable\\":true,\\"barcode\\":null,\\"grams\\":0,\\"image_id\\":null,\\"weight\\":0,\\"weight_unit\\":\\"kg\\",\\"inventory_item_id\\":47558285951189,\\"inventory_quantity\\":1,\\"old_inventory_quantity\\":1,\\"requires_shipping\\":true,\\"admin_graphql_api_id\\":\\"gid:\\\\/\\\\/shopify\\\\/ProductVariant\\\\/45461989949653\\"}],\\"options\\":[{\\"id\\":10438684442837,\\"product_id\\":8241514578133,\\"name\\":\\"Size\\",\\"position\\":1,\\"values\\":[\\"28\\"]},{\\"id\\":10438692307157,\\"product_id\\":8241514578133,\\"name\\":\\"Color\\",\\"position\\":2,\\"values\\":[\\"Silver\\"]}],\\"images\\":[{\\"id\\":40860155543765,\\"product_id\\":8241514578133,\\"position\\":1,\\"created_at\\":\\"2023-12-30T02:45:06-05:00\\",\\"updated_at\\":\\"2023-12-30T02:45:06-05:00\\",\\"alt\\":null,\\"width\\":1867,\\"height\\":836,\\"src\\":\\"https:\\\\/\\\\/cdn.shopify.com\\\\/s\\\\/files\\\\/1\\\\/0675\\\\/9527\\\\/2405\\\\/products\\\\/vrxJqneSHGLU3RQPVXVG0Z5Ka7zCHdSOQmPeMjnH_39d61138-cd44-4fe5-a1db-db73ab034de3.jpg?v=1703922306\\",\\"variant_ids\\":[],\\"admin_graphql_api_id\\":\\"gid:\\\\/\\\\/shopify\\\\/ProductImage\\\\/40860155543765\\"},{\\"id\\":40860155576533,\\"product_id\\":8241514578133,\\"position\\":2,\\"created_at\\":\\"2023-12-30T02:45:06-05:00\\",\\"updated_at\\":\\"2023-12-30T02:45:06-05:00\\",\\"alt\\":null,\\"width\\":689,\\"height\\":836,\\"src\\":\\"https:\\\\/\\\\/cdn.shopify.com\\\\/s\\\\/files\\\\/1\\\\/0675\\\\/9527\\\\/2405\\\\/products\\\\/jQXJHiY98KlHJhflex7t5byLUiSSNZPrkbVyATkS_18d9bc3e-e23a-4a4f-ba31-b8fb5df49acb.jpg?v=1703922306\\",\\"variant_ids\\":[],\\"admin_graphql_api_id\\":\\"gid:\\\\/\\\\/shopify\\\\/ProductImage\\\\/40860155576533\\"},{\\"id\\":40860155609301,\\"product_id\\":8241514578133,\\"position\\":3,\\"created_at\\":\\"2023-12-30T02:45:06-05:00\\",\\"updated_at\\":\\"2023-12-30T02:45:06-05:00\\",\\"alt\\":null,\\"width\\":545,\\"height\\":496,\\"src\\":\\"https:\\\\/\\\\/cdn.shopify.com\\\\/s\\\\/files\\\\/1\\\\/0675\\\\/9527\\\\/2405\\\\/products\\\\/t2kqeyZ9Myu318LYTnwPZzo15T2sVT23Ryj0knQS_4dd4cfd3-c757-4828-bd03-0896f2fa3118.jpg?v=1703922306\\",\\"variant_ids\\":[],\\"admin_graphql_api_id\\":\\"gid:\\\\/\\\\/shopify\\\\/ProductImage\\\\/40860155609301\\"},{\\"id\\":40860155642069,\\"product_id\\":8241514578133,\\"position\\":4,\\"created_at\\":\\"2023-12-30T02:45:06-05:00\\",\\"updated_at\\":\\"2023-12-30T02:45:06-05:00\\",\\"alt\\":null,\\"width\\":1819,\\"height\\":521,\\"src\\":\\"https:\\\\/\\\\/cdn.shopify.com\\\\/s\\\\/files\\\\/1\\\\/0675\\\\/9527\\\\/2405\\\\/products\\\\/GUiBqmyul4Z5N3S3HBtriRjXrPoBdzFBqNHxID7a_35a8ccdf-4d94-472a-868f-a25f535ad79e.jpg?v=1703922306\\",\\"variant_ids\\":[],\\"admin_graphql_api_id\\":\\"gid:\\\\/\\\\/shopify\\\\/ProductImage\\\\/40860155642069\\"}],\\"image\\":{\\"id\\":40860155543765,\\"product_id\\":8241514578133,\\"position\\":1,\\"created_at\\":\\"2023-12-30T02:45:06-05:00\\",\\"updated_at\\":\\"2023-12-30T02:45:06-05:00\\",\\"alt\\":null,\\"width\\":1867,\\"height\\":836,\\"src\\":\\"https:\\\\/\\\\/cdn.shopify.com\\\\/s\\\\/files\\\\/1\\\\/0675\\\\/9527\\\\/2405\\\\/products\\\\/vrxJqneSHGLU3RQPVXVG0Z5Ka7zCHdSOQmPeMjnH_39d61138-cd44-4fe5-a1db-db73ab034de3.jpg?v=1703922306\\",\\"variant_ids\\":[],\\"admin_graphql_api_id\\":\\"gid:\\\\/\\\\/shopify\\\\/ProductImage\\\\/40860155543765\\"}},\\"internal_shopify_id\\":8}"]', '90\'s', 'Men\'s', NULL, '2023-12-30 02:34:47', NULL, '2023-12-30 02:45:07', '2023-12-30 05:57:37', NULL, NULL, NULL, NULL, 16, NULL, NULL, NULL, 54, 54, '2023-12-30 02:35:47', '["shopify vintage-e305","shopify test vintage-e305"]', 0, NULL),
	(4653, 18, 'Small mark on front', '31', 733, 'Printed', '0000-03', 23.00, NULL, NULL, NULL, '0000-03', 'uploaded', '2023-12-30 05:58:32', '2023-12-30 06:02:09', NULL, 'https://www.depop.com/vintageclubuk/', 'https://www.depop.com/vintageclubuk/', '["{\\"product\\":{\\"id\\":8338326552831,\\"title\\":\\"Qui adipisicing temp 90\'s hyy hyy new one Joggers \\\\/ Sweatpants 31 Blue\\",\\"body_html\\":\\"Size on label: Men\'s 31<br>Recommended size: True to size.<br>Quality: Small mark on front<br>Rework: <br><br>Waist: 1\\\\\\"<br>Outside Leg: 1\\\\\\"<br>Inside Leg: 1\\\\\\"<br>Leg Opening: 1\\\\\\"<br><br>Brand: Qui adipisicing temp<br>Type: Joggers \\\\/ Sweatpants<br>Design: hyy hyy new one<br>Colour: Blue<br><br>Ref-3M65142-0000-03<br>VCUK:0000-03\\",\\"vendor\\":\\"Qui adipisicing temp\\",\\"product_type\\":\\"Joggers\\",\\"created_at\\":\\"2023-12-30T10:58:41+00:00\\",\\"handle\\":\\"qui-adipisicing-temp-joggers-sweatpants-31-blue\\",\\"updated_at\\":\\"2023-12-30T11:00:35+00:00\\",\\"published_at\\":\\"2023-12-30T11:00:26+00:00\\",\\"template_suffix\\":null,\\"published_scope\\":\\"global\\",\\"tags\\":\\"M\\",\\"status\\":\\"active\\",\\"admin_graphql_api_id\\":\\"gid:\\\\/\\\\/shopify\\\\/Product\\\\/8338326552831\\",\\"variants\\":[{\\"id\\":44645866045695,\\"product_id\\":8338326552831,\\"title\\":\\"31 \\\\/ Blue\\",\\"price\\":\\"23.00\\",\\"sku\\":\\"0000-03\\",\\"position\\":1,\\"inventory_policy\\":\\"deny\\",\\"compare_at_price\\":null,\\"fulfillment_service\\":\\"manual\\",\\"inventory_management\\":\\"shopify\\",\\"option1\\":\\"31\\",\\"option2\\":\\"Blue\\",\\"option3\\":null,\\"created_at\\":\\"2023-12-30T11:00:35+00:00\\",\\"updated_at\\":\\"2023-12-30T11:00:35+00:00\\",\\"taxable\\":true,\\"barcode\\":null,\\"grams\\":0,\\"image_id\\":null,\\"weight\\":0,\\"weight_unit\\":\\"lb\\",\\"inventory_item_id\\":46716757049599,\\"inventory_quantity\\":1,\\"old_inventory_quantity\\":1,\\"requires_shipping\\":true,\\"admin_graphql_api_id\\":\\"gid:\\\\/\\\\/shopify\\\\/ProductVariant\\\\/44645866045695\\"}],\\"options\\":[{\\"id\\":10574755168511,\\"product_id\\":8338326552831,\\"name\\":\\"Size\\",\\"position\\":1,\\"values\\":[\\"31\\"]},{\\"id\\":10574757167359,\\"product_id\\":8338326552831,\\"name\\":\\"Color\\",\\"position\\":2,\\"values\\":[\\"Blue\\"]}],\\"images\\":[{\\"id\\":41017301336319,\\"product_id\\":8338326552831,\\"position\\":1,\\"created_at\\":\\"2023-12-30T11:00:35+00:00\\",\\"updated_at\\":\\"2023-12-30T11:00:35+00:00\\",\\"alt\\":null,\\"width\\":689,\\"height\\":836,\\"src\\":\\"https:\\\\/\\\\/cdn.shopify.com\\\\/s\\\\/files\\\\/1\\\\/0649\\\\/0275\\\\/8655\\\\/products\\\\/nFu3xVGtF3ppyA4aNff8L2O7N2mYaaaKYno1z9Fn_5df64b67-14bf-43c7-bf55-4fe8139eb9b8.jpg?v=1703934035\\",\\"variant_ids\\":[],\\"admin_graphql_api_id\\":\\"gid:\\\\/\\\\/shopify\\\\/ProductImage\\\\/41017301336319\\"},{\\"id\\":41017301369087,\\"product_id\\":8338326552831,\\"position\\":2,\\"created_at\\":\\"2023-12-30T11:00:35+00:00\\",\\"updated_at\\":\\"2023-12-30T11:00:35+00:00\\",\\"alt\\":null,\\"width\\":545,\\"height\\":496,\\"src\\":\\"https:\\\\/\\\\/cdn.shopify.com\\\\/s\\\\/files\\\\/1\\\\/0649\\\\/0275\\\\/8655\\\\/products\\\\/kK17CSu6P2i3Dm8utqOG1zbxvghJKsnaZVwkgChO_e7ec8061-d13c-4985-959a-200a39c92691.jpg?v=1703934035\\",\\"variant_ids\\":[],\\"admin_graphql_api_id\\":\\"gid:\\\\/\\\\/shopify\\\\/ProductImage\\\\/41017301369087\\"},{\\"id\\":41017301401855,\\"product_id\\":8338326552831,\\"position\\":3,\\"created_at\\":\\"2023-12-30T11:00:35+00:00\\",\\"updated_at\\":\\"2023-12-30T11:00:35+00:00\\",\\"alt\\":null,\\"width\\":1819,\\"height\\":521,\\"src\\":\\"https:\\\\/\\\\/cdn.shopify.com\\\\/s\\\\/files\\\\/1\\\\/0649\\\\/0275\\\\/8655\\\\/products\\\\/dMMe6955o8qBHU9cLDgoRD842945ahvCuUan5yrF_46d06002-09e4-471f-b2bd-2b508d373516.jpg?v=1703934035\\",\\"variant_ids\\":[],\\"admin_graphql_api_id\\":\\"gid:\\\\/\\\\/shopify\\\\/ProductImage\\\\/41017301401855\\"},{\\"id\\":41017301434623,\\"product_id\\":8338326552831,\\"position\\":4,\\"created_at\\":\\"2023-12-30T11:00:35+00:00\\",\\"updated_at\\":\\"2023-12-30T11:00:35+00:00\\",\\"alt\\":null,\\"width\\":1867,\\"height\\":836,\\"src\\":\\"https:\\\\/\\\\/cdn.shopify.com\\\\/s\\\\/files\\\\/1\\\\/0649\\\\/0275\\\\/8655\\\\/products\\\\/XfClGJTIrAQ7MMPr1K9p4ljqyVNNVXmfsARcb7fm_0384e21f-25b3-4b0b-b8e3-d953ec544b76.jpg?v=1703934035\\",\\"variant_ids\\":[],\\"admin_graphql_api_id\\":\\"gid:\\\\/\\\\/shopify\\\\/ProductImage\\\\/41017301434623\\"}],\\"image\\":{\\"id\\":41017301336319,\\"product_id\\":8338326552831,\\"position\\":1,\\"created_at\\":\\"2023-12-30T11:00:35+00:00\\",\\"updated_at\\":\\"2023-12-30T11:00:35+00:00\\",\\"alt\\":null,\\"width\\":689,\\"height\\":836,\\"src\\":\\"https:\\\\/\\\\/cdn.shopify.com\\\\/s\\\\/files\\\\/1\\\\/0649\\\\/0275\\\\/8655\\\\/products\\\\/nFu3xVGtF3ppyA4aNff8L2O7N2mYaaaKYno1z9Fn_5df64b67-14bf-43c7-bf55-4fe8139eb9b8.jpg?v=1703934035\\",\\"variant_ids\\":[],\\"admin_graphql_api_id\\":\\"gid:\\\\/\\\\/shopify\\\\/ProductImage\\\\/41017301336319\\"}},\\"internal_shopify_id\\":7}", "{\\"product\\":{\\"id\\":8241569071317,\\"title\\":\\"Qui adipisicing temp 90\'s hyy hyy new one Joggers \\\\/ Sweatpants 31 Blue\\",\\"body_html\\":\\"Size on label: Men\'s 31<br>Recommended size: True to size.<br>Quality: Small mark on front<br>Rework: <br><br>Waist: 1\\\\\\"<br>Outside Leg: 1\\\\\\"<br>Inside Leg: 1\\\\\\"<br>Leg Opening: 1\\\\\\"<br><br>Brand: Qui adipisicing temp<br>Type: Joggers \\\\/ Sweatpants<br>Design: hyy hyy new one<br>Colour: Blue<br><br>Ref-3M65142-0000-03<br>VCUK:0000-03\\",\\"vendor\\":\\"Qui adipisicing temp\\",\\"product_type\\":\\"Joggers\\",\\"created_at\\":\\"2023-12-30T05:58:50-05:00\\",\\"handle\\":\\"qui-adipisicing-temp-joggers-sweatpants-31-blue\\",\\"updated_at\\":\\"2023-12-30T06:00:46-05:00\\",\\"published_at\\":\\"2023-12-30T06:00:38-05:00\\",\\"template_suffix\\":null,\\"published_scope\\":\\"global\\",\\"tags\\":\\"M\\",\\"status\\":\\"active\\",\\"admin_graphql_api_id\\":\\"gid:\\\\/\\\\/shopify\\\\/Product\\\\/8241569071317\\",\\"variants\\":[{\\"id\\":45462877274325,\\"product_id\\":8241569071317,\\"title\\":\\"31 \\\\/ Blue\\",\\"price\\":\\"23.00\\",\\"sku\\":\\"0000-03\\",\\"position\\":1,\\"inventory_policy\\":\\"deny\\",\\"compare_at_price\\":null,\\"fulfillment_service\\":\\"manual\\",\\"inventory_management\\":\\"shopify\\",\\"option1\\":\\"31\\",\\"option2\\":\\"Blue\\",\\"option3\\":null,\\"created_at\\":\\"2023-12-30T06:00:46-05:00\\",\\"updated_at\\":\\"2023-12-30T06:00:46-05:00\\",\\"taxable\\":true,\\"barcode\\":null,\\"grams\\":0,\\"image_id\\":null,\\"weight\\":0,\\"weight_unit\\":\\"kg\\",\\"inventory_item_id\\":47559173308629,\\"inventory_quantity\\":1,\\"old_inventory_quantity\\":1,\\"requires_shipping\\":true,\\"admin_graphql_api_id\\":\\"gid:\\\\/\\\\/shopify\\\\/ProductVariant\\\\/45462877274325\\"}],\\"options\\":[{\\"id\\":10438743818453,\\"product_id\\":8241569071317,\\"name\\":\\"Size\\",\\"position\\":1,\\"values\\":[\\"31\\"]},{\\"id\\":10438747783381,\\"product_id\\":8241569071317,\\"name\\":\\"Color\\",\\"position\\":2,\\"values\\":[\\"Blue\\"]}],\\"images\\":[{\\"id\\":40860384395477,\\"product_id\\":8241569071317,\\"position\\":1,\\"created_at\\":\\"2023-12-30T06:00:46-05:00\\",\\"updated_at\\":\\"2023-12-30T06:00:46-05:00\\",\\"alt\\":null,\\"width\\":689,\\"height\\":836,\\"src\\":\\"https:\\\\/\\\\/cdn.shopify.com\\\\/s\\\\/files\\\\/1\\\\/0675\\\\/9527\\\\/2405\\\\/products\\\\/nFu3xVGtF3ppyA4aNff8L2O7N2mYaaaKYno1z9Fn_4643d36b-aa6e-4399-a7f6-0c8fcf602783.jpg?v=1703934046\\",\\"variant_ids\\":[],\\"admin_graphql_api_id\\":\\"gid:\\\\/\\\\/shopify\\\\/ProductImage\\\\/40860384395477\\"},{\\"id\\":40860384428245,\\"product_id\\":8241569071317,\\"position\\":2,\\"created_at\\":\\"2023-12-30T06:00:46-05:00\\",\\"updated_at\\":\\"2023-12-30T06:00:46-05:00\\",\\"alt\\":null,\\"width\\":545,\\"height\\":496,\\"src\\":\\"https:\\\\/\\\\/cdn.shopify.com\\\\/s\\\\/files\\\\/1\\\\/0675\\\\/9527\\\\/2405\\\\/products\\\\/kK17CSu6P2i3Dm8utqOG1zbxvghJKsnaZVwkgChO_7c1487c7-a212-4570-9830-5797baa7f1c8.jpg?v=1703934046\\",\\"variant_ids\\":[],\\"admin_graphql_api_id\\":\\"gid:\\\\/\\\\/shopify\\\\/ProductImage\\\\/40860384428245\\"},{\\"id\\":40860384461013,\\"product_id\\":8241569071317,\\"position\\":3,\\"created_at\\":\\"2023-12-30T06:00:46-05:00\\",\\"updated_at\\":\\"2023-12-30T06:00:46-05:00\\",\\"alt\\":null,\\"width\\":1819,\\"height\\":521,\\"src\\":\\"https:\\\\/\\\\/cdn.shopify.com\\\\/s\\\\/files\\\\/1\\\\/0675\\\\/9527\\\\/2405\\\\/products\\\\/dMMe6955o8qBHU9cLDgoRD842945ahvCuUan5yrF_52e0d547-7ccb-4348-a208-9fe70cd70772.jpg?v=1703934046\\",\\"variant_ids\\":[],\\"admin_graphql_api_id\\":\\"gid:\\\\/\\\\/shopify\\\\/ProductImage\\\\/40860384461013\\"},{\\"id\\":40860384493781,\\"product_id\\":8241569071317,\\"position\\":4,\\"created_at\\":\\"2023-12-30T06:00:46-05:00\\",\\"updated_at\\":\\"2023-12-30T06:00:46-05:00\\",\\"alt\\":null,\\"width\\":1867,\\"height\\":836,\\"src\\":\\"https:\\\\/\\\\/cdn.shopify.com\\\\/s\\\\/files\\\\/1\\\\/0675\\\\/9527\\\\/2405\\\\/products\\\\/XfClGJTIrAQ7MMPr1K9p4ljqyVNNVXmfsARcb7fm_c4a892a8-cd8e-4587-9fb8-bd725c6b7c7d.jpg?v=1703934046\\",\\"variant_ids\\":[],\\"admin_graphql_api_id\\":\\"gid:\\\\/\\\\/shopify\\\\/ProductImage\\\\/40860384493781\\"}],\\"image\\":{\\"id\\":40860384395477,\\"product_id\\":8241569071317,\\"position\\":1,\\"created_at\\":\\"2023-12-30T06:00:46-05:00\\",\\"updated_at\\":\\"2023-12-30T06:00:46-05:00\\",\\"alt\\":null,\\"width\\":689,\\"height\\":836,\\"src\\":\\"https:\\\\/\\\\/cdn.shopify.com\\\\/s\\\\/files\\\\/1\\\\/0675\\\\/9527\\\\/2405\\\\/products\\\\/nFu3xVGtF3ppyA4aNff8L2O7N2mYaaaKYno1z9Fn_4643d36b-aa6e-4399-a7f6-0c8fcf602783.jpg?v=1703934046\\",\\"variant_ids\\":[],\\"admin_graphql_api_id\\":\\"gid:\\\\/\\\\/shopify\\\\/ProductImage\\\\/40860384395477\\"}},\\"internal_shopify_id\\":8}"]', '90\'s', 'Men\'s', NULL, '2023-12-30 05:58:57', NULL, '2023-12-30 06:00:47', '2023-12-30 06:02:09', NULL, NULL, NULL, NULL, 16, NULL, NULL, NULL, 55, 55, '2023-12-30 05:59:54', '["shopify vintage-e305","shopify test vintage-e305"]', 0, NULL);

CREATE TABLE IF NOT EXISTS `product_details` (
  `id` bigint unsigned NOT NULL AUTO_INCREMENT,
  `name` varchar(255) CHARACTER SET utf8mb4 COLLATE utf8mb4_unicode_ci NOT NULL,
  `value` varchar(255) CHARACTER SET utf8mb4 COLLATE utf8mb4_unicode_ci DEFAULT NULL,
  `product_id` bigint unsigned NOT NULL,
  `created_at` timestamp NULL DEFAULT NULL,
  `updated_at` timestamp NULL DEFAULT NULL,
  PRIMARY KEY (`id`),
  KEY `product_details_product_id_foreign` (`product_id`),
  CONSTRAINT `product_details_product_id_foreign` FOREIGN KEY (`product_id`) REFERENCES `products` (`id`)
) ENGINE=InnoDB AUTO_INCREMENT=2155 DEFAULT CHARSET=utf8mb4 COLLATE=utf8mb4_unicode_ci;

DELETE FROM `product_details`;
INSERT INTO `product_details` (`id`, `name`, `value`, `product_id`, `created_at`, `updated_at`) VALUES
	(2135, 'Detail 1', 'here is the new brand', 4651, '2023-12-29 06:20:25', '2023-12-29 06:20:25'),
	(2136, 'Detail 2', 'here is the new brand', 4651, '2023-12-29 06:20:25', '2023-12-29 06:20:25'),
	(2137, 'Detail 3', 'test', 4651, '2023-12-29 06:20:25', '2023-12-29 06:20:25'),
	(2138, 'Detail 4', NULL, 4651, '2023-12-29 06:20:25', '2023-12-29 06:20:25'),
	(2143, 'Detail 1', 'hyy', 4652, '2023-12-30 02:35:26', '2023-12-30 02:35:26'),
	(2144, 'Detail 2', NULL, 4652, '2023-12-30 02:35:26', '2023-12-30 02:35:26'),
	(2145, 'Detail 3', NULL, 4652, '2023-12-30 02:35:26', '2023-12-30 02:35:26'),
	(2146, 'Detail 4', NULL, 4652, '2023-12-30 02:35:26', '2023-12-30 02:35:26'),
	(2151, 'Detail 1', 'hyy', 4653, '2023-12-30 05:59:34', '2023-12-30 05:59:34'),
	(2152, 'Detail 2', 'hyy', 4653, '2023-12-30 05:59:34', '2023-12-30 05:59:34'),
	(2153, 'Detail 3', NULL, 4653, '2023-12-30 05:59:34', '2023-12-30 05:59:34'),
	(2154, 'Detail 4', 'new one', 4653, '2023-12-30 05:59:34', '2023-12-30 05:59:34');

CREATE TABLE IF NOT EXISTS `product_type_fields` (
  `id` bigint unsigned NOT NULL AUTO_INCREMENT,
  `name` varchar(255) CHARACTER SET utf8mb4 COLLATE utf8mb4_unicode_ci NOT NULL,
  `value` varchar(255) CHARACTER SET utf8mb4 COLLATE utf8mb4_unicode_ci DEFAULT NULL,
  `product_id` bigint unsigned NOT NULL,
  `created_at` timestamp NULL DEFAULT NULL,
  `updated_at` timestamp NULL DEFAULT NULL,
  `type_id` int DEFAULT NULL,
  PRIMARY KEY (`id`),
  KEY `product_type_fields_product_id_foreign` (`product_id`),
  CONSTRAINT `product_type_fields_product_id_foreign` FOREIGN KEY (`product_id`) REFERENCES `products` (`id`)
) ENGINE=InnoDB AUTO_INCREMENT=16280 DEFAULT CHARSET=utf8mb4 COLLATE=utf8mb4_unicode_ci;

DELETE FROM `product_type_fields`;
INSERT INTO `product_type_fields` (`id`, `name`, `value`, `product_id`, `created_at`, `updated_at`, `type_id`) VALUES
	(16253, 'Chest (pit to pit):', '1', 4651, '2023-12-29 06:20:25', '2023-12-29 06:20:25', 19),
	(16254, 'Length (collar to bottom):', '11', 4651, '2023-12-29 06:20:25', '2023-12-29 06:20:25', 19),
	(16255, 'Arm (inside pit to cuff):', '1', 4651, '2023-12-29 06:20:25', '2023-12-29 06:20:25', 19),
	(16264, 'Waist:', '1', 4652, '2023-12-30 02:35:26', '2023-12-30 02:35:26', 18),
	(16265, 'Outside Leg:', '1', 4652, '2023-12-30 02:35:26', '2023-12-30 02:35:26', 18),
	(16266, 'Inside Leg:', '1', 4652, '2023-12-30 02:35:26', '2023-12-30 02:35:26', 18),
	(16267, 'Leg Opening:', '1', 4652, '2023-12-30 02:35:26', '2023-12-30 02:35:26', 18),
	(16276, 'Waist:', '1', 4653, '2023-12-30 05:59:34', '2023-12-30 05:59:34', 18),
	(16277, 'Outside Leg:', '1', 4653, '2023-12-30 05:59:34', '2023-12-30 05:59:34', 18),
	(16278, 'Inside Leg:', '1', 4653, '2023-12-30 05:59:34', '2023-12-30 05:59:34', 18),
	(16279, 'Leg Opening:', '1', 4653, '2023-12-30 05:59:34', '2023-12-30 05:59:34', 18);

CREATE TABLE IF NOT EXISTS `product_variants` (
  `id` bigint unsigned NOT NULL AUTO_INCREMENT,
  `name` varchar(255) CHARACTER SET utf8mb4 COLLATE utf8mb4_unicode_ci NOT NULL,
  `value` varchar(255) CHARACTER SET utf8mb4 COLLATE utf8mb4_unicode_ci DEFAULT NULL,
  `product_id` bigint unsigned NOT NULL,
  `created_at` timestamp NULL DEFAULT NULL,
  `updated_at` timestamp NULL DEFAULT NULL,
  PRIMARY KEY (`id`),
  KEY `product_variants_product_id_foreign` (`product_id`),
  CONSTRAINT `product_variants_product_id_foreign` FOREIGN KEY (`product_id`) REFERENCES `products` (`id`)
) ENGINE=InnoDB AUTO_INCREMENT=6007 DEFAULT CHARSET=utf8mb4 COLLATE=utf8mb4_unicode_ci;

DELETE FROM `product_variants`;
INSERT INTO `product_variants` (`id`, `name`, `value`, `product_id`, `created_at`, `updated_at`) VALUES
	(6000, 'Color', 'Silver', 4651, '2023-12-29 06:20:25', '2023-12-29 06:20:25'),
	(6003, 'Color', 'Silver', 4652, '2023-12-30 02:35:26', '2023-12-30 02:35:26'),
	(6006, 'Color', 'Blue', 4653, '2023-12-30 05:59:34', '2023-12-30 05:59:34');

CREATE TABLE IF NOT EXISTS `recommended_sizes` (
  `id` bigint unsigned NOT NULL AUTO_INCREMENT,
  `name` varchar(255) CHARACTER SET utf8mb4 COLLATE utf8mb4_unicode_ci NOT NULL,
  `value` varchar(255) CHARACTER SET utf8mb4 COLLATE utf8mb4_unicode_ci NOT NULL,
  `deleted_at` timestamp NULL DEFAULT NULL,
  `created_at` timestamp NULL DEFAULT NULL,
  `updated_at` timestamp NULL DEFAULT NULL,
  PRIMARY KEY (`id`)
) ENGINE=InnoDB AUTO_INCREMENT=76 DEFAULT CHARSET=utf8mb4 COLLATE=utf8mb4_unicode_ci;

DELETE FROM `recommended_sizes`;
INSERT INTO `recommended_sizes` (`id`, `name`, `value`, `deleted_at`, `created_at`, `updated_at`) VALUES
	(1, '25', '25', NULL, '2022-07-04 14:09:29', '2022-07-04 14:09:29'),
	(2, '34', '34', NULL, '2022-07-04 14:13:29', '2022-07-04 14:13:29'),
	(3, '44', '44', NULL, '2022-07-04 14:17:50', '2022-07-04 14:17:50'),
	(4, '12', '12', NULL, '2022-07-07 06:43:04', '2022-07-07 06:43:04'),
	(5, '36', '36', NULL, '2022-07-08 04:10:49', '2022-07-08 04:10:49'),
	(6, '7/28', '7/28', NULL, '2022-07-12 05:25:45', '2022-07-12 05:25:45'),
	(7, '27', '27', NULL, '2022-07-12 06:14:41', '2022-07-12 06:14:41'),
	(8, '38/34', '38/34', NULL, '2022-07-12 06:23:00', '2022-07-12 06:23:00'),
	(9, '38', '38', NULL, '2022-07-12 06:49:51', '2022-07-12 06:49:51'),
	(10, '42', '42', NULL, '2022-07-12 07:20:16', '2022-07-12 07:20:16'),
	(11, '32', '32', NULL, '2022-07-12 08:06:20', '2022-07-12 08:06:20'),
	(12, '34/32', '34/32', NULL, '2022-07-12 14:00:18', '2022-07-12 14:00:18'),
	(13, '24', '24', NULL, '2022-07-13 03:07:51', '2022-07-13 03:07:51'),
	(14, '36/30', '36/30', NULL, '2022-07-13 08:00:46', '2022-07-13 08:00:46'),
	(15, '32/32', '32/32', NULL, '2022-07-14 03:22:32', '2022-07-14 03:22:32'),
	(16, '40', '40', NULL, '2022-07-14 08:37:26', '2022-07-14 08:37:26'),
	(17, '38/30', '38/30', NULL, '2022-07-14 13:34:53', '2022-07-14 13:34:53'),
	(18, '28', '28', NULL, '2022-07-14 15:54:19', '2022-07-14 15:54:19'),
	(19, '30', '30', NULL, '2022-07-15 07:14:31', '2022-07-15 07:14:31'),
	(20, '31', '31', NULL, '2022-07-16 08:13:44', '2022-07-16 08:13:44'),
	(21, '33', '33', NULL, '2022-07-16 11:16:50', '2022-07-16 11:16:50'),
	(22, '29', '29', NULL, '2022-07-16 11:20:19', '2022-07-16 11:20:19'),
	(23, '37', '37', NULL, '2022-07-16 13:39:28', '2022-07-16 13:39:28'),
	(24, '26', '26', NULL, '2022-07-16 14:00:56', '2022-07-16 14:00:56'),
	(25, '32`', '32`', NULL, '2022-07-18 10:41:25', '2022-07-18 10:41:25'),
	(26, 'N/A', 'N/A', NULL, '2022-07-20 04:36:41', '2022-07-20 04:36:41'),
	(27, '32.7', '32.7', NULL, '2022-07-20 10:10:14', '2022-07-20 10:10:14'),
	(28, '39.7', '39.7', NULL, '2022-07-20 10:20:28', '2022-07-20 10:20:28'),
	(29, '56', '56', NULL, '2022-07-20 10:57:42', '2022-07-20 10:57:42'),
	(30, '46', '46', NULL, '2022-07-20 14:29:07', '2022-07-20 14:29:07'),
	(31, '36`', '36`', NULL, '2022-07-22 03:53:29', '2022-07-22 03:53:29'),
	(32, '42`', '42`', NULL, '2022-07-22 04:14:01', '2022-07-22 04:14:01'),
	(33, '38`', '38`', NULL, '2022-07-25 11:19:36', '2022-07-25 11:19:36'),
	(34, '35', '35', NULL, '2022-07-25 12:53:42', '2022-07-25 12:53:42'),
	(35, '22', '22', NULL, '2022-07-26 12:41:06', '2022-07-26 12:41:06'),
	(36, '39', '39', NULL, '2022-07-30 04:30:38', '2022-07-30 04:30:38'),
	(37, '40/32', '40/32', NULL, '2022-08-01 05:51:04', '2022-08-01 05:51:04'),
	(38, '38/33', '38/33', NULL, '2022-08-01 06:04:24', '2022-08-01 06:04:24'),
	(39, '28/26', '28/26', NULL, '2022-08-01 08:34:54', '2022-08-01 08:34:54'),
	(40, '38/32', '38/32', NULL, '2022-08-03 11:12:15', '2022-08-03 11:12:15'),
	(41, '40/30', '40/30', NULL, '2022-08-04 08:53:03', '2022-08-04 08:53:03'),
	(42, '38/36', '38/36', NULL, '2022-08-05 05:53:52', '2022-08-05 05:53:52'),
	(43, '34/38', '34/38', NULL, '2022-08-05 12:57:47', '2022-08-05 12:57:47'),
	(44, '26/28', '26/28', NULL, '2022-08-05 13:05:34', '2022-08-05 13:05:34'),
	(45, '38/28', '38/28', NULL, '2022-08-06 10:45:11', '2022-08-06 10:45:11'),
	(46, '30/30', '30/30', NULL, '2022-08-08 07:37:30', '2022-08-08 07:37:30'),
	(47, '22/32', '22/32', NULL, '2022-08-10 07:46:45', '2022-08-10 07:46:45'),
	(48, '26/32', '26/32', NULL, '2022-08-11 10:25:07', '2022-08-11 10:25:07'),
	(49, '40`', '40`', NULL, '2022-08-11 11:44:51', '2022-08-11 11:44:51'),
	(50, '23', '23', NULL, '2022-08-13 12:01:43', '2022-08-13 12:01:43'),
	(51, 'Ea quisquam corrupti', 'Ea quisquam corrupti', NULL, '2023-10-30 23:39:03', '2023-10-30 23:39:03'),
	(52, 'Mollit sed dolore no', 'Mollit sed dolore no', NULL, '2023-11-03 00:26:18', '2023-11-03 00:26:18'),
	(53, 'Sit minus minim lau', 'Sit minus minim lau', NULL, '2023-11-03 00:39:21', '2023-11-03 00:39:21'),
	(54, 'Ipsa tenetur autem', 'Ipsa tenetur autem', NULL, '2023-11-03 00:40:41', '2023-11-03 00:40:41'),
	(55, 'Pariatur Debitis ip', 'Pariatur Debitis ip', NULL, '2023-11-03 00:46:19', '2023-11-03 00:46:19'),
	(56, 'Dolorum dolore ut in', 'Dolorum dolore ut in', NULL, '2023-11-03 01:06:31', '2023-11-03 01:06:31'),
	(57, 'Est amet et sapien', 'Est amet et sapien', NULL, '2023-11-03 01:38:42', '2023-11-03 01:38:42'),
	(58, 'Ex irure id distinc', 'Ex irure id distinc', NULL, '2023-11-03 01:39:41', '2023-11-03 01:39:41'),
	(59, 'Fugiat expedita duci', 'Fugiat expedita duci', NULL, '2023-11-03 01:44:45', '2023-11-03 01:44:45'),
	(60, 'Eum cillum sed tempo', 'Eum cillum sed tempo', NULL, '2023-11-03 02:16:44', '2023-11-03 02:16:44'),
	(61, 'Non ea ut et assumen', 'Non ea ut et assumen', NULL, '2023-11-03 02:17:49', '2023-11-03 02:17:49'),
	(62, 'Eius ad occaecat eni', 'Eius ad occaecat eni', NULL, '2023-11-03 02:21:56', '2023-11-03 02:21:56'),
	(63, 'Consectetur exercit', 'Consectetur exercit', NULL, '2023-11-03 02:34:12', '2023-11-03 02:34:12'),
	(64, 'In rerum cum quasi e', 'In rerum cum quasi e', NULL, '2023-11-03 02:36:37', '2023-11-03 02:36:37'),
	(65, 'Amet nulla aspernat', 'Amet nulla aspernat', NULL, '2023-11-03 05:56:53', '2023-11-03 05:56:53'),
	(66, 'Cum tempora accusant', 'Cum tempora accusant', NULL, '2023-11-03 06:32:44', '2023-11-03 06:32:44'),
	(67, 'Tempora esse repell', 'Tempora esse repell', NULL, '2023-11-03 06:46:14', '2023-11-03 06:46:14'),
	(68, 'Occaecat et qui est', 'Occaecat et qui est', NULL, '2023-11-07 06:51:37', '2023-11-07 06:51:37'),
	(69, 'Dolorum obcaecati an', 'Dolorum obcaecati an', NULL, '2023-11-07 11:03:35', '2023-11-07 11:03:35'),
	(70, 'Dolores alias dolor', 'Dolores alias dolor', NULL, '2023-11-07 23:24:33', '2023-11-07 23:24:33'),
	(71, 'Tempor eveniet et u', 'Tempor eveniet et u', NULL, '2023-11-07 23:26:51', '2023-11-07 23:26:51'),
	(72, 'Molestiae delectus', 'Molestiae delectus', NULL, '2023-11-07 23:29:01', '2023-11-07 23:29:01'),
	(73, 'Rerum in consequat', 'Rerum in consequat', NULL, '2023-11-07 23:36:18', '2023-11-07 23:36:18'),
	(74, 'Accusantium quasi la', 'Accusantium quasi la', NULL, '2023-11-10 06:00:31', '2023-11-10 06:00:31'),
	(75, 'Repudiandae nisi seq', 'Repudiandae nisi seq', NULL, '2023-11-10 06:04:42', '2023-11-10 06:04:42');

CREATE TABLE IF NOT EXISTS `reworks` (
  `id` bigint unsigned NOT NULL AUTO_INCREMENT,
  `name` varchar(255) CHARACTER SET utf8mb4 COLLATE utf8mb4_unicode_ci NOT NULL,
  `created_at` timestamp NULL DEFAULT NULL,
  `updated_at` timestamp NULL DEFAULT NULL,
  PRIMARY KEY (`id`)
) ENGINE=InnoDB AUTO_INCREMENT=3 DEFAULT CHARSET=utf8mb4 COLLATE=utf8mb4_unicode_ci;

DELETE FROM `reworks`;
INSERT INTO `reworks` (`id`, `name`, `created_at`, `updated_at`) VALUES
	(1, 'COOGI', '2022-03-14 20:00:15', '2022-03-14 20:00:15'),
	(2, 'COOGI test', '2022-03-14 20:06:35', '2022-03-14 20:06:35');

CREATE TABLE IF NOT EXISTS `roles` (
  `id` bigint unsigned NOT NULL AUTO_INCREMENT,
  `type` enum('admin','user') CHARACTER SET utf8mb4 COLLATE utf8mb4_unicode_ci NOT NULL,
  `name` varchar(255) CHARACTER SET utf8mb4 COLLATE utf8mb4_unicode_ci NOT NULL,
  `guard_name` varchar(255) CHARACTER SET utf8mb4 COLLATE utf8mb4_unicode_ci NOT NULL,
  `created_at` timestamp NULL DEFAULT NULL,
  `updated_at` timestamp NULL DEFAULT NULL,
  PRIMARY KEY (`id`)
) ENGINE=InnoDB AUTO_INCREMENT=3 DEFAULT CHARSET=utf8mb4 COLLATE=utf8mb4_unicode_ci;

DELETE FROM `roles`;
INSERT INTO `roles` (`id`, `type`, `name`, `guard_name`, `created_at`, `updated_at`) VALUES
	(1, 'admin', 'Administrator', 'web', '2022-01-20 04:18:04', '2022-01-20 04:18:04'),
	(2, 'admin', 'Executive', 'web', '2022-02-07 15:47:03', '2022-02-07 15:47:03');

CREATE TABLE IF NOT EXISTS `role_has_permissions` (
  `permission_id` bigint unsigned NOT NULL,
  `role_id` bigint unsigned NOT NULL,
  PRIMARY KEY (`permission_id`,`role_id`),
  KEY `role_has_permissions_role_id_foreign` (`role_id`),
  CONSTRAINT `role_has_permissions_permission_id_foreign` FOREIGN KEY (`permission_id`) REFERENCES `permissions` (`id`) ON DELETE CASCADE,
  CONSTRAINT `role_has_permissions_role_id_foreign` FOREIGN KEY (`role_id`) REFERENCES `roles` (`id`) ON DELETE CASCADE
) ENGINE=InnoDB DEFAULT CHARSET=utf8mb4 COLLATE=utf8mb4_unicode_ci;

DELETE FROM `role_has_permissions`;

CREATE TABLE IF NOT EXISTS `sessions` (
  `id` varchar(255) CHARACTER SET utf8mb4 COLLATE utf8mb4_unicode_ci NOT NULL,
  `user_id` bigint unsigned DEFAULT NULL,
  `ip_address` varchar(45) CHARACTER SET utf8mb4 COLLATE utf8mb4_unicode_ci DEFAULT NULL,
  `user_agent` text CHARACTER SET utf8mb4 COLLATE utf8mb4_unicode_ci,
  `payload` text CHARACTER SET utf8mb4 COLLATE utf8mb4_unicode_ci NOT NULL,
  `last_activity` int NOT NULL,
  PRIMARY KEY (`id`),
  KEY `sessions_user_id_index` (`user_id`),
  KEY `sessions_last_activity_index` (`last_activity`)
) ENGINE=InnoDB DEFAULT CHARSET=utf8mb4 COLLATE=utf8mb4_unicode_ci;

DELETE FROM `sessions`;

CREATE TABLE IF NOT EXISTS `settings` (
  `id` bigint unsigned NOT NULL AUTO_INCREMENT,
  `name` varchar(255) CHARACTER SET utf8mb4 COLLATE utf8mb4_unicode_ci NOT NULL,
  `value` text CHARACTER SET utf8mb4 COLLATE utf8mb4_unicode_ci,
  `created_at` timestamp NULL DEFAULT NULL,
  `updated_at` timestamp NULL DEFAULT NULL,
  PRIMARY KEY (`id`)
) ENGINE=InnoDB AUTO_INCREMENT=15 DEFAULT CHARSET=utf8mb4 COLLATE=utf8mb4_unicode_ci;

DELETE FROM `settings`;
INSERT INTO `settings` (`id`, `name`, `value`, `created_at`, `updated_at`) VALUES
	(1, 'depop_asos_title_format', '_SIZE_ _PRODUCT_TYPE_ (_BRAND_) for _GENDER_', '2022-02-02 15:33:28', '2022-02-07 14:42:15'),
	(2, 'depop_asos_description_format', 'Size on label: _SIZE_\r\nRecommended size: True to size\r\nQuality: *A Vintage Quality\r\n\r\n_TYPE_ATTRIBUTE_LIST_\r\n\r\nBrand: _BRAND_\r\nType: _PRODUCT_TYPE_\r\nGender: _GENDER_\r\n\r\n_VCUK_', '2022-02-02 15:33:28', '2022-02-07 14:42:15'),
	(3, 'shopify_title_format', '_BRAND_ _ERA_ _DETAILS_ _PRODUCT_TYPE_ _SIZE_ _COLOR_1_', '2022-02-02 15:33:36', '2022-02-16 09:46:06'),
	(4, 'shopify_description_format', 'Size on label: _GENDER_ _SIZE_\r\nRecommended size: True to size.\r\nQuality: _DAMAGE_PRESET_\r\nRework: _REWORK_\r\n\r\n_TYPE_ATTRIBUTE_LIST_\r\n\r\nBrand: _BRAND_\r\nType: _PRODUCT_TYPE_\r\nDesign: _DETAILS_\r\nColour: _COLORS_ALL_\r\n\r\n_UNIQUE_STRING_CODE_\r\nVCUK:_VCUK_', '2022-02-02 15:33:36', '2022-02-17 15:27:18'),
	(5, 'depop_title_format', 'NO TITLE', '2022-02-09 17:21:39', '2022-02-10 09:25:47'),
	(6, 'depop_description_format', 'Vintage _BRAND_ _PRODUCT_TYPE_\r\n\r\n_BRAND_ _ERA_ _PRODUCT_TYPE_\r\n_EMBROIDERED_PRINTED_ _DETAILS_\r\nColour: _COLORS_ALL_\r\nSize on label: _GENDER_ _SIZE_\r\nRecommended size: True to size.\r\n\r\n_TYPE_ATTRIBUTE_LIST_\r\n\r\nQuality: _DAMAGE_PRESET_\r\n\r\nRework: _REWORK_\r\n\r\n_BUNDLE_DEALS_\r\n\r\n_UNIQUE_STRING_CODE_\r\nGRUK:_VCUK_', '2022-02-09 17:21:39', '2022-06-16 11:13:54'),
	(7, 'asos_title_format', 'Vintage _ERA_ _BRAND_ _PRODUCT_TYPE_ _DETAILS_ _COLOR_1_ _SIZE_', '2022-02-09 17:21:47', '2022-02-16 12:39:23'),
	(8, 'asos_description_format', 'Vintage _ERA_ _BRAND_ _COLORS_ALL_ _DETAILS_ _PRODUCT_TYPE_\r\n\r\nSIZE: _GENDER_ _SIZE_ on label.\r\nOur recommendation: True to size.\r\n\r\nCONDITION: _DAMAGE_PRESET_\r\n\r\nRework: _REWORK_\r\n\r\nMEASUREMENTS: _TYPE_ATTRIBUTE_LIST_\r\n\r\nDELIVERY: Order before 3pm and get it shipped same day (weekdays only). 48 hour delivery as standard. Next day shipping avalible. International shipping avalible.\r\n\r\n_UNIQUE_STRING_CODE_\r\nVCUK:_VCUK_', '2022-02-09 17:21:47', '2022-02-17 16:09:05'),
	(9, 'rework_shopify_title_format', 'REWORK _BRAND_ X _REWORK_ _ERA_ _DETAILS_ _PRODUCT_TYPE_ _SIZE_ _COLOR_1_', '2022-02-02 15:33:36', '2022-03-20 13:07:54'),
	(10, 'rework_shopify_description_format', 'Size on label: _GENDER_ _SIZE_\r\nRecommended size: _TRUE_SIZE_\r\nQuality: _DAMAGE_PRESET_\r\n\r\n_TYPE_ATTRIBUTE_LIST_\r\n\r\nBrand: _BRAND_ X _REWORK_\r\nType: REWORK _PRODUCT_TYPE_\r\nDesign: _DETAILS_\r\nColour: _COLORS_ALL_\r\n\r\n_UNIQUE_STRING_CODE_\r\nRWUK:_VCUK_', '2022-02-02 15:33:36', '2022-03-20 13:07:54'),
	(11, 'rework_depop_title_format', 'NO TITLE', '2022-02-09 17:21:39', '2022-02-10 09:25:47'),
	(12, 'rework_depop_description_format', 'Vintage _BRAND_ _PRODUCT_TYPE_\r\n\r\n_BRAND_ _ERA_ _PRODUCT_TYPE_\r\n_EMBROIDERED_PRINTED_ _DETAILS_\r\nColour: _COLORS_ALL_\r\nSize on label: _GENDER_ _SIZE_\r\nRecommended size: True to size.\r\n\r\n_TYPE_ATTRIBUTE_LIST_\r\n\r\nQuality: _DAMAGE_PRESET_\r\n\r\nRework: _REWORK_\r\n\r\n_BUNDLE_DEALS_\r\n\r\n_UNIQUE_STRING_CODE_\r\nVCUK:_VCUK_', '2022-02-09 17:21:39', '2022-02-17 15:26:59'),
	(13, 'rework_asos_title_format', 'Vintage _ERA_ _BRAND_ _PRODUCT_TYPE_ _DETAILS_ _COLOR_1_ _SIZE_', '2022-02-09 17:21:47', '2022-02-16 12:39:23'),
	(14, 'rework_asos_description_format', 'Vintage _ERA_ _BRAND_ _COLORS_ALL_ _DETAILS_ _PRODUCT_TYPE_\r\n\r\nSIZE: _GENDER_ _SIZE_ on label.\r\nOur recommendation: True to size.\r\n\r\nCONDITION: _DAMAGE_PRESET_\r\n\r\nRework: _REWORK_\r\n\r\nMEASUREMENTS: _TYPE_ATTRIBUTE_LIST_\r\n\r\nDELIVERY: Order before 3pm and get it shipped same day (weekdays only). 48 hour delivery as standard. Next day shipping avalible. International shipping avalible.\r\n\r\n_UNIQUE_STRING_CODE_\r\nVCUK:_VCUK_', '2022-02-09 17:21:47', '2022-02-17 16:09:05');

CREATE TABLE IF NOT EXISTS `shopify_details` (
  `id` int NOT NULL AUTO_INCREMENT,
  `web_name` varchar(50) COLLATE utf8mb4_unicode_ci DEFAULT NULL,
  `shopify_domain` varchar(500) CHARACTER SET utf8mb4 COLLATE utf8mb4_unicode_ci DEFAULT NULL,
  `shopify_access_token` varchar(500) COLLATE utf8mb4_unicode_ci DEFAULT NULL,
  `shopify_api_version` varchar(500) COLLATE utf8mb4_unicode_ci DEFAULT NULL,
  `created_at` varchar(500) COLLATE utf8mb4_unicode_ci DEFAULT NULL,
  `updated_at` varchar(500) CHARACTER SET utf8mb4 COLLATE utf8mb4_unicode_ci DEFAULT NULL,
  `deleted_at` varchar(500) COLLATE utf8mb4_unicode_ci DEFAULT NULL,
  PRIMARY KEY (`id`) USING BTREE
) ENGINE=InnoDB AUTO_INCREMENT=9 DEFAULT CHARSET=utf8mb4 COLLATE=utf8mb4_unicode_ci;

DELETE FROM `shopify_details`;
INSERT INTO `shopify_details` (`id`, `web_name`, `shopify_domain`, `shopify_access_token`, `shopify_api_version`, `created_at`, `updated_at`, `deleted_at`) VALUES
	(7, 'shopify vintage-e305', 'https://go-vintage-e305.myshopify.com', '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', '2022-01', '2023-12-18 07:41:52', '2023-12-18 07:41:52', NULL),
	(8, 'shopify test vintage-e305', 'https://go-test-vintage-e305.myshopify.com', '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', '2022-01', '2023-12-18 10:05:20', '2023-12-18 10:05:20', NULL);

CREATE TABLE IF NOT EXISTS `size_on_labels` (
  `id` bigint unsigned NOT NULL AUTO_INCREMENT,
  `name` varchar(255) CHARACTER SET utf8mb4 COLLATE utf8mb4_unicode_ci NOT NULL,
  `created_at` timestamp NULL DEFAULT NULL,
  `updated_at` timestamp NULL DEFAULT NULL,
  `shopify_value` varchar(255) CHARACTER SET utf8mb4 COLLATE utf8mb4_unicode_ci DEFAULT NULL,
  PRIMARY KEY (`id`)
) ENGINE=InnoDB AUTO_INCREMENT=62 DEFAULT CHARSET=utf8mb4 COLLATE=utf8mb4_unicode_ci;

DELETE FROM `size_on_labels`;
INSERT INTO `size_on_labels` (`id`, `name`, `created_at`, `updated_at`, `shopify_value`) VALUES
	(4, 'XSmall', '2022-02-10 09:11:30', '2022-02-12 09:52:12', 'XSmall'),
	(5, 'Small', '2022-02-10 09:11:36', '2022-02-12 09:52:18', 'Small'),
	(6, 'Medium', '2022-02-10 09:11:41', '2022-02-10 09:11:41', 'Medium'),
	(7, 'Large', '2022-02-10 09:11:49', '2022-02-10 09:11:49', 'Large'),
	(8, 'XLarge', '2022-02-10 09:11:54', '2022-02-10 09:11:54', 'XLarge'),
	(9, 'XXLarge (2XL)', '2022-02-10 09:11:59', '2022-02-14 19:13:31', 'XXLarge'),
	(10, 'XXXLarge (3XL)', '2022-02-10 09:12:05', '2022-02-14 19:13:40', 'XXXLarge'),
	(11, 'XXXXLarge (4XL)', '2022-02-10 09:12:51', '2022-02-14 19:13:50', 'XXXXLarge'),
	(12, 'XXXXXLarge (5XL)', '2022-02-10 09:13:01', '2022-02-14 19:14:10', 'XXXXXLarge'),
	(13, 'XSmall (missing sizing label)', '2022-02-10 09:13:20', '2022-02-14 19:14:19', 'XSmall'),
	(14, 'Small (missing sizing label)', '2022-02-10 09:13:32', '2022-02-14 19:14:26', 'Small'),
	(15, 'Medium (missing sizing label)', '2022-02-10 09:13:39', '2022-02-14 19:14:32', 'Medium'),
	(16, 'Large (missing sizing label)', '2022-02-10 09:13:45', '2022-02-14 19:14:46', 'Large'),
	(17, 'XLarge (missing sizing label)', '2022-02-10 09:13:51', '2022-02-14 19:14:55', 'XLarge'),
	(18, 'XXLarge (missing sizing label)', '2022-02-10 09:13:59', '2022-02-14 12:54:46', 'XXLarge'),
	(19, 'XXXLarge (missing sizing label)', '2022-02-10 09:14:12', '2022-02-14 19:15:06', 'XXXLarge'),
	(20, 'XXXXLarge (missing sizing label)', '2022-02-10 09:14:21', '2022-02-14 19:15:18', 'XXXXLarge'),
	(21, 'XXXXXLarge (missing sizing label)', '2022-02-10 09:14:29', '2022-02-14 19:15:26', 'XXXXXLarge'),
	(24, '26', '2022-02-22 13:04:17', '2022-02-22 13:04:17', '26'),
	(25, '27', '2022-02-22 13:04:36', '2022-02-22 13:04:36', '27'),
	(26, '28', '2022-02-22 13:04:42', '2022-02-22 13:04:42', '28'),
	(27, '29', '2022-02-22 13:04:47', '2022-02-22 13:04:47', '29'),
	(28, '30', '2022-02-22 13:04:53', '2022-02-22 13:04:53', '30'),
	(29, '31', '2022-02-22 13:04:58', '2022-02-22 13:04:58', '31'),
	(30, '32', '2022-02-22 13:05:07', '2022-02-22 13:05:07', '32'),
	(31, '33', '2022-02-22 13:05:12', '2022-02-22 13:05:12', '33'),
	(32, '34', '2022-02-22 13:05:18', '2022-02-22 13:05:18', '34'),
	(33, '36', '2022-02-22 13:05:25', '2022-02-22 13:05:25', '36'),
	(34, '38', '2022-02-22 13:05:30', '2022-02-22 13:05:30', '38'),
	(35, '40', '2022-02-22 13:05:40', '2022-02-22 13:05:40', '40'),
	(36, '42', '2022-02-22 13:05:45', '2022-02-22 13:05:45', '42'),
	(37, '44', '2022-02-22 13:05:52', '2022-02-22 13:05:52', '44'),
	(38, '26 x 30', '2022-02-22 14:06:08', '2022-02-22 14:07:53', '26'),
	(39, '26 x 32', '2022-02-22 14:06:22', '2022-02-22 14:07:41', '26'),
	(40, '26 x 34', '2022-02-22 14:06:33', '2022-02-22 14:08:05', '26'),
	(41, '26 x 36', '2022-02-22 14:06:42', '2022-02-22 14:09:57', '26'),
	(42, '28 x 30', '2022-02-22 14:06:54', '2022-02-22 14:08:47', '28'),
	(43, '28 x 32', '2022-02-22 14:07:09', '2022-02-22 14:08:59', '28'),
	(44, '28 x 34', '2022-02-22 14:09:16', '2022-02-22 14:09:16', '28'),
	(45, '28 x 36', '2022-02-22 14:09:31', '2022-02-22 14:09:31', '28'),
	(46, '30 x 30', '2022-02-22 14:10:22', '2022-02-22 14:10:22', '30'),
	(47, '30 x 32', '2022-02-22 14:10:39', '2022-02-22 14:10:39', '30'),
	(48, '30 x 34', '2022-02-22 14:10:48', '2022-02-22 14:10:48', '30'),
	(49, '30 x 36', '2022-02-22 14:11:03', '2022-02-22 14:11:03', '30'),
	(50, '32 x 30', '2022-02-22 14:11:23', '2022-02-22 14:11:23', '32'),
	(51, '32 x 32', '2022-02-22 14:11:33', '2022-02-22 14:11:33', '32'),
	(52, '32 x 34', '2022-02-22 14:11:46', '2022-02-22 14:11:46', '32'),
	(53, '32 x 36', '2022-02-22 14:11:56', '2022-02-22 14:11:56', '32'),
	(54, '34 x 30', '2022-02-22 14:14:26', '2022-02-22 14:14:26', '34'),
	(55, '34 x 32', '2022-02-22 14:14:42', '2022-02-22 14:14:42', '34'),
	(56, '34 x 34', '2022-02-22 14:14:53', '2022-02-22 14:14:53', '34'),
	(57, '34 x 36', '2022-02-22 14:15:11', '2022-02-22 14:15:11', '34'),
	(58, '36 x 30', '2022-02-22 14:15:23', '2022-02-22 14:15:23', '36'),
	(59, '36 x 32', '2022-02-22 14:15:36', '2022-02-22 14:15:36', '36'),
	(60, '36 x 34', '2022-02-22 14:15:46', '2022-02-22 14:15:46', '36'),
	(61, '36 x 36', '2022-02-22 14:16:16', '2022-02-22 14:16:16', '36');

CREATE TABLE IF NOT EXISTS `truesizes` (
  `id` bigint unsigned NOT NULL AUTO_INCREMENT,
  `name` varchar(255) CHARACTER SET utf8mb4 COLLATE utf8mb4_unicode_ci NOT NULL,
  `created_at` timestamp NULL DEFAULT NULL,
  `updated_at` timestamp NULL DEFAULT NULL,
  PRIMARY KEY (`id`)
) ENGINE=InnoDB AUTO_INCREMENT=3 DEFAULT CHARSET=utf8mb4 COLLATE=utf8mb4_unicode_ci;

DELETE FROM `truesizes`;
INSERT INTO `truesizes` (`id`, `name`, `created_at`, `updated_at`) VALUES
	(1, 'true11', '2022-03-19 15:01:10', '2022-03-19 15:01:24'),
	(2, 'truesize2', '2022-03-19 15:01:34', '2022-03-19 15:01:34');

CREATE TABLE IF NOT EXISTS `two_factor_authentications` (
  `id` bigint unsigned NOT NULL AUTO_INCREMENT,
  `authenticatable_type` varchar(255) CHARACTER SET utf8mb4 COLLATE utf8mb4_unicode_ci NOT NULL,
  `authenticatable_id` bigint unsigned NOT NULL,
  `shared_secret` varchar(255) CHARACTER SET utf8mb4 COLLATE utf8mb4_unicode_ci NOT NULL,
  `enabled_at` timestamp NULL DEFAULT NULL,
  `label` varchar(255) CHARACTER SET utf8mb4 COLLATE utf8mb4_unicode_ci NOT NULL,
  `digits` tinyint unsigned NOT NULL DEFAULT '6',
  `seconds` tinyint unsigned NOT NULL DEFAULT '30',
  `window` tinyint unsigned NOT NULL DEFAULT '0',
  `algorithm` varchar(16) CHARACTER SET utf8mb4 COLLATE utf8mb4_unicode_ci NOT NULL DEFAULT 'sha1',
  `recovery_codes` json DEFAULT NULL,
  `recovery_codes_generated_at` timestamp NULL DEFAULT NULL,
  `safe_devices` json DEFAULT NULL,
  `created_at` timestamp NULL DEFAULT NULL,
  `updated_at` timestamp NULL DEFAULT NULL,
  PRIMARY KEY (`id`),
  KEY `2fa_auth_type_auth_id_index` (`authenticatable_type`,`authenticatable_id`)
) ENGINE=InnoDB AUTO_INCREMENT=2 DEFAULT CHARSET=utf8mb4 COLLATE=utf8mb4_unicode_ci;

DELETE FROM `two_factor_authentications`;
INSERT INTO `two_factor_authentications` (`id`, `authenticatable_type`, `authenticatable_id`, `shared_secret`, `enabled_at`, `label`, `digits`, `seconds`, `window`, `algorithm`, `recovery_codes`, `recovery_codes_generated_at`, `safe_devices`, `created_at`, `updated_at`) VALUES
	(1, 'App\\Domains\\Auth\\Models\\User', 1, 'J5VFTNLRMSFBMGJHL2XECMTAALSZYUSF', NULL, 'admin@admin.com', 6, 30, 1, 'sha1', NULL, NULL, NULL, '2022-01-20 04:22:00', '2022-01-20 04:22:32');

CREATE TABLE IF NOT EXISTS `types` (
  `id` bigint unsigned NOT NULL AUTO_INCREMENT,
  `name` varchar(255) CHARACTER SET utf8mb4 COLLATE utf8mb4_unicode_ci NOT NULL,
  `created_at` timestamp NULL DEFAULT NULL,
  `updated_at` timestamp NULL DEFAULT NULL,
  `deleted_at` timestamp NULL DEFAULT NULL,
  `shopify_value` varchar(255) CHARACTER SET utf8mb4 COLLATE utf8mb4_unicode_ci DEFAULT NULL,
  PRIMARY KEY (`id`)
) ENGINE=InnoDB AUTO_INCREMENT=39 DEFAULT CHARSET=utf8mb4 COLLATE=utf8mb4_unicode_ci;

DELETE FROM `types`;
INSERT INTO `types` (`id`, `name`, `created_at`, `updated_at`, `deleted_at`, `shopify_value`) VALUES
	(1, 'Trousers', '2022-01-24 19:00:00', '2022-02-12 10:41:54', '2022-02-12 10:41:54', 'Trousers'),
	(2, 'Joggers', '2022-01-24 19:00:00', '2022-02-14 12:50:37', '2022-02-14 12:50:37', 'Joggers'),
	(3, 'Pants', '2022-01-24 19:00:00', '2022-02-14 18:52:54', '2022-02-14 18:52:54', 'Pants'),
	(4, 'Jeans', '2022-01-24 19:00:00', '2022-01-24 19:00:00', NULL, 'Jeans'),
	(5, 'Shorts', '2022-01-24 19:00:00', '2022-02-14 18:53:15', '2022-02-14 18:53:15', 'Shorts'),
	(7, 'T Shirt', '2022-02-08 11:45:25', '2022-02-14 18:53:22', '2022-02-14 18:53:22', 'T Shirt'),
	(8, 'Vests', '2022-02-08 12:16:40', '2022-02-14 18:54:01', NULL, 'T-Shirt'),
	(9, 'Blazer', '2022-02-10 09:01:38', '2023-11-13 02:29:29', '2023-11-13 02:29:29', 'Blazer'),
	(10, 'Bomber Jacket', '2022-02-10 09:02:05', '2022-02-10 09:02:05', NULL, 'Bomber Jacket'),
	(11, 'Denim Jacket', '2022-02-10 09:02:10', '2022-02-10 09:02:10', NULL, 'Denim Jacket'),
	(12, 'Fleece', '2022-02-10 09:02:15', '2022-02-10 09:02:15', NULL, 'Fleece'),
	(13, 'Gilet', '2022-02-10 09:02:20', '2022-02-10 09:02:20', NULL, 'Gilet'),
	(14, 'Harrington Jacket', '2022-02-10 09:02:28', '2022-07-24 09:36:56', '2022-07-24 09:36:56', 'Harrington Jacket'),
	(15, 'Hoodie', '2022-02-10 09:02:34', '2022-02-10 09:02:34', NULL, 'Hoodie'),
	(16, 'Jeans', '2022-02-10 09:02:43', '2022-02-14 18:52:00', '2022-02-14 18:52:00', 'Jeans'),
	(17, 'Jersey', '2022-02-10 09:02:48', '2022-02-14 18:52:17', '2022-02-14 18:52:17', 'Jersey'),
	(18, 'Joggers / Sweatpants', '2022-02-10 09:02:56', '2022-02-14 12:51:14', NULL, 'Joggers'),
	(19, 'Jumper', '2022-02-10 09:03:06', '2022-02-10 09:03:06', NULL, 'Jumper'),
	(20, 'Leather Jacket', '2022-02-10 09:03:14', '2022-02-10 09:03:14', NULL, 'Leather Jacket'),
	(21, 'Nascar Jacket', '2022-02-10 09:03:20', '2022-02-10 09:03:20', NULL, 'Nascar Jacket'),
	(22, 'Parka', '2022-02-10 09:04:46', '2022-02-10 09:04:46', NULL, 'Parka'),
	(23, 'Puffer Jacket', '2022-02-10 09:04:55', '2022-02-10 09:04:55', NULL, 'Puffer Jacket'),
	(24, 'Shirt', '2022-02-10 09:05:12', '2022-02-10 09:05:12', NULL, 'Shirt'),
	(25, 'Sweatshirt', '2022-02-10 09:05:21', '2022-02-10 09:05:21', NULL, 'Sweatshirt'),
	(26, 'T Shirt', '2022-02-10 09:05:27', '2022-02-14 18:53:38', NULL, 'T-Shirt'),
	(27, 'Trench Coat', '2022-02-10 09:05:36', '2022-02-10 09:05:36', NULL, 'Trench Coat'),
	(28, 'Trousers', '2022-02-10 09:05:43', '2022-02-10 09:05:43', NULL, 'Trousers'),
	(29, 'Varsity Jacket', '2022-02-10 09:05:53', '2022-02-10 09:05:53', NULL, 'Varsity Jacket'),
	(30, 'Windbreaker', '2022-02-10 09:06:07', '2022-02-10 09:06:07', NULL, 'Windbreaker'),
	(31, 'Workwear Jacket', '2022-02-10 09:06:20', '2022-02-14 18:54:22', NULL, 'Work-wear Jacket'),
	(32, 'r', '2022-02-14 17:22:06', '2022-02-14 18:52:43', '2022-02-14 18:52:43', 'r'),
	(33, 'Jersey', '2022-02-18 09:01:33', '2022-02-18 09:01:33', NULL, 'Jersey'),
	(34, 'Polo Shirt', '2022-02-21 10:59:55', '2022-02-21 10:59:55', NULL, 'Polo Shirt'),
	(35, 'Cardigan', '2022-02-22 12:47:36', '2022-02-22 12:47:36', NULL, 'Jumper'),
	(36, 'Shorts', '2022-07-08 12:45:33', '2022-07-08 12:45:33', NULL, 'Shorts'),
	(37, 'Harrington Jacket', '2022-08-02 07:39:24', '2022-08-02 07:39:24', NULL, 'Harrington Jacket'),
	(38, 'Dungaree', '2022-08-02 16:05:11', '2022-08-02 16:05:11', NULL, 'Dungaree');

CREATE TABLE IF NOT EXISTS `type_fields` (
  `id` bigint unsigned NOT NULL AUTO_INCREMENT,
  `name` varchar(255) CHARACTER SET utf8mb4 COLLATE utf8mb4_unicode_ci NOT NULL,
  `type_id` bigint unsigned NOT NULL,
  `created_at` timestamp NULL DEFAULT NULL,
  `updated_at` timestamp NULL DEFAULT NULL,
  PRIMARY KEY (`id`),
  KEY `type_fields_type_id_foreign` (`type_id`),
  CONSTRAINT `type_fields_type_id_foreign` FOREIGN KEY (`type_id`) REFERENCES `types` (`id`)
) ENGINE=InnoDB AUTO_INCREMENT=97 DEFAULT CHARSET=utf8mb4 COLLATE=utf8mb4_unicode_ci;

DELETE FROM `type_fields`;
INSERT INTO `type_fields` (`id`, `name`, `type_id`, `created_at`, `updated_at`) VALUES
	(12, 'Chest (pit to pit):', 25, '2022-02-10 10:31:29', '2022-02-10 10:31:29'),
	(13, 'Length (collar to bottom):', 25, '2022-02-10 10:31:44', '2022-02-10 10:31:44'),
	(14, 'Arm (inside pit to cuff):', 25, '2022-02-10 10:31:53', '2022-02-10 10:31:53'),
	(15, 'Waist:', 18, '2022-02-14 12:51:28', '2022-02-14 19:00:38'),
	(16, 'Outside Leg:', 18, '2022-02-14 12:51:44', '2022-02-14 19:00:51'),
	(17, 'Inside Leg:', 18, '2022-02-14 12:51:54', '2022-02-14 19:01:06'),
	(18, 'Leg Opening:', 18, '2022-02-14 12:52:10', '2022-02-14 19:01:22'),
	(21, 'Chest (pit to pit):', 9, '2022-02-14 18:55:19', '2022-02-14 18:55:19'),
	(22, 'Length (collar to bottom):', 9, '2022-02-14 18:55:28', '2022-02-14 18:55:28'),
	(23, 'Arm (inside pit to cuff):', 9, '2022-02-14 18:55:44', '2022-02-14 18:55:44'),
	(24, 'Chest (pit to pit):', 10, '2022-02-14 18:55:54', '2022-02-14 18:55:54'),
	(25, 'Length (collar to bottom):', 10, '2022-02-14 18:56:10', '2022-02-14 18:56:10'),
	(26, 'Arm (inside pit to cuff):', 10, '2022-02-14 18:56:18', '2022-02-14 18:56:18'),
	(27, 'Chest (pit to pit):', 11, '2022-02-14 18:56:29', '2022-02-14 18:56:29'),
	(28, 'Length (collar to bottom):', 11, '2022-02-14 18:56:39', '2022-02-14 18:56:39'),
	(29, 'Arm (inside pit to cuff):', 11, '2022-02-14 18:56:48', '2022-02-14 18:56:48'),
	(30, 'Chest (pit to pit):', 12, '2022-02-14 18:57:24', '2022-02-14 18:57:24'),
	(31, 'Length (collar to bottom):', 12, '2022-02-14 18:57:55', '2022-02-14 18:57:55'),
	(32, 'Arm (inside pit to cuff):', 12, '2022-02-14 18:58:10', '2022-02-14 18:58:10'),
	(33, 'Chest (pit to pit):', 13, '2022-02-14 18:58:24', '2022-02-14 18:58:24'),
	(34, 'Length (collar to bottom):', 13, '2022-02-14 18:58:38', '2022-02-14 18:58:38'),
	(35, 'Chest (pit to pit):', 14, '2022-02-14 18:58:55', '2022-02-14 18:58:55'),
	(36, 'Length (collar to bottom):', 14, '2022-02-14 18:59:06', '2022-02-14 18:59:06'),
	(37, 'Arm (inside pit to cuff):', 14, '2022-02-14 18:59:22', '2022-02-14 18:59:22'),
	(38, 'Chest (pit to pit):', 15, '2022-02-14 18:59:34', '2022-02-14 18:59:34'),
	(39, 'Length (collar to bottom):', 15, '2022-02-14 18:59:45', '2022-02-14 18:59:45'),
	(40, 'Arm (inside pit to cuff):', 15, '2022-02-14 18:59:55', '2022-02-14 18:59:55'),
	(41, 'Waist:', 4, '2022-02-14 19:01:54', '2022-02-14 19:01:54'),
	(42, 'Outside Leg:', 4, '2022-02-14 19:02:05', '2022-02-14 19:02:05'),
	(43, 'Inside Leg:', 4, '2022-02-14 19:02:19', '2022-02-14 19:02:19'),
	(44, 'Leg Opening:', 4, '2022-02-14 19:02:35', '2022-02-14 19:02:35'),
	(45, 'Chest (pit to pit):', 19, '2022-02-14 19:02:56', '2022-02-14 19:02:56'),
	(46, 'Length (collar to bottom):', 19, '2022-02-14 19:03:06', '2022-02-14 19:03:06'),
	(47, 'Arm (inside pit to cuff):', 19, '2022-02-14 19:03:23', '2022-02-14 19:03:23'),
	(48, 'Chest (pit to pit):', 20, '2022-02-14 19:03:40', '2022-02-14 19:03:40'),
	(49, 'Length (collar to bottom):', 20, '2022-02-14 19:03:53', '2022-02-14 19:03:53'),
	(50, 'Arm (inside pit to cuff):', 20, '2022-02-14 19:04:08', '2022-02-14 19:04:08'),
	(51, 'Chest (pit to pit):', 21, '2022-02-14 19:04:17', '2022-02-14 19:04:17'),
	(52, 'Length (collar to bottom):', 21, '2022-02-14 19:04:28', '2022-02-14 19:04:28'),
	(53, 'Arm (inside pit to cuff):', 21, '2022-02-14 19:04:40', '2022-02-14 19:04:40'),
	(54, 'Chest (pit to pit):', 22, '2022-02-14 19:04:52', '2022-02-14 19:04:52'),
	(55, 'Length (collar to bottom):', 22, '2022-02-14 19:05:21', '2022-02-14 19:05:21'),
	(56, 'Arm (inside pit to cuff):', 22, '2022-02-14 19:05:32', '2022-02-14 19:05:32'),
	(57, 'Chest (pit to pit):', 23, '2022-02-14 19:05:44', '2022-02-14 19:05:44'),
	(58, 'Length (collar to bottom):', 23, '2022-02-14 19:05:54', '2022-02-14 19:05:54'),
	(59, 'Arm (inside pit to cuff):', 23, '2022-02-14 19:06:06', '2022-02-14 19:06:06'),
	(60, 'Chest (pit to pit):', 24, '2022-02-14 19:06:16', '2022-02-14 19:06:16'),
	(61, 'Length (collar to bottom):', 24, '2022-02-14 19:06:27', '2022-02-14 19:06:27'),
	(62, 'Arm (inside pit to cuff):', 24, '2022-02-14 19:06:44', '2022-02-14 19:06:44'),
	(63, 'Chest (pit to pit):', 26, '2022-02-14 19:07:11', '2022-02-14 19:07:11'),
	(64, 'Length (collar to bottom):', 26, '2022-02-14 19:07:25', '2022-02-14 19:07:25'),
	(65, 'Arm (inside pit to cuff):', 26, '2022-02-14 19:07:39', '2022-02-14 19:07:39'),
	(66, 'Chest (pit to pit):', 27, '2022-02-14 19:07:54', '2022-02-14 19:07:54'),
	(67, 'Length (collar to bottom):', 27, '2022-02-14 19:08:05', '2022-02-14 19:08:05'),
	(68, 'Arm (inside pit to cuff):', 27, '2022-02-14 19:08:15', '2022-02-14 19:08:15'),
	(69, 'Waist:', 28, '2022-02-14 19:08:46', '2022-02-14 19:08:46'),
	(70, 'Outside Leg:', 28, '2022-02-14 19:09:03', '2022-02-14 19:09:03'),
	(71, 'Inside Leg:', 28, '2022-02-14 19:09:26', '2022-02-14 19:09:26'),
	(72, 'Leg Opening:', 28, '2022-02-14 19:09:53', '2022-02-14 19:09:53'),
	(73, 'Chest (pit to pit):', 29, '2022-02-14 19:10:15', '2022-02-14 19:10:15'),
	(74, 'Length (collar to bottom):', 29, '2022-02-14 19:10:31', '2022-02-14 19:10:31'),
	(75, 'Arm (inside pit to cuff):', 29, '2022-02-14 19:10:56', '2022-02-14 19:10:56'),
	(76, 'Chest (pit to pit):', 8, '2022-02-14 19:11:20', '2022-02-14 19:11:20'),
	(77, 'Length (collar to bottom):', 8, '2022-02-14 19:11:33', '2022-02-14 19:11:33'),
	(78, 'Chest (pit to pit):', 30, '2022-02-14 19:11:57', '2022-02-14 19:11:57'),
	(79, 'Length (collar to bottom):', 30, '2022-02-14 19:12:09', '2022-02-14 19:12:09'),
	(80, 'Arm (inside pit to cuff):', 30, '2022-02-14 19:12:22', '2022-02-14 19:12:22'),
	(81, 'Chest (pit to pit):', 31, '2022-02-14 19:12:37', '2022-02-14 19:12:37'),
	(82, 'Length (collar to bottom):', 31, '2022-02-14 19:12:48', '2022-02-14 19:12:48'),
	(83, 'Arm (inside pit to cuff):', 31, '2022-02-14 19:12:58', '2022-02-14 19:12:58'),
	(84, 'Chest (pit to pit):', 33, '2022-02-18 09:01:47', '2022-02-18 09:01:47'),
	(85, 'Length (collar to bottom):', 33, '2022-02-18 09:02:00', '2022-02-18 09:02:00'),
	(86, 'Arm (inside pit to cuff):', 33, '2022-02-18 09:02:12', '2022-02-18 09:02:12'),
	(87, 'Chest (pit to pit):', 34, '2022-02-21 11:00:08', '2022-02-21 11:00:08'),
	(88, 'Length (collar to bottom):', 34, '2022-02-21 11:00:56', '2022-02-21 11:00:56'),
	(89, 'Arm (inside pit to cuff):', 34, '2022-02-21 11:01:03', '2022-02-21 11:01:03'),
	(90, 'Chest (pit to pit):', 35, '2022-02-22 12:47:49', '2022-02-22 12:47:49'),
	(91, 'Length (collar to bottom):', 35, '2022-02-22 12:47:57', '2022-02-22 12:47:57'),
	(92, 'Arm (inside pit to cuff):', 35, '2022-02-22 12:48:08', '2022-02-22 12:48:08'),
	(93, 'Waist:', 36, '2022-07-08 12:45:49', '2022-07-08 12:45:49'),
	(94, 'Outside Leg:', 36, '2022-07-08 12:46:07', '2022-07-08 12:46:07'),
	(95, 'Inside Leg:', 36, '2022-07-08 12:46:20', '2022-07-08 12:46:20'),
	(96, 'Leg Opening:', 36, '2022-07-08 12:46:38', '2022-07-08 12:46:38');

CREATE TABLE IF NOT EXISTS `unique_code` (
  `id` int NOT NULL AUTO_INCREMENT,
  `code` varchar(255) COLLATE utf8mb4_unicode_ci DEFAULT NULL,
  `user_id` int DEFAULT NULL,
  `updated_at` varchar(500) COLLATE utf8mb4_unicode_ci DEFAULT NULL,
  `created_at` varchar(500) COLLATE utf8mb4_unicode_ci DEFAULT NULL,
  UNIQUE KEY `code` (`code`),
  KEY `id` (`id`)
) ENGINE=InnoDB AUTO_INCREMENT=207 DEFAULT CHARSET=utf8mb4 COLLATE=utf8mb4_unicode_ci;

DELETE FROM `unique_code`;
INSERT INTO `unique_code` (`id`, `code`, `user_id`, `updated_at`, `created_at`) VALUES
	(206, '0000-04', 16, '2023-12-30 10:58:32', '2023-12-30 10:58:32');

CREATE TABLE IF NOT EXISTS `unique_tag` (
  `id` bigint unsigned NOT NULL AUTO_INCREMENT,
  `value` varchar(255) CHARACTER SET utf8mb4 COLLATE utf8mb4_unicode_ci DEFAULT NULL,
  `created_at` timestamp NULL DEFAULT NULL,
  `updated_at` timestamp NULL DEFAULT NULL,
  PRIMARY KEY (`id`)
) ENGINE=InnoDB AUTO_INCREMENT=2 DEFAULT CHARSET=utf8mb4 COLLATE=utf8mb4_unicode_ci;

DELETE FROM `unique_tag`;
INSERT INTO `unique_tag` (`id`, `value`, `created_at`, `updated_at`) VALUES
	(1, '001', '2022-06-06 14:19:55', '2022-06-16 11:13:19');

CREATE TABLE IF NOT EXISTS `users` (
  `id` bigint unsigned NOT NULL AUTO_INCREMENT,
  `type` enum('admin','user') CHARACTER SET utf8mb4 COLLATE utf8mb4_unicode_ci NOT NULL DEFAULT 'user',
  `name` varchar(255) CHARACTER SET utf8mb4 COLLATE utf8mb4_unicode_ci NOT NULL,
  `email` varchar(255) CHARACTER SET utf8mb4 COLLATE utf8mb4_unicode_ci DEFAULT NULL,
  `email_verified_at` timestamp NULL DEFAULT NULL,
  `password` varchar(255) CHARACTER SET utf8mb4 COLLATE utf8mb4_unicode_ci DEFAULT NULL,
  `password_changed_at` timestamp NULL DEFAULT NULL,
  `active` tinyint unsigned NOT NULL DEFAULT '1',
  `timezone` varchar(255) CHARACTER SET utf8mb4 COLLATE utf8mb4_unicode_ci DEFAULT NULL,
  `last_login_at` timestamp NULL DEFAULT NULL,
  `last_login_ip` varchar(255) CHARACTER SET utf8mb4 COLLATE utf8mb4_unicode_ci DEFAULT NULL,
  `to_be_logged_out` tinyint(1) NOT NULL DEFAULT '0',
  `provider` varchar(255) CHARACTER SET utf8mb4 COLLATE utf8mb4_unicode_ci DEFAULT NULL,
  `provider_id` varchar(255) CHARACTER SET utf8mb4 COLLATE utf8mb4_unicode_ci DEFAULT NULL,
  `remember_token` varchar(100) CHARACTER SET utf8mb4 COLLATE utf8mb4_unicode_ci DEFAULT NULL,
  `tag` varchar(255) CHARACTER SET utf8mb4 COLLATE utf8mb4_unicode_ci DEFAULT NULL,
  `created_at` timestamp NULL DEFAULT NULL,
  `updated_at` timestamp NULL DEFAULT NULL,
  `deleted_at` timestamp NULL DEFAULT NULL,
  PRIMARY KEY (`id`),
  UNIQUE KEY `users_email_unique` (`email`)
) ENGINE=InnoDB AUTO_INCREMENT=17 DEFAULT CHARSET=utf8mb4 COLLATE=utf8mb4_unicode_ci;

DELETE FROM `users`;
INSERT INTO `users` (`id`, `type`, `name`, `email`, `email_verified_at`, `password`, `password_changed_at`, `active`, `timezone`, `last_login_at`, `last_login_ip`, `to_be_logged_out`, `provider`, `provider_id`, `remember_token`, `tag`, `created_at`, `updated_at`, `deleted_at`) VALUES
	(1, 'admin', 'Super Admin', 'admin@admin.com', '2022-01-20 04:18:04', '$2y$10$5H3a9cXqnrCyjXe8wEaan.Af6pg.BdwV/y3Rpb6SYxRQYxi7mmykS', NULL, 1, 'America/New_York', '2023-12-19 00:35:31', '127.0.0.1', 0, NULL, NULL, 'O4vgWLy58tpSoFpECxJFUbPmUBZbiNS2eLoawYxwLWYqrwuMayBTj1PzLIQ7', '0387-03', '2022-01-20 04:18:04', '2023-12-19 00:35:31', NULL),
	(11, 'user', 'SwagKicks1', 'SwagKicks1@swagkick1.com', '2022-06-16 17:22:50', '$2y$10$7F1/s9wK2yQ.Yi/15Su4.uANpT4lnROR7zua/yCMhb0dRc1tclxde', NULL, 1, 'Asia/Dubai', '2022-08-16 14:26:18', '5.192.188.184', 0, NULL, NULL, 'Kv82G2jMIsB81vaKrYcOAUau1npMvNOd3GbyIh8SNDv3hObLYlBPy6YYVWml', '382-03', '2022-06-16 17:22:50', '2022-08-16 14:26:18', NULL),
	(12, 'user', 'SwagKicks2', 'SwagKicks2@swagkick2.com', '2022-06-16 17:23:33', '$2y$10$.wZk2DRPT8BeAyQQrAT7leas0uHug9.KsdAs9b12ORtrU0KWemDX2', NULL, 1, 'Asia/Dubai', '2022-07-15 04:58:49', '5.192.191.160', 0, NULL, NULL, 'HjixSMsmvNqWkXbb1KCV0saCnYfVyQpaYdXtvzCK1U3NYgw9N60NOJFE3y0k', '385-02', '2022-06-16 17:23:33', '2022-08-16 02:16:13', NULL),
	(13, 'user', 'SwagKicks3', 'SwagKicks3@swagkick3.com', '2022-06-16 17:24:07', '$2y$10$mx9MflhYMpAa.4O/yeSNL.2mldncBKZQ1R/GgvLC4pbMPiqBydvvq', NULL, 1, 'Asia/Dubai', '2022-08-11 05:00:02', '5.192.188.141', 0, NULL, NULL, 'Ya4LT10o08UOMbySIibPf87rX98VsaebUrNMpjC038tcjYSaI27T9YRU7Awm', '386-10', '2022-06-16 17:24:07', '2022-08-16 02:55:39', NULL),
	(14, 'user', 'SwagKicks4', 'SwagKicks4@swagkick4.com', '2022-06-16 17:24:41', '$2y$10$VERdDebSziyHKZqwyJkxJ.biyRa4Q6AUEkmRFMcMfpUmpp34dHR9y', NULL, 1, 'Asia/Dubai', '2022-07-08 06:02:53', '5.192.191.160', 0, NULL, NULL, 'BcPuIIbB0qPzBVl97NvLGeinklL2n6f15hIocXy4hQVRaCnxc57Ip8wni5Ml', '372-01', '2022-06-16 17:24:41', '2022-08-13 11:48:27', NULL),
	(15, 'user', 'SwagKicks5@swagkick5.com', 'SwagKicks5@swagkick5.com', NULL, '$2y$10$MkXyOJCWFtVwIFPmpAF3jeBtTAg0lSaqWWYS4zgfnJJAF.A6aSSxq', NULL, 1, 'Asia/Dubai', '2022-07-20 13:47:53', '5.192.190.25', 0, NULL, NULL, 'VExbxJ6CFytrK4SSnlEDILqrBb5oWUbpRleAqCOk6yEeNgPJg12RZY6C7GYN', '101-01', '2022-07-16 08:31:03', '2022-07-20 13:48:26', NULL),
	(16, 'admin', 'Inaam ul haq', 'waleedhaq339@gmail.com', NULL, '$2y$10$eGB7UD5OY2eNvmEEHHNG/O/6qeXqrRnNuEYTfvjIgZn5lobcXN.Iy', NULL, 1, 'America/New_York', '2023-12-19 03:07:26', '127.0.0.1', 0, NULL, NULL, NULL, NULL, '2023-10-27 19:22:06', '2023-12-19 03:07:26', NULL);

CREATE TABLE IF NOT EXISTS `variants` (
  `id` bigint unsigned NOT NULL AUTO_INCREMENT,
  `name` varchar(255) CHARACTER SET utf8mb4 COLLATE utf8mb4_unicode_ci NOT NULL,
  `value` varchar(255) CHARACTER SET utf8mb4 COLLATE utf8mb4_unicode_ci NOT NULL,
  `created_at` timestamp NULL DEFAULT NULL,
  `updated_at` timestamp NULL DEFAULT NULL,
  `shopify_value` varchar(255) CHARACTER SET utf8mb4 COLLATE utf8mb4_unicode_ci DEFAULT NULL,
  PRIMARY KEY (`id`)
) ENGINE=InnoDB AUTO_INCREMENT=23 DEFAULT CHARSET=utf8mb4 COLLATE=utf8mb4_unicode_ci;

DELETE FROM `variants`;
INSERT INTO `variants` (`id`, `name`, `value`, `created_at`, `updated_at`, `shopify_value`) VALUES
	(4, 'Color', 'Black', '2022-02-10 09:26:40', '2022-02-10 09:26:40', 'Black'),
	(5, 'Color', 'Blue', '2022-02-10 09:27:36', '2022-02-10 09:27:36', 'Blue'),
	(6, 'Color', 'Brown', '2022-02-10 09:28:00', '2022-02-10 09:30:43', 'Brown'),
	(7, 'Color', 'Beige Cream', '2022-02-10 09:28:22', '2022-02-14 19:19:59', 'Beige'),
	(8, 'Color', 'Grey', '2022-02-10 09:28:45', '2022-02-10 09:28:45', 'Grey'),
	(9, 'Color', 'Green', '2022-02-10 09:28:54', '2022-02-10 09:28:54', 'Green'),
	(10, 'Color', 'Khaki Green', '2022-02-10 09:29:17', '2022-02-14 19:20:28', 'Green'),
	(11, 'Color', 'Navy Blue', '2022-02-10 09:29:37', '2022-02-14 19:20:18', 'Blue'),
	(12, 'Color', 'White', '2022-02-10 09:29:45', '2022-02-10 09:29:45', 'White'),
	(13, 'Color', 'Burgundy Red', '2022-02-10 09:30:00', '2022-02-14 19:20:08', 'Red'),
	(14, 'Color', 'Orange', '2022-02-10 09:30:20', '2022-02-10 09:30:20', 'Orange'),
	(15, 'Color', 'Tan Brown', '2022-02-10 09:30:33', '2022-02-14 19:20:39', 'Brown'),
	(16, 'Color', 'Pink', '2022-02-10 09:30:53', '2022-02-10 09:30:53', 'Pink'),
	(17, 'Color', 'Purple', '2022-02-10 09:31:00', '2022-02-10 09:31:00', 'Purple'),
	(18, 'Color', 'Red', '2022-02-10 09:31:11', '2022-02-10 09:31:11', 'Red'),
	(19, 'Color', 'Turquoise Blue Green', '2022-02-10 09:31:25', '2022-02-14 19:20:46', 'Blue'),
	(21, 'Color', 'Yellow', '2022-02-21 12:00:42', '2022-02-21 12:00:42', 'Yellow'),
	(22, 'Color', 'Silver', '2022-07-25 15:51:59', '2022-07-25 15:51:59', 'Silver');

